{"id":10331,"date":"2025-03-11T08:36:59","date_gmt":"2025-03-11T07:36:59","guid":{"rendered":"https:\/\/astragal.cz\/?page_id=10331"},"modified":"2025-03-11T10:46:16","modified_gmt":"2025-03-11T09:46:16","slug":"lecebna-kresba","status":"publish","type":"page","link":"https:\/\/astragal.cz\/index.php\/lecebna-kresba\/","title":{"rendered":"L\u00e9\u010debn\u00e1 kresba"},"content":{"rendered":"\n<figure class=\"wp-block-image size-large\"><img loading=\"lazy\" decoding=\"async\" width=\"1024\" height=\"768\" src=\"https:\/\/astragal.cz\/wp-content\/uploads\/2025\/03\/20250311_095402-1024x768.jpg\" alt=\"\" class=\"wp-image-10338\" srcset=\"https:\/\/astragal.cz\/wp-content\/uploads\/2025\/03\/20250311_095402-1024x768.jpg 1024w, https:\/\/astragal.cz\/wp-content\/uploads\/2025\/03\/20250311_095402-300x225.jpg 300w, https:\/\/astragal.cz\/wp-content\/uploads\/2025\/03\/20250311_095402-768x576.jpg 768w, https:\/\/astragal.cz\/wp-content\/uploads\/2025\/03\/20250311_095402-1536x1152.jpg 1536w, https:\/\/astragal.cz\/wp-content\/uploads\/2025\/03\/20250311_095402-2048x1536.jpg 2048w\" sizes=\"auto, (max-width: 1024px) 100vw, 1024px\" \/><\/figure>\n\n\n\n<p><\/p>\n\n\n\n<p>L\u00e9\u010debn\u00e1 kresba je z\u00e1sadn\u011b vedena jedn\u00edm tahem (aby se do n\u00ed nedostali ne\u017e\u00e1douc\u00ed energie nebo informace) a je v\u017edy vytvo\u0159en\u00e1 dan\u00e9mu jedinci na m\u00edru. Tedy je v n\u00ed obsa\u017een a zobrazen aktivn\u00ed program pro nastartov\u00e1n\u00ed samo ozdravn\u00e9ho procesu t\u011bla v t\u011bch oblastech, kde m\u00e1 doty\u010dn\u00fd zdravotn\u00ed probl\u00e9m nebo energetickou indispozici.<\/p>\n\n\n\n<p>Je mo\u017en\u00e9 vytvo\u0159it kresbu na jeden konkr\u00e9tn\u00ed probl\u00e9m nebo na v\u00edce oblast\u00ed (zde je \u00fa\u010dinek pak pomalej\u0161\u00ed, nebo\u0165 se l\u00e9\u010div\u00e1 energie t\u0159\u00ed\u0161t\u00ed mezi v\u00edce \u010d\u00e1st\u00ed, na kter\u00e9 p\u016fsob\u00ed).<\/p>\n\n\n\n<p>Kresba se vkl\u00e1d\u00e1 v ochrann\u00e9 f\u00f3lii (tato nijak nebr\u00e1n\u00ed p\u016fsoben\u00ed a vstupu energie do t\u011bla, jen chr\u00e1n\u00ed kresbu samotnou) pod matraci l\u016f\u017eka na ro\u0161t a zde na t\u011blo pr\u016fb\u011b\u017en\u011b p\u016fsob\u00ed. <\/p>\n\n\n\n<p>D\u00e9lka pou\u017eit\u00ed kresby je individu\u00e1ln\u00ed &#8211; v\u017edy z\u00e1le\u017e\u00ed na v\u00e1\u017enosti stavu jedince a v\u00fdvoji zlep\u0161en\u00ed dan\u00e9ho probl\u00e9mu, p\u0159\u00edpadn\u011b pot\u0159eby aktualizace kresby dle stavu \u010dlov\u011bka.<\/p>\n\n\n\n<p><strong>Kresbu je mo\u017en\u00e9 vytvo\u0159it:<\/strong><\/p>\n\n\n\n<ul class=\"wp-block-list\"><li>p\u0159i osobn\u00edm sezen\u00ed <\/li><\/ul>\n\n\n\n<ul class=\"wp-block-list\"><li>telefonick\u00e9m spojen\u00ed a pot\u00e9 ji zaslat po\u0161tou<\/li><\/ul>\n\n\n\n<ul class=\"wp-block-list\"><li>nebo je mo\u017en\u00e9 ji prov\u00e9st na d\u00e1lku bez telefonick\u00e9ho spojen\u00ed a pot\u00e9 zaslat po\u0161tou (plat\u00ed jen pro klienty, kte\u0159\u00ed jsou ji\u017e v na\u0161\u00ed p\u00e9\u010di).<\/li><\/ul>\n\n\n\n<p><strong>\u010cekac\u00ed doba<\/strong>&nbsp;se pohybuje okolo 3 m\u011bs\u00edc\u016f.<\/p>\n\n\n\n<p><strong>Je mo\u017en\u00e9 vyu\u017e\u00edt aplikaci Viber, kde vol\u00e1te zdarma.<\/strong><\/p>\n\n\n\n<p class=\"has-blue-color has-text-color\"><strong><u>Informace k vyrovn\u00e1n\u00ed se s Martinou:<\/u><\/strong><\/p>\n\n\n\n<p>Ocenit \u010das a energii, kter\u00e9 Martina vkl\u00e1d\u00e1 do ka\u017ed\u00e9ho proveden\u00e9ho \u00fakonu m\u016f\u017eete jak\u00fdmkoli darem. T\u00edmto podpo\u0159\u00edte jej\u00ed existenci a \u010dinnost.&nbsp;<\/p>\n\n\n\n<p>Ka\u017ed\u00e9ho Va\u0161eho p\u0159\u00edsp\u011bvku si velmi v\u00e1\u017e\u00ed a d\u011bkuje za n\u011bj.&nbsp;<\/p>\n","protected":false},"excerpt":{"rendered":"<p>L\u00e9\u010debn\u00e1 kresba je z\u00e1sadn\u011b vedena jedn\u00edm tahem (aby se do n\u00ed nedostali ne\u017e\u00e1douc\u00ed energie nebo informace) a je v\u017edy vytvo\u0159en\u00e1 dan\u00e9mu jedinci na m\u00edru. Tedy je v n\u00ed obsa\u017een a zobrazen aktivn\u00ed program pro nastartov\u00e1n\u00ed samo ozdravn\u00e9ho procesu t\u011bla v t\u011bch oblastech, kde m\u00e1 doty\u010dn\u00fd zdravotn\u00ed probl\u00e9m nebo energetickou indispozici. Je mo\u017en\u00e9 vytvo\u0159it kresbu na [&hellip;]<\/p>\n","protected":false},"author":1,"featured_media":0,"parent":0,"menu_order":0,"comment_status":"closed","ping_status":"closed","template":"","meta":{"_mc_calendar":[],"footnotes":""},"class_list":["post-10331","page","type-page","status-publish","hentry"],"_links":{"self":[{"href":"https:\/\/astragal.cz\/index.php\/wp-json\/wp\/v2\/pages\/10331","targetHints":{"allow":["GET"]}}],"collection":[{"href":"https:\/\/astragal.cz\/index.php\/wp-json\/wp\/v2\/pages"}],"about":[{"href":"https:\/\/astragal.cz\/index.php\/wp-json\/wp\/v2\/types\/page"}],"author":[{"embeddable":true,"href":"https:\/\/astragal.cz\/index.php\/wp-json\/wp\/v2\/users\/1"}],"replies":[{"embeddable":true,"href":"https:\/\/astragal.cz\/index.php\/wp-json\/wp\/v2\/comments?post=10331"}],"version-history":[{"count":21,"href":"https:\/\/astragal.cz\/index.php\/wp-json\/wp\/v2\/pages\/10331\/revisions"}],"predecessor-version":[{"id":10363,"href":"https:\/\/astragal.cz\/index.php\/wp-json\/wp\/v2\/pages\/10331\/revisions\/10363"}],"wp:attachment":[{"href":"https:\/\/astragal.cz\/index.php\/wp-json\/wp\/v2\/media?parent=10331"}],"curies":[{"name":"wp","href":"https:\/\/api.w.org\/{rel}","templated":true}]}}

Léčebná kresba

<figure class="wp-block-image size-large"><img loading="lazy" decoding="async" width="1024" height="768" src="https://astragal.cz/wp-content/uploads/2025/03/20250311_095402-1024x768.jpg" alt="" class="wp-image-10338" srcset="https://astragal.cz/wp-content/uploads/2025/03/20250311_095402-1024x768.jpg 1024w, https://astragal.cz/wp-content/uploads/2025/03/20250311_095402-300x225.jpg 300w, https://astragal.cz/wp-content/uploads/2025/03/20250311_095402-768x576.jpg 768w, https://astragal.cz/wp-content/uploads/2025/03/20250311_095402-1536x1152.jpg 1536w, https://astragal.cz/wp-content/uploads/2025/03/20250311_095402-2048x1536.jpg 2048w" sizes="auto, (max-width: 1024px) 100vw, 1024px" /></figure>



<p></p>



<p>Léčebná kresba je zásadně vedena jedním tahem (aby se do ní nedostali nežádoucí energie nebo informace) a je vždy vytvořená danému jedinci na míru. Tedy je v ní obsažen a zobrazen aktivní program pro nastartování samo ozdravného procesu těla v těch oblastech, kde má dotyčný zdravotní problém nebo energetickou indispozici.</p>



<p>Je možné vytvořit kresbu na jeden konkrétní problém nebo na více oblastí (zde je účinek pak pomalejší, neboť se léčivá energie tříští mezi více částí, na které působí).</p>



<p>Kresba se vkládá v ochranné fólii (tato nijak nebrání působení a vstupu energie do těla, jen chrání kresbu samotnou) pod matraci lůžka na rošt a zde na tělo průběžně působí. </p>



<p>Délka použití kresby je individuální &#8211; vždy záleží na vážnosti stavu jedince a vývoji zlepšení daného problému, případně potřeby aktualizace kresby dle stavu člověka.</p>



<p><strong>Kresbu je možné vytvořit:</strong></p>



<ul class="wp-block-list"><li>při osobním sezení </li></ul>



<ul class="wp-block-list"><li>telefonickém spojení a poté ji zaslat poštou</li></ul>



<ul class="wp-block-list"><li>nebo je možné ji provést na dálku bez telefonického spojení a poté zaslat poštou (platí jen pro klienty, kteří jsou již v naší péči).</li></ul>



<p><strong>Čekací doba</strong>&nbsp;se pohybuje okolo 3 měsíců.</p>



<p><strong>Je možné využít aplikaci Viber, kde voláte zdarma.</strong></p>



<p class="has-blue-color has-text-color"><strong><u>Informace k vyrovnání se s Martinou:</u></strong></p>



<p>Ocenit čas a energii, které Martina vkládá do každého provedeného úkonu můžete jakýmkoli darem. Tímto podpoříte její existenci a činnost.&nbsp;</p>



<p>Každého Vašeho příspěvku si velmi váží a děkuje za něj.&nbsp;</p>

<p>Léčebná kresba je zásadně vedena jedním tahem (aby se do ní nedostali nežádoucí energie nebo informace) a je vždy vytvořená danému jedinci na míru. Tedy je v ní obsažen a zobrazen aktivní program pro nastartování samo ozdravného procesu těla v těch oblastech, kde má dotyčný zdravotní problém nebo energetickou indispozici. Je možné vytvořit kresbu na [&hellip;]</p>
