{"id":10368,"date":"2025-03-13T09:14:03","date_gmt":"2025-03-13T08:14:03","guid":{"rendered":"https:\/\/astragal.cz\/?page_id=10368"},"modified":"2025-09-18T10:43:13","modified_gmt":"2025-09-18T09:43:13","slug":"diagnosticka-kresba-zatezi-v-aurickem-poli","status":"publish","type":"page","link":"https:\/\/astragal.cz\/index.php\/diagnosticka-kresba-zatezi-v-aurickem-poli\/","title":{"rendered":"Diagnostick\u00e1 kresba z\u00e1t\u011b\u017e\u00ed v aurick\u00e9m poli"},"content":{"rendered":"\n<p class=\"has-blue-color has-text-color\">Kresba aurick\u00e9ho pole je zam\u011b\u0159ena p\u0159edev\u0161\u00edm na to, zda va\u0161e aura (energetick\u00fd obal okolo va\u0161eho t\u011bla) nen\u00ed nijak naru\u0161ena nebo oslabena. Zda se v n\u00ed nenach\u00e1z\u00ed energetick\u00e9 d\u00edry, traumata, du\u0161e \u010di entity, kter\u00e9 tam nemaj\u00ed co<em> <\/em>d\u011blat. V\u0161echny tyto jevy  jsou v mnoha p\u0159\u00edpadech zodpov\u011bdn\u00e9 za dlouhodob\u00fd negativn\u00ed zdravotn\u00ed \u010di psychick\u00fd stav a zp\u016fsobuj\u00ed va\u0161e celkov\u00e9 energetick\u00e9 oslaben\u00ed p\u0159\u00edpadn\u011b nemoci. <\/p>\n\n\n\n<p><strong>D\u00edry a trhliny v au\u0159e:<\/strong><\/p>\n\n\n\n<p>Jsou d\u00e1 se \u0159\u00edci b\u011b\u017en\u00fdm jevem. Vyskytuj\u00ed se pr\u016fb\u011b\u017en\u011b  nap\u0159. v d\u016fsledku velk\u00e9ho pracovn\u00edho p\u0159et\u00ed\u017een\u00ed, h\u00e1dek, dlouhodob\u00e9ho vy\u010derp\u00e1n\u00ed, v\u011bt\u0161\u00edho po\u017eit\u00ed alkoholu \u010di drog, n\u00e1v\u0161t\u011bv nemocnic, poh\u0159b\u016f, h\u0159bitov\u016f, p\u0159\u00edpadn\u011b p\u0159i setk\u00e1n\u00ed se s negativn\u00ed osobou. Ur\u010dit\u00e9 vytvo\u0159en\u00e9 trhliny \u010di d\u00edry se po jist\u00e9 dob\u011b samy zase zacel\u00ed a jin\u00e9 z\u016fst\u00e1vaj\u00ed dlouhodob\u011b otev\u0159en\u00e9 a naru\u0161uj\u00ed tak celistvost a s\u00edlu na\u0161\u00ed aury (ochrann\u00e9ho obalu-pole kolem na\u0161eho t\u011bla). N\u011bkte\u0159\u00ed lid\u00e9 k tvorb\u011b d\u011br\/trhlin inklinuj\u00ed v\u00edce, jin\u00ed m\u00e9n\u011b. Toto z\u00e1le\u017e\u00ed na v\u00edce faktorech, jako je nap\u0159. zp\u016fsob \u017eivota, psychick\u00fd stav jedince, sou\u010dasn\u00e1 \u017eivotn\u00ed situace, fyzick\u00e1 kondice, prost\u0159ed\u00ed, ve kter\u00e9m se \u010dlov\u011bk pohybuje a \u017eije apod.<\/p>\n\n\n\n<p class=\"has-blue-color has-text-color\">Takto naru\u0161en\u00fd obal na\u0161eho t\u011bla je pro n\u00e1s velmi nebezpe\u010dn\u00fd, nebo\u0165 nejenom \u017ee n\u00e1s energeticky oslabuje, ale vytv\u00e1\u0159\u00ed tak\u00e9 p\u0159\u00edle\u017eitost k napojen\u00ed se entit a du\u0161\u00ed p\u0159\u00edmo na n\u00e1s nebo jejich ukotven\u00ed v na\u0161em poli. Proto je t\u0159eba auru odborn\u011b co nejd\u0159\u00edve zacelit a pos\u00edlit.<\/p>\n\n\n\n<p>V\u00edce o tomto t\u00e9matu se m\u016f\u017eete do\u010d\u00edst zde: <\/p>\n\n\n\n<p class=\"has-blue-color has-text-color\"><a href=\"https:\/\/astragal.cz\/index.php\/auricke-pole-cloveka-a-rizika-jeho-naruseni\/\">https:\/\/astragal.cz\/index.php\/auricke-pole-cloveka-a-rizika-jeho-naruseni\/<\/a>.<\/p>\n\n\n\n<p><strong>Deformace aury:<\/strong><\/p>\n\n\n\n<p>Vznik\u00e1 na z\u00e1klad\u011b pro\u017eit\u00e9 traumatizuj\u00edc\u00ed situace. <\/p>\n\n\n\n<p>Nen\u00ed d\u016fle\u017eit\u00e9, jak moc byla situace objektivn\u011b traumatizuj\u00edc\u00ed, nebo\u0165 ka\u017ed\u00fd jedinec reaguje na pro\u017eit\u00e9 r\u016fzn\u011b a co pro jedno probl\u00e9m nen\u00ed, m\u016f\u017ee b\u00fdt pro druh\u00e9ho stra\u0161liv\u00fdm z\u00e1\u017eitkem. <\/p>\n\n\n\n<p class=\"has-blue-color has-text-color\">D\u016fle\u017eit\u00e9 je uv\u011bdomit si, \u017ee k deformaci aury doch\u00e1z\u00ed nejen v bd\u011bl\u00e9m stavu, ale tak\u00e9 ve stavu sp\u00e1nku, nark\u00f3zy \u010di k\u00f3matu.<\/p>\n\n\n\n<p>Spr\u00e1vn\u00e1 pozice a tvar aury je naru\u0161en zm\u011bnou jeho struktury, co\u017e m\u00e1 za n\u00e1sledek nejen \u00fanik \u017eivotn\u00ed a vit\u00e1ln\u00ed energie, ale je zde i hrozba vznik\u016f onemocn\u011bn\u00ed v m\u00edst\u011b deformace aury.<\/p>\n\n\n\n<p>V\u00edce o tomto t\u00e9matu se m\u016f\u017eete do\u010d\u00edst zde: <\/p>\n\n\n\n<figure class=\"wp-block-embed is-type-wp-embed is-provider-martina-astragal wp-block-embed-martina-astragal\"><div class=\"wp-block-embed__wrapper\">\n<blockquote class=\"wp-embedded-content\" data-secret=\"ci1i7sdEmJ\"><a href=\"https:\/\/astragal.cz\/index.php\/odstraneni-traumat-z-ruznych-situaci\/\">Odstran\u011bn\u00ed traumat z r\u016fzn\u00fdch situac\u00ed<\/a><\/blockquote><iframe loading=\"lazy\" class=\"wp-embedded-content\" sandbox=\"allow-scripts\" security=\"restricted\" style=\"position: absolute; clip: rect(1px, 1px, 1px, 1px);\" title=\"&#8222;Odstran\u011bn\u00ed traumat z r\u016fzn\u00fdch situac\u00ed&#8220; &#8212; Martina  ASTRAGAL\" src=\"https:\/\/astragal.cz\/index.php\/odstraneni-traumat-z-ruznych-situaci\/embed\/#?secret=eEi1LEltcj#?secret=ci1i7sdEmJ\" data-secret=\"ci1i7sdEmJ\" width=\"600\" height=\"338\" frameborder=\"0\" marginwidth=\"0\" marginheight=\"0\" scrolling=\"no\"><\/iframe>\n<\/div><\/figure>\n\n\n\n<p><strong>P\u0159\u00edtomnost du\u0161\u00ed, entit, astr\u00e1ln\u00edch a jin\u00fdch bytost\u00ed v au\u0159e:<\/strong><\/p>\n\n\n\n<p>M\u016f\u017ee b\u00fdt nejen nep\u0159\u00edjemn\u00e1, ale i nebezpe\u010dn\u00e1, nebo\u0165 ony zp\u016fsobuj\u00ed \u00fanik&nbsp;na\u0161\u00ed \u017eivotn\u00ed energie a maj\u00ed za n\u00e1sledek zhor\u0161en\u00ed sou\u010dasn\u00e9ho zdravotn\u00edho a psychick\u00e9ho stavu.&nbsp;Entity ani du\u0161e samovoln\u011b z na\u0161eho prostoru nezmiz\u00ed, je t\u0159eba je z n\u011bho odborn\u011b odv\u00e9st-odstranit. N\u011bkte\u0159\u00ed jedinci jsou k napojen\u00ed du\u0161\u00ed a entit do aurick\u00e9ho pole n\u00e1chyln\u011bj\u0161\u00ed. D\u016fvod\u016f m\u016f\u017ee b\u00fdt hned n\u011bkolik: jejich aura je slab\u0161\u00ed, jsou dlouhodob\u011b nemocn\u00ed, \u017eij\u00ed ne\u017e\u00e1douc\u00edm zp\u016fsobem \u017eivota nebo maj\u00ed negativn\u00ed vzorce chov\u00e1n\u00ed, kter\u00e9 podporuj\u00ed p\u0159\u00edzniv\u00e9 prost\u0159ed\u00ed pro napojen\u00ed entit a du\u0161\u00ed. Du\u0161e \u010di entity mohou tak\u00e9 &#8222;p\u0159estupovat&#8220; z jednoho \u010dlov\u011bka na druh\u00e9ho, proto je nutn\u00e9, pokud je jejich p\u0159\u00edtomnost zji\u0161t\u011bna, situaci \u0159e\u0161it za odborn\u00e9 pomoci co nejd\u0159\u00edve.<\/p>\n\n\n\n<p class=\"has-blue-color has-text-color\">V p\u0159\u00edpad\u011b, \u017ee je u V\u00e1s p\u0159\u00edtomnost entity \u010di du\u0161e zji\u0161t\u011bna, nen\u00ed bohu\u017eel mo\u017en\u00e9 s v\u00e1mi z hlediska ochrany v\u00e1s samotn\u00fdch jakkoli energeticky pracovat, dokud jejich p\u0159\u00edtomnost nebude odstran\u011bna. Jestli\u017ee by v\u00e1m byla posl\u00e1na nap\u0159. l\u00e9\u010debn\u00e1 energie, pak by tato energie &#8222;\u017eivila&#8220; i du\u0161i nebo entitu, kter\u00e1 je u v\u00e1s p\u0159\u00edtomna a to by bylo zcela kontraproduktivn\u00ed a nebezpe\u010dn\u00e9.<\/p>\n\n\n\n<p><\/p>\n\n\n\n<p class=\"has-blue-color has-text-color\"><strong>OSOBN\u00cd SEZEN\u00cd<\/strong> <\/p>\n\n\n\n<p>Standardn\u00ed \u00fakon se skl\u00e1d\u00e1 z diagnostick\u00e9 kresby, n\u00e1sledn\u00e9ho rozboru zji\u0161t\u011bn\u00e9ho stavu a energetick\u00e9ho z\u00e1sahu. <\/p>\n\n\n\n<p>V p\u0159\u00edpad\u011b, \u017ee chcete, aby bylo na sezen\u00ed pomo\u017eeno jin\u00e9mu \u010dlov\u011bku, mus\u00edte m\u00edt jeho souhlas, fotografii a k\u0159estn\u00ed jm\u00e9no.<\/p>\n\n\n\n<p class=\"has-blue-color has-text-color\"><strong>Z\u00c1SAH NA D\u00c1LKU<\/strong> <\/p>\n\n\n\n<p class=\"has-blue-color has-text-color has-link-color wp-elements-8c3792943f9c9fbae9fe73b258eb809b\"><strong><strong>Diagnostiku je mo\u017en\u00e9 prov\u00e1d\u011bt i na d\u00e1lku. Z hlediska efektu je v\u00fdsledek podobn\u00fd jako u osobn\u00edho sezen\u00ed &#8211; ale je t\u0159eba \u0159\u00edct, \u017ee osobn\u00ed z\u00e1sahy jsou v\u017edy intenzivn\u011bj\u0161\u00ed, maj\u00ed rychlej\u0161\u00ed v\u00fdsledky a celkov\u011b komplexn\u011bj\u0161\u00ed rozm\u011br.<\/strong><\/strong><\/p>\n\n\n\n<p>Energii nez\u00e1le\u017e\u00ed na tom, zda stoj\u00edte 2 metry od zdroje jej\u00edho p\u016fsoben\u00ed nebo se nach\u00e1z\u00edte 1000 km daleko. Energie nezn\u00e1 hmotn\u00e9 p\u0159ek\u00e1\u017eky zd\u00ed, prostoru ani \u010dasu (jeliko\u017e \u010das, jak jej zn\u00e1me, v podstat\u011b neexistuje a v\u0161e se odehr\u00e1v\u00e1 ve stejn\u00fd okam\u017eik = minulost, p\u0159\u00edtomnost i budoucnost). Proto je mo\u017en\u00e9 m\u011bnit zane\u0161en\u00e9 \u010di zablokovan\u00e9 energie z dob d\u00e1vno minul\u00fdch nebo prov\u00e1d\u011bt diagnostiku sou\u010dasn\u00e9ho, minul\u00e9ho \u010di budouc\u00edho stavu. <\/p>\n\n\n\n<p><strong>Postup z\u00e1sahu je stejn\u00fd jako u osobn\u00edho setk\u00e1n\u00ed.<\/strong><\/p>\n\n\n\n<p class=\"has-blue-color has-text-color\">V tomto p\u0159\u00edpad\u011b je pot\u0159eba zav\u010das p\u0159ed dan\u00fdm term\u00ednem zaslat na email:&nbsp;<a href=\"mailto:astragal@email.cz\"><em>astragal@email.cz<\/em><\/a>&nbsp; fotografii l\u00e9\u010den\u00e9ho spolu s uveden\u00edm jeho k\u0159estn\u00edho jm\u00e9na. Pokud fotografii nem\u00e1te potom za\u0161lete jeho jm\u00e9no a p\u0159\u00edjmen\u00ed, v\u010detn\u011b data a roku narozen\u00ed. Zpr\u00e1vu m\u016f\u017eete p\u0159\u00edpadn\u011b doplnit o informaci, na co se chcete v l\u00e9\u010db\u011b doty\u010dn\u00e9ho zam\u011b\u0159it. <\/p>\n\n\n\n<p><strong>Je mo\u017en\u00e9 vyu\u017e\u00edt aplikaci Viber, kde vol\u00e1te zdarma.<\/strong> <\/p>\n\n\n\n<p class=\"has-blue-color has-text-color\"><strong><u>Informace k vyrovn\u00e1n\u00ed se s Martinou:<\/u><\/strong><\/p>\n\n\n\n<p>Ocenit \u010das a energii, kter\u00e9 Martina vkl\u00e1d\u00e1 do ka\u017ed\u00e9ho proveden\u00e9ho \u00fakonu m\u016f\u017eete jak\u00fdmkoli darem. T\u00edmto podpo\u0159\u00edte jej\u00ed existenci a \u010dinnost.&nbsp;<\/p>\n\n\n\n<p>Ka\u017ed\u00e9ho Va\u0161eho p\u0159\u00edsp\u011bvku si velmi v\u00e1\u017e\u00ed a d\u011bkuje za n\u011bj.<\/p>\n\n\n\n<p><\/p>\n\n\n\n<p><\/p>\n","protected":false},"excerpt":{"rendered":"<p>Kresba aurick\u00e9ho pole je zam\u011b\u0159ena p\u0159edev\u0161\u00edm na to, zda va\u0161e aura (energetick\u00fd obal okolo va\u0161eho t\u011bla) nen\u00ed nijak naru\u0161ena nebo oslabena. Zda se v n\u00ed nenach\u00e1z\u00ed energetick\u00e9 d\u00edry, traumata, du\u0161e \u010di entity, kter\u00e9 tam nemaj\u00ed co d\u011blat. V\u0161echny tyto jevy jsou v mnoha p\u0159\u00edpadech zodpov\u011bdn\u00e9 za dlouhodob\u00fd negativn\u00ed zdravotn\u00ed \u010di psychick\u00fd stav a zp\u016fsobuj\u00ed va\u0161e [&hellip;]<\/p>\n","protected":false},"author":1,"featured_media":0,"parent":0,"menu_order":0,"comment_status":"closed","ping_status":"closed","template":"","meta":{"_mc_calendar":[],"footnotes":""},"class_list":["post-10368","page","type-page","status-publish","hentry"],"_links":{"self":[{"href":"https:\/\/astragal.cz\/index.php\/wp-json\/wp\/v2\/pages\/10368","targetHints":{"allow":["GET"]}}],"collection":[{"href":"https:\/\/astragal.cz\/index.php\/wp-json\/wp\/v2\/pages"}],"about":[{"href":"https:\/\/astragal.cz\/index.php\/wp-json\/wp\/v2\/types\/page"}],"author":[{"embeddable":true,"href":"https:\/\/astragal.cz\/index.php\/wp-json\/wp\/v2\/users\/1"}],"replies":[{"embeddable":true,"href":"https:\/\/astragal.cz\/index.php\/wp-json\/wp\/v2\/comments?post=10368"}],"version-history":[{"count":6,"href":"https:\/\/astragal.cz\/index.php\/wp-json\/wp\/v2\/pages\/10368\/revisions"}],"predecessor-version":[{"id":10928,"href":"https:\/\/astragal.cz\/index.php\/wp-json\/wp\/v2\/pages\/10368\/revisions\/10928"}],"wp:attachment":[{"href":"https:\/\/astragal.cz\/index.php\/wp-json\/wp\/v2\/media?parent=10368"}],"curies":[{"name":"wp","href":"https:\/\/api.w.org\/{rel}","templated":true}]}}

Diagnostická kresba zátěží v aurickém poli

<p class="has-blue-color has-text-color">Kresba aurického pole je zaměřena především na to, zda vaše aura (energetický obal okolo vašeho těla) není nijak narušena nebo oslabena. Zda se v ní nenachází energetické díry, traumata, duše či entity, které tam nemají co<em> </em>dělat. Všechny tyto jevy  jsou v mnoha případech zodpovědné za dlouhodobý negativní zdravotní či psychický stav a způsobují vaše celkové energetické oslabení případně nemoci. </p>



<p><strong>Díry a trhliny v auře:</strong></p>



<p>Jsou dá se říci běžným jevem. Vyskytují se průběžně  např. v důsledku velkého pracovního přetížení, hádek, dlouhodobého vyčerpání, většího požití alkoholu či drog, návštěv nemocnic, pohřbů, hřbitovů, případně při setkání se s negativní osobou. Určité vytvořené trhliny či díry se po jisté době samy zase zacelí a jiné zůstávají dlouhodobě otevřené a narušují tak celistvost a sílu naší aury (ochranného obalu-pole kolem našeho těla). Někteří lidé k tvorbě děr/trhlin inklinují více, jiní méně. Toto záleží na více faktorech, jako je např. způsob života, psychický stav jedince, současná životní situace, fyzická kondice, prostředí, ve kterém se člověk pohybuje a žije apod.</p>



<p class="has-blue-color has-text-color">Takto narušený obal našeho těla je pro nás velmi nebezpečný, neboť nejenom že nás energeticky oslabuje, ale vytváří také příležitost k napojení se entit a duší přímo na nás nebo jejich ukotvení v našem poli. Proto je třeba auru odborně co nejdříve zacelit a posílit.</p>



<p>Více o tomto tématu se můžete dočíst zde: </p>



<p class="has-blue-color has-text-color"><a href="https://astragal.cz/index.php/auricke-pole-cloveka-a-rizika-jeho-naruseni/">https://astragal.cz/index.php/auricke-pole-cloveka-a-rizika-jeho-naruseni/</a>.</p>



<p><strong>Deformace aury:</strong></p>



<p>Vzniká na základě prožité traumatizující situace. </p>



<p>Není důležité, jak moc byla situace objektivně traumatizující, neboť každý jedinec reaguje na prožité různě a co pro jedno problém není, může být pro druhého strašlivým zážitkem. </p>



<p class="has-blue-color has-text-color">Důležité je uvědomit si, že k deformaci aury dochází nejen v bdělém stavu, ale také ve stavu spánku, narkózy či kómatu.</p>



<p>Správná pozice a tvar aury je narušen změnou jeho struktury, což má za následek nejen únik životní a vitální energie, ale je zde i hrozba vzniků onemocnění v místě deformace aury.</p>



<p>Více o tomto tématu se můžete dočíst zde: </p>



<figure class="wp-block-embed is-type-wp-embed is-provider-martina-astragal wp-block-embed-martina-astragal"><div class="wp-block-embed__wrapper">
<blockquote class="wp-embedded-content" data-secret="ci1i7sdEmJ"><a href="https://astragal.cz/index.php/odstraneni-traumat-z-ruznych-situaci/">Odstranění traumat z různých situací</a></blockquote><iframe loading="lazy" class="wp-embedded-content" sandbox="allow-scripts" security="restricted" style="position: absolute; clip: rect(1px, 1px, 1px, 1px);" title="&#8222;Odstranění traumat z různých situací&#8220; &#8212; Martina  ASTRAGAL" src="https://astragal.cz/index.php/odstraneni-traumat-z-ruznych-situaci/embed/#?secret=eEi1LEltcj#?secret=ci1i7sdEmJ" data-secret="ci1i7sdEmJ" width="600" height="338" frameborder="0" marginwidth="0" marginheight="0" scrolling="no"></iframe>
</div></figure>



<p><strong>Přítomnost duší, entit, astrálních a jiných bytostí v auře:</strong></p>



<p>Může být nejen nepříjemná, ale i nebezpečná, neboť ony způsobují únik&nbsp;naší životní energie a mají za následek zhoršení současného zdravotního a psychického stavu.&nbsp;Entity ani duše samovolně z našeho prostoru nezmizí, je třeba je z něho odborně odvést-odstranit. Někteří jedinci jsou k napojení duší a entit do aurického pole náchylnější. Důvodů může být hned několik: jejich aura je slabší, jsou dlouhodobě nemocní, žijí nežádoucím způsobem života nebo mají negativní vzorce chování, které podporují příznivé prostředí pro napojení entit a duší. Duše či entity mohou také &#8222;přestupovat&#8220; z jednoho člověka na druhého, proto je nutné, pokud je jejich přítomnost zjištěna, situaci řešit za odborné pomoci co nejdříve.</p>



<p class="has-blue-color has-text-color">V případě, že je u Vás přítomnost entity či duše zjištěna, není bohužel možné s vámi z hlediska ochrany vás samotných jakkoli energeticky pracovat, dokud jejich přítomnost nebude odstraněna. Jestliže by vám byla poslána např. léčebná energie, pak by tato energie &#8222;živila&#8220; i duši nebo entitu, která je u vás přítomna a to by bylo zcela kontraproduktivní a nebezpečné.</p>



<p></p>



<p class="has-blue-color has-text-color"><strong>OSOBNÍ SEZENÍ</strong> </p>



<p>Standardní úkon se skládá z diagnostické kresby, následného rozboru zjištěného stavu a energetického zásahu. </p>



<p>V případě, že chcete, aby bylo na sezení pomoženo jinému člověku, musíte mít jeho souhlas, fotografii a křestní jméno.</p>



<p class="has-blue-color has-text-color"><strong>ZÁSAH NA DÁLKU</strong> </p>



<p class="has-blue-color has-text-color has-link-color wp-elements-8c3792943f9c9fbae9fe73b258eb809b"><strong><strong>Diagnostiku je možné provádět i na dálku. Z hlediska efektu je výsledek podobný jako u osobního sezení &#8211; ale je třeba říct, že osobní zásahy jsou vždy intenzivnější, mají rychlejší výsledky a celkově komplexnější rozměr.</strong></strong></p>



<p>Energii nezáleží na tom, zda stojíte 2 metry od zdroje jejího působení nebo se nacházíte 1000 km daleko. Energie nezná hmotné překážky zdí, prostoru ani času (jelikož čas, jak jej známe, v podstatě neexistuje a vše se odehrává ve stejný okamžik = minulost, přítomnost i budoucnost). Proto je možné měnit zanešené či zablokované energie z dob dávno minulých nebo provádět diagnostiku současného, minulého či budoucího stavu. </p>



<p><strong>Postup zásahu je stejný jako u osobního setkání.</strong></p>



<p class="has-blue-color has-text-color">V tomto případě je potřeba zavčas před daným termínem zaslat na email:&nbsp;<a href="mailto:astragal@email.cz"><em>astragal@email.cz</em></a>&nbsp; fotografii léčeného spolu s uvedením jeho křestního jména. Pokud fotografii nemáte potom zašlete jeho jméno a příjmení, včetně data a roku narození. Zprávu můžete případně doplnit o informaci, na co se chcete v léčbě dotyčného zaměřit. </p>



<p><strong>Je možné využít aplikaci Viber, kde voláte zdarma.</strong> </p>



<p class="has-blue-color has-text-color"><strong><u>Informace k vyrovnání se s Martinou:</u></strong></p>



<p>Ocenit čas a energii, které Martina vkládá do každého provedeného úkonu můžete jakýmkoli darem. Tímto podpoříte její existenci a činnost.&nbsp;</p>



<p>Každého Vašeho příspěvku si velmi váží a děkuje za něj.</p>



<p></p>



<p></p>

<p>Kresba aurického pole je zaměřena především na to, zda vaše aura (energetický obal okolo vašeho těla) není nijak narušena nebo oslabena. Zda se v ní nenachází energetické díry, traumata, duše či entity, které tam nemají co dělat. Všechny tyto jevy jsou v mnoha případech zodpovědné za dlouhodobý negativní zdravotní či psychický stav a způsobují vaše [&hellip;]</p>
