{"id":10773,"date":"2025-08-18T21:41:20","date_gmt":"2025-08-18T20:41:20","guid":{"rendered":"https:\/\/astragal.cz\/?page_id=10773"},"modified":"2026-01-31T20:20:30","modified_gmt":"2026-01-31T19:20:30","slug":"podpora-na-verejnych-sitich","status":"publish","type":"page","link":"https:\/\/astragal.cz\/index.php\/podpora-na-verejnych-sitich\/","title":{"rendered":"Podpora na ve\u0159ejn\u00fdch s\u00edt\u00edch"},"content":{"rendered":"\n<p class=\"has-blue-color has-text-color has-link-color wp-elements-0da437498c410d963d5dc9de73a2770a\">Velmi by Martin\u011b v jej\u00ed \u010dinnosti pomohla Va\u0161e podpora prost\u0159ednictv\u00edm:<\/p>\n\n\n\n<p class=\"has-blue-color has-text-color has-link-color wp-elements-b397f65873fe5379d9086f1451bd35cf\"><strong>YouTube<\/strong><\/p>\n\n\n\n<p><strong>Nejv\u00edce Martin\u011b pom\u016f\u017ee kdy\u017e d\u00e1te odb\u011br kan\u00e1lu Martina Astragal: <\/strong><a href=\"https:\/\/www.youtube.com\/@AstragalMartina\">https:\/\/www.youtube.com\/@AstragalMartina<\/a> <strong>a budete jej pravideln\u011b sledovat. <\/strong>Bude tak\u00e9 r\u00e1da za ka\u017ed\u00fd like a koment\u00e1\u0159 nebo sd\u00edlen\u00ed jejich p\u0159\u00edsp\u011bvk\u016f. <\/p>\n\n\n\n<p><strong>Va\u0161e podpora ji umo\u017en\u00ed pom\u00e1hat v\u00edce lidem nap\u0159. formou \u017eiv\u00e9ho vys\u00edl\u00e1n\u00ed \u010di zve\u0159ejn\u011bn\u00edm z\u00e1znam\u016f rozhovor\u016f s Martinou<\/strong>. Moc v\u00e1m d\u011bkujeme a budeme se t\u011b\u0161it na sly\u0161enou p\u0159i pl\u00e1novan\u00e9m vys\u00edl\u00e1n\u00ed. Martina a t\u00fdm Astragal<\/p>\n\n\n\n<p class=\"has-blue-color has-text-color has-link-color wp-elements-f0472d026e1cf8402a34d146524574e7\"><strong>Instagram<\/strong><\/p>\n\n\n\n<p>Najdete n\u00e1s pod Martina Astragal:&nbsp;<a href=\"https:\/\/www.instagram.com\/martina_astragal\/\">https:\/\/www.instagram.com\/martina_astragal\/<\/a>.<\/p>\n\n\n\n<p class=\"has-blue-color has-text-color has-link-color wp-elements-5b0af48df97871cbed4c7af2ea9dc0ba\"><strong>Facebook<\/strong><\/p>\n\n\n\n<p>M\u00e1me profil: <a href=\"https:\/\/www.facebook.com\/astragal.martina\">https:\/\/www.facebook.com\/astragal.martina<\/a>.<\/p>\n\n\n\n<p><\/p>\n","protected":false},"excerpt":{"rendered":"<p>Velmi by Martin\u011b v jej\u00ed \u010dinnosti pomohla Va\u0161e podpora prost\u0159ednictv\u00edm: YouTube Nejv\u00edce Martin\u011b pom\u016f\u017ee kdy\u017e d\u00e1te odb\u011br kan\u00e1lu Martina Astragal: https:\/\/www.youtube.com\/@AstragalMartina a budete jej pravideln\u011b sledovat. Bude tak\u00e9 r\u00e1da za ka\u017ed\u00fd like a koment\u00e1\u0159 nebo sd\u00edlen\u00ed jejich p\u0159\u00edsp\u011bvk\u016f. Va\u0161e podpora ji umo\u017en\u00ed pom\u00e1hat v\u00edce lidem nap\u0159. formou \u017eiv\u00e9ho vys\u00edl\u00e1n\u00ed \u010di zve\u0159ejn\u011bn\u00edm z\u00e1znam\u016f rozhovor\u016f s Martinou. [&hellip;]<\/p>\n","protected":false},"author":1,"featured_media":0,"parent":0,"menu_order":0,"comment_status":"closed","ping_status":"closed","template":"","meta":{"_mc_calendar":[],"footnotes":""},"class_list":["post-10773","page","type-page","status-publish","hentry"],"_links":{"self":[{"href":"https:\/\/astragal.cz\/index.php\/wp-json\/wp\/v2\/pages\/10773","targetHints":{"allow":["GET"]}}],"collection":[{"href":"https:\/\/astragal.cz\/index.php\/wp-json\/wp\/v2\/pages"}],"about":[{"href":"https:\/\/astragal.cz\/index.php\/wp-json\/wp\/v2\/types\/page"}],"author":[{"embeddable":true,"href":"https:\/\/astragal.cz\/index.php\/wp-json\/wp\/v2\/users\/1"}],"replies":[{"embeddable":true,"href":"https:\/\/astragal.cz\/index.php\/wp-json\/wp\/v2\/comments?post=10773"}],"version-history":[{"count":7,"href":"https:\/\/astragal.cz\/index.php\/wp-json\/wp\/v2\/pages\/10773\/revisions"}],"predecessor-version":[{"id":11450,"href":"https:\/\/astragal.cz\/index.php\/wp-json\/wp\/v2\/pages\/10773\/revisions\/11450"}],"wp:attachment":[{"href":"https:\/\/astragal.cz\/index.php\/wp-json\/wp\/v2\/media?parent=10773"}],"curies":[{"name":"wp","href":"https:\/\/api.w.org\/{rel}","templated":true}]}}