{"id":152,"date":"2020-05-02T21:00:19","date_gmt":"2020-05-02T20:00:19","guid":{"rendered":"http:\/\/astragal.cz\/?page_id=152"},"modified":"2021-09-22T16:41:09","modified_gmt":"2021-09-22T15:41:09","slug":"poselstvi-pro-rok-2020","status":"publish","type":"page","link":"https:\/\/astragal.cz\/index.php\/poselstvi-pro-rok-2020\/","title":{"rendered":"Poselstv\u00ed pro rok 2020"},"content":{"rendered":"\n<p class=\"has-light-blue-color has-text-color\"><a href=\"https:\/\/astragal.cz\/index.php\/aktualni-poselstvi-2020\/\">Aktu\u00e1ln\u00ed poselstv\u00ed<\/a><\/p>\n\n\n\n<p class=\"has-light-blue-color has-text-color\"><a href=\"https:\/\/astragal.cz\/index.php\/rok-2020-z-pohledu-vyznamu-cisel-a-prijatych-informaci\/\">Rok 2020 z pohledu v\u00fdznamu \u010d\u00edsel a p\u0159ijat\u00fdch informac\u00ed<\/a><\/p>\n","protected":false},"excerpt":{"rendered":"<p>Aktu\u00e1ln\u00ed poselstv\u00ed Rok 2020 z pohledu v\u00fdznamu \u010d\u00edsel a p\u0159ijat\u00fdch informac\u00ed<\/p>\n","protected":false},"author":1,"featured_media":0,"parent":0,"menu_order":0,"comment_status":"closed","ping_status":"closed","template":"","meta":{"_mc_calendar":[],"footnotes":""},"class_list":["post-152","page","type-page","status-publish","hentry"],"_links":{"self":[{"href":"https:\/\/astragal.cz\/index.php\/wp-json\/wp\/v2\/pages\/152","targetHints":{"allow":["GET"]}}],"collection":[{"href":"https:\/\/astragal.cz\/index.php\/wp-json\/wp\/v2\/pages"}],"about":[{"href":"https:\/\/astragal.cz\/index.php\/wp-json\/wp\/v2\/types\/page"}],"author":[{"embeddable":true,"href":"https:\/\/astragal.cz\/index.php\/wp-json\/wp\/v2\/users\/1"}],"replies":[{"embeddable":true,"href":"https:\/\/astragal.cz\/index.php\/wp-json\/wp\/v2\/comments?post=152"}],"version-history":[{"count":5,"href":"https:\/\/astragal.cz\/index.php\/wp-json\/wp\/v2\/pages\/152\/revisions"}],"predecessor-version":[{"id":3750,"href":"https:\/\/astragal.cz\/index.php\/wp-json\/wp\/v2\/pages\/152\/revisions\/3750"}],"wp:attachment":[{"href":"https:\/\/astragal.cz\/index.php\/wp-json\/wp\/v2\/media?parent=152"}],"curies":[{"name":"wp","href":"https:\/\/api.w.org\/{rel}","templated":true}]}}