{"id":203,"date":"2020-05-03T14:50:40","date_gmt":"2020-05-03T13:50:40","guid":{"rendered":"http:\/\/astragal.cz\/?page_id=203"},"modified":"2020-05-14T19:20:12","modified_gmt":"2020-05-14T18:20:12","slug":"duse-a-jejicho-odvod","status":"publish","type":"page","link":"https:\/\/astragal.cz\/index.php\/duse-a-jejicho-odvod\/","title":{"rendered":"Du\u0161e a jejich odvod"},"content":{"rendered":"\n<p class=\"has-text-color has-light-blue-color\"><a href=\"https:\/\/astragal.cz\/index.php\/duse-zemrelych-a-jejich-odvod\/\">Du\u0161e zem\u0159el\u00fdch a jejich odvod<\/a><\/p>\n\n\n\n<p class=\"has-text-color has-light-blue-color\"><a href=\"https:\/\/astragal.cz\/index.php\/medium\/\">M\u00e9dium<\/a><\/p>\n\n\n\n<p class=\"has-text-color has-light-blue-color\"><a href=\"https:\/\/astragal.cz\/index.php\/privtelene-duse-a-jejich-odvod\/\">P\u0159ivt\u011blen\u00e9 du\u0161e a jejich odvod<\/a><\/p>\n\n\n\n<p class=\"has-text-color has-light-blue-color\"><a href=\"https:\/\/astragal.cz\/index.php\/strach-duse-a-jine-bytosti-z-astralnich-svetu\/\">Strach &#8211; du\u0161e a jin\u00e9 bytosti z astr\u00e1ln\u00edch sv\u011bt\u016f<\/a><\/p>\n\n\n\n<p class=\"has-text-color has-light-blue-color\"><a href=\"https:\/\/astragal.cz\/index.php\/svecena-voda\/\">Sv\u011bcen\u00e1 voda<\/a><\/p>\n","protected":false},"excerpt":{"rendered":"<p>Du\u0161e zem\u0159el\u00fdch a jejich odvod M\u00e9dium P\u0159ivt\u011blen\u00e9 du\u0161e a jejich odvod Strach &#8211; du\u0161e a jin\u00e9 bytosti z astr\u00e1ln\u00edch sv\u011bt\u016f Sv\u011bcen\u00e1 voda<\/p>\n","protected":false},"author":1,"featured_media":0,"parent":0,"menu_order":0,"comment_status":"closed","ping_status":"closed","template":"","meta":{"_mc_calendar":[],"footnotes":""},"class_list":["post-203","page","type-page","status-publish","hentry"],"_links":{"self":[{"href":"https:\/\/astragal.cz\/index.php\/wp-json\/wp\/v2\/pages\/203","targetHints":{"allow":["GET"]}}],"collection":[{"href":"https:\/\/astragal.cz\/index.php\/wp-json\/wp\/v2\/pages"}],"about":[{"href":"https:\/\/astragal.cz\/index.php\/wp-json\/wp\/v2\/types\/page"}],"author":[{"embeddable":true,"href":"https:\/\/astragal.cz\/index.php\/wp-json\/wp\/v2\/users\/1"}],"replies":[{"embeddable":true,"href":"https:\/\/astragal.cz\/index.php\/wp-json\/wp\/v2\/comments?post=203"}],"version-history":[{"count":5,"href":"https:\/\/astragal.cz\/index.php\/wp-json\/wp\/v2\/pages\/203\/revisions"}],"predecessor-version":[{"id":1006,"href":"https:\/\/astragal.cz\/index.php\/wp-json\/wp\/v2\/pages\/203\/revisions\/1006"}],"wp:attachment":[{"href":"https:\/\/astragal.cz\/index.php\/wp-json\/wp\/v2\/media?parent=203"}],"curies":[{"name":"wp","href":"https:\/\/api.w.org\/{rel}","templated":true}]}}