{"id":217,"date":"2020-05-03T15:45:47","date_gmt":"2020-05-03T14:45:47","guid":{"rendered":"http:\/\/astragal.cz\/?page_id=217"},"modified":"2021-08-13T13:03:13","modified_gmt":"2021-08-13T12:03:13","slug":"clanky-v-casopisech-na-kterych-jsem-spolupracovala","status":"publish","type":"page","link":"https:\/\/astragal.cz\/index.php\/clanky-v-casopisech-na-kterych-jsem-spolupracovala\/","title":{"rendered":"\u010cl\u00e1nky v \u010dasopisech, na kter\u00fdch jsem spolupracovala"},"content":{"rendered":"\n<p class=\"has-text-color has-light-blue-color\"><a href=\"https:\/\/astragal.cz\/index.php\/kamen-uzasny-lecitel-a-pomocnik\/\">K\u00e1men: \u00fa\u017easn\u00fd l\u00e9\u010ditel a pomocn\u00edk<\/a><\/p>\n\n\n\n<p class=\"has-text-color has-light-blue-color\"><a href=\"https:\/\/astragal.cz\/index.php\/magicka-sila-tarotu\/\">Magick\u00e1 s\u00edla tarot\u016f<\/a><\/p>\n","protected":false},"excerpt":{"rendered":"<p>K\u00e1men: \u00fa\u017easn\u00fd l\u00e9\u010ditel a pomocn\u00edk Magick\u00e1 s\u00edla tarot\u016f<\/p>\n","protected":false},"author":1,"featured_media":0,"parent":0,"menu_order":0,"comment_status":"closed","ping_status":"closed","template":"","meta":{"_mc_calendar":[],"footnotes":""},"class_list":["post-217","page","type-page","status-publish","hentry"],"_links":{"self":[{"href":"https:\/\/astragal.cz\/index.php\/wp-json\/wp\/v2\/pages\/217","targetHints":{"allow":["GET"]}}],"collection":[{"href":"https:\/\/astragal.cz\/index.php\/wp-json\/wp\/v2\/pages"}],"about":[{"href":"https:\/\/astragal.cz\/index.php\/wp-json\/wp\/v2\/types\/page"}],"author":[{"embeddable":true,"href":"https:\/\/astragal.cz\/index.php\/wp-json\/wp\/v2\/users\/1"}],"replies":[{"embeddable":true,"href":"https:\/\/astragal.cz\/index.php\/wp-json\/wp\/v2\/comments?post=217"}],"version-history":[{"count":3,"href":"https:\/\/astragal.cz\/index.php\/wp-json\/wp\/v2\/pages\/217\/revisions"}],"predecessor-version":[{"id":3266,"href":"https:\/\/astragal.cz\/index.php\/wp-json\/wp\/v2\/pages\/217\/revisions\/3266"}],"wp:attachment":[{"href":"https:\/\/astragal.cz\/index.php\/wp-json\/wp\/v2\/media?parent=217"}],"curies":[{"name":"wp","href":"https:\/\/api.w.org\/{rel}","templated":true}]}}