{"id":2376,"date":"2021-04-28T11:16:15","date_gmt":"2021-04-28T10:16:15","guid":{"rendered":"http:\/\/astragal.cz\/?page_id=2376"},"modified":"2022-10-17T12:02:59","modified_gmt":"2022-10-17T11:02:59","slug":"tym-astragal","status":"publish","type":"page","link":"https:\/\/astragal.cz\/index.php\/tym-astragal\/","title":{"rendered":"T\u00fdm ASTRAGAL"},"content":{"rendered":"<div class=\"wp-block-image\">\n<figure class=\"aligncenter size-full\"><img loading=\"lazy\" decoding=\"async\" width=\"600\" height=\"400\" src=\"https:\/\/astragal.cz\/wp-content\/uploads\/2021\/10\/team-building.png\" alt=\"\" class=\"wp-image-3821\" srcset=\"https:\/\/astragal.cz\/wp-content\/uploads\/2021\/10\/team-building.png 600w, https:\/\/astragal.cz\/wp-content\/uploads\/2021\/10\/team-building-300x200.png 300w\" sizes=\"auto, (max-width: 600px) 100vw, 600px\" \/><\/figure><\/div>\n\n\n<p class=\"has-text-align-center has-blue-color has-text-color has-small-font-size\"> <a href=\"http:\/\/www.teambuildingactivity.com je blokov\u00e1n\">www.teambuildingactivity.com<\/a>&nbsp;<\/p>\n\n\n\n<p>Nikdy bych nedok\u00e1zala pom\u00e1hat tolika pot\u0159ebn\u00fdm lidem, s takov\u00fdm nasazen\u00edm a v takov\u00e9 m\u00ed\u0159e, kdyby mne v m\u00e9m posl\u00e1n\u00ed a na m\u00e9 cest\u011b nedoprov\u00e1zeli bok po boku tito \u00fa\u017easn\u00ed lid\u00e9.<\/p>\n\n\n\n<p>Postupn\u011b, za t\u011bch 12 let \u010dinnosti ASTRAGAL, se t\u00fdm rozrostl na neuv\u011b\u0159iteln\u00e9 mno\u017estv\u00ed lid\u00ed, kte\u0159\u00ed nezi\u0161tn\u011b a ti\u0161e v z\u00e1kulis\u00ed d\u011blaj\u00ed v\u0161e, co je pro z\u00e1chranu druh\u00fdch pot\u0159eba. <\/p>\n\n\n\n<p>V \u017e\u00e1dn\u00e9 situaci si nest\u011b\u017euj\u00ed na n\u00e1ro\u010dnost t\u00e9to pr\u00e1ce, ani na \u00fanavu \u010di na to, jak moc je toho k \u0159e\u0161en\u00ed. V\u017edy ochotn\u011b a bez v\u00e1h\u00e1n\u00ed p\u0159isp\u011bchaj\u00ed na pomoc a ud\u011blaj\u00ed s pomoc\u00ed bo\u017e\u00ed i nemo\u017en\u00e9, aby v\u0161e dopadlo, jak m\u00e1.<\/p>\n\n\n\n<p>Nesm\u00edrn\u011b si v\u00e1\u017e\u00edm toho, jak ob\u011btav\u011b a r\u00e1di v\u011bnuj\u00ed mnoho ze sv\u00e9ho \u010dasu a energie, aby se pomoc dostala tam, kde je to pot\u0159eba.<\/p>\n\n\n\n<p>Opravdu up\u0159\u00edmn\u011b a z cel\u00e9ho sv\u00e9ho srdce d\u011bkuji za nesm\u00edrn\u00e9 nasazen\u00ed a pomoc v\u00e1m v\u0161em pomocn\u00edk\u016fm, patron\u016fm Astragalu a v neposledn\u00ed \u0159ad\u011b m\u00e9 rodin\u011b, bez kter\u00e9 by vykon\u00e1v\u00e1n\u00ed m\u00e9ho posl\u00e1n\u00ed nebylo v\u016fbec mo\u017en\u00e9.<\/p>\n\n\n\n<p>D\u011bkuji v\u00e1m:<\/p>\n\n\n\n<ul class=\"wp-block-list\"><li>Zdenku<\/li><li>Inu<\/li><li>P\u00e1ji<\/li><li>Jar\u010di<\/li><li>Tery<\/li><li>M\u00ed\u0161i<\/li><li>Oldo<\/li><li>Rudo<\/li><li>Luci<\/li><li>Zdeni<\/li><li>Magdi<\/li><li>m\u00e1 rodino<\/li><\/ul>\n\n\n\n<p>D\u011bkuji a jsem bohu vd\u011b\u010dn\u00e1 za to, \u017ee jste.<\/p>\n\n\n\n<p>K\u00e9\u017e je na\u0161e \u010dinnost st\u00e1le po\u017eehnan\u00e1 a pod ochranou bo\u017e\u00ed tak, jako byla dosud.<\/p>\n\n\n\n<p>Martina<\/p>\n\n\n\n<p><\/p>\n","protected":false},"excerpt":{"rendered":"<p>www.teambuildingactivity.com&nbsp; Nikdy bych nedok\u00e1zala pom\u00e1hat tolika pot\u0159ebn\u00fdm lidem, s takov\u00fdm nasazen\u00edm a v takov\u00e9 m\u00ed\u0159e, kdyby mne v m\u00e9m posl\u00e1n\u00ed a na m\u00e9 cest\u011b nedoprov\u00e1zeli bok po boku tito \u00fa\u017easn\u00ed lid\u00e9. Postupn\u011b, za t\u011bch 12 let \u010dinnosti ASTRAGAL, se t\u00fdm rozrostl na neuv\u011b\u0159iteln\u00e9 mno\u017estv\u00ed lid\u00ed, kte\u0159\u00ed nezi\u0161tn\u011b a ti\u0161e v z\u00e1kulis\u00ed d\u011blaj\u00ed v\u0161e, co je [&hellip;]<\/p>\n","protected":false},"author":1,"featured_media":0,"parent":0,"menu_order":0,"comment_status":"closed","ping_status":"closed","template":"","meta":{"_mc_calendar":[],"footnotes":""},"class_list":["post-2376","page","type-page","status-publish","hentry"],"_links":{"self":[{"href":"https:\/\/astragal.cz\/index.php\/wp-json\/wp\/v2\/pages\/2376","targetHints":{"allow":["GET"]}}],"collection":[{"href":"https:\/\/astragal.cz\/index.php\/wp-json\/wp\/v2\/pages"}],"about":[{"href":"https:\/\/astragal.cz\/index.php\/wp-json\/wp\/v2\/types\/page"}],"author":[{"embeddable":true,"href":"https:\/\/astragal.cz\/index.php\/wp-json\/wp\/v2\/users\/1"}],"replies":[{"embeddable":true,"href":"https:\/\/astragal.cz\/index.php\/wp-json\/wp\/v2\/comments?post=2376"}],"version-history":[{"count":38,"href":"https:\/\/astragal.cz\/index.php\/wp-json\/wp\/v2\/pages\/2376\/revisions"}],"predecessor-version":[{"id":7243,"href":"https:\/\/astragal.cz\/index.php\/wp-json\/wp\/v2\/pages\/2376\/revisions\/7243"}],"wp:attachment":[{"href":"https:\/\/astragal.cz\/index.php\/wp-json\/wp\/v2\/media?parent=2376"}],"curies":[{"name":"wp","href":"https:\/\/api.w.org\/{rel}","templated":true}]}}