{"id":2730,"date":"2021-06-17T17:05:56","date_gmt":"2021-06-17T16:05:56","guid":{"rendered":"http:\/\/astragal.cz\/?page_id=2730"},"modified":"2022-10-12T13:29:45","modified_gmt":"2022-10-12T12:29:45","slug":"diagnostika","status":"publish","type":"page","link":"https:\/\/astragal.cz\/index.php\/diagnostika\/","title":{"rendered":"Diagnostika"},"content":{"rendered":"\n<p class=\"has-light-blue-color has-text-color\"><a href=\"https:\/\/astragal.cz\/index.php\/diagnosticka-kresba-zdravotniho-stavu-a-astralniho-obrazu\/\">Diagnostick\u00e1 kresba zdravotn\u00edho stavu a astr\u00e1ln\u00edho obrazu&nbsp; <\/a><\/p>\n\n\n\n<p class=\"has-light-blue-color has-text-color\"><a href=\"https:\/\/astragal.cz\/index.php\/diagnostika\/diagnosticka-kresba-energeticke-urovne-organu-a-celkove-zivotni-sily-tela\/\">Diagnostick\u00e1 kresba energetick\u00e9 \u00farovn\u011b org\u00e1n\u016f a celkov\u00e9 \u017eivotn\u00ed s\u00edly t\u011bla<\/a><\/p>\n\n\n\n<p class=\"has-light-blue-color has-text-color\"><a href=\"https:\/\/astragal.cz\/index.php\/diagnosticka-kresba-rodinnych-vazeb-a-jinych-vztahu\/\">Diagnostick\u00e1 kresba rodinn\u00fdch vazeb a jin\u00fdch vztah\u016f<\/a><\/p>\n\n\n\n<p class=\"has-light-blue-color has-text-color\"><a href=\"https:\/\/astragal.cz\/index.php\/diagnosticka-kresba-rovnovahy-energii-a-emocniho-stavu-jedince\/\">Diagnostick\u00e1 kresba rovnov\u00e1hy energi\u00ed a emo\u010dn\u00edho stavu jedince<\/a><\/p>\n\n\n\n<p class=\"has-light-blue-color has-text-color\"><a href=\"https:\/\/astragal.cz\/index.php\/diagnostika-karmickeho-a-energetickeho-zatizeni-osoby-nebo-majetku\/\">Diagnostika karmick\u00e9ho a energetick\u00e9ho zat\u00ed\u017een\u00ed osoby nebo majetku<\/a><\/p>\n\n\n\n<p class=\"has-light-blue-color has-text-color\"><a href=\"https:\/\/astragal.cz\/index.php\/diagnosticka-kresba-energetickeho-zatizeni-domu-nebo-predmetu\/\">Diagnostick\u00e1 kresba energetick\u00e9ho zat\u00ed\u017een\u00ed domu nebo p\u0159edm\u011btu<\/a><\/p>\n\n\n\n<p class=\"has-light-blue-color has-text-color\"><a href=\"https:\/\/astragal.cz\/index.php\/poukaz-astragal\/\">Poukaz ASTRAGAL<\/a><\/p>\n","protected":false},"excerpt":{"rendered":"<p>Diagnostick\u00e1 kresba zdravotn\u00edho stavu a astr\u00e1ln\u00edho obrazu&nbsp; Diagnostick\u00e1 kresba energetick\u00e9 \u00farovn\u011b org\u00e1n\u016f a celkov\u00e9 \u017eivotn\u00ed s\u00edly t\u011bla Diagnostick\u00e1 kresba rodinn\u00fdch vazeb a jin\u00fdch vztah\u016f Diagnostick\u00e1 kresba rovnov\u00e1hy energi\u00ed a emo\u010dn\u00edho stavu jedince Diagnostika karmick\u00e9ho a energetick\u00e9ho zat\u00ed\u017een\u00ed osoby nebo majetku Diagnostick\u00e1 kresba energetick\u00e9ho zat\u00ed\u017een\u00ed domu nebo p\u0159edm\u011btu Poukaz ASTRAGAL<\/p>\n","protected":false},"author":1,"featured_media":0,"parent":0,"menu_order":0,"comment_status":"closed","ping_status":"closed","template":"","meta":{"_mc_calendar":[],"footnotes":""},"class_list":["post-2730","page","type-page","status-publish","hentry"],"_links":{"self":[{"href":"https:\/\/astragal.cz\/index.php\/wp-json\/wp\/v2\/pages\/2730","targetHints":{"allow":["GET"]}}],"collection":[{"href":"https:\/\/astragal.cz\/index.php\/wp-json\/wp\/v2\/pages"}],"about":[{"href":"https:\/\/astragal.cz\/index.php\/wp-json\/wp\/v2\/types\/page"}],"author":[{"embeddable":true,"href":"https:\/\/astragal.cz\/index.php\/wp-json\/wp\/v2\/users\/1"}],"replies":[{"embeddable":true,"href":"https:\/\/astragal.cz\/index.php\/wp-json\/wp\/v2\/comments?post=2730"}],"version-history":[{"count":26,"href":"https:\/\/astragal.cz\/index.php\/wp-json\/wp\/v2\/pages\/2730\/revisions"}],"predecessor-version":[{"id":7215,"href":"https:\/\/astragal.cz\/index.php\/wp-json\/wp\/v2\/pages\/2730\/revisions\/7215"}],"wp:attachment":[{"href":"https:\/\/astragal.cz\/index.php\/wp-json\/wp\/v2\/media?parent=2730"}],"curies":[{"name":"wp","href":"https:\/\/api.w.org\/{rel}","templated":true}]}}