{"id":2736,"date":"2021-06-17T17:16:03","date_gmt":"2021-06-17T16:16:03","guid":{"rendered":"http:\/\/astragal.cz\/?page_id=2736"},"modified":"2025-09-18T10:41:56","modified_gmt":"2025-09-18T09:41:56","slug":"diagnosticka-kresba-zdravotniho-stavu-ve-fyzicke-a-astralni-rovine","status":"publish","type":"page","link":"https:\/\/astragal.cz\/index.php\/diagnosticka-kresba-zdravotniho-stavu-ve-fyzicke-a-astralni-rovine\/","title":{"rendered":"Diagnostick\u00e1 kresba zdravotn\u00edho stavu ve fyzick\u00e9 a astr\u00e1ln\u00ed rovin\u011b"},"content":{"rendered":"\n<p>Diagnostick\u00e1 kresba tohoto typu slou\u017e\u00ed k zobrazen\u00ed va\u0161eho aktu\u00e1ln\u00ed stavu jak ve va\u0161em fyzick\u00e9m t\u011ble, tedy v dan\u00fdch org\u00e1nech apod., ale i v astr\u00e1ln\u00edm poli, kter\u00e9 v\u00e1s obklopuje a kam se propisuj\u00ed ve\u0161ker\u00e1 traumata, neduhy i psychick\u00e9 bloky.<\/p>\n\n\n\n<p>Dal\u0161\u00edm krokem je pak nalezen\u00ed p\u0159\u00ed\u010din pot\u00ed\u017e\u00ed a nastaven\u00ed vhodn\u00e9 cesty k va\u0161emu uzdraven\u00ed. <\/p>\n\n\n\n<p class=\"has-blue-color has-text-color\"><strong>Ve fyzick\u00e9 rovin\u011b se diagnostika soust\u0159ed\u00ed na aktu\u00e1ln\u00ed zdravotn\u00ed stav, prob\u00edhaj\u00edc\u00ed onemocn\u011bn\u00ed \u010di indispozice ve va\u0161em t\u011ble a jejich vz\u00e1jemnou prov\u00e1zanost nebo zp\u016fsob, jak\u00fdm se ovliv\u0148uj\u00ed.<\/strong><\/p>\n\n\n\n<p class=\"has-blue-color has-text-color\">Kresba m\u016f\u017ee mimo jin\u00e9 tak\u00e9 odhalit onemocn\u011bn\u00ed nebo energetick\u00e9 indispozice, kter\u00e9 se teprve ve fyzick\u00e9m \u010di astr\u00e1ln\u00edm poli teprve vytv\u00e1\u0159\u00ed a budou m\u00edt do budoucna tendenci se projevit. <\/p>\n\n\n\n<p>T\u011bmto nemocem je mo\u017en\u00e9 p\u0159i v\u010dasn\u00e9 diagnostice je\u0161t\u011b p\u0159edej\u00edt. Onemocn\u011bn\u00ed se v\u011bt\u0161inou formuje v aurick\u00e9m poli po dobu 5 let a teprve pot\u00e9 vstupuje do roviny fyzick\u00e9, ale samoz\u0159ejm\u011b se m\u016f\u017ee cel\u00fd proces v jist\u00fdch p\u0159\u00edpadech odehr\u00e1t i mnohem rychleji.<\/p>\n\n\n\n<p><strong>P\u0159ed jak\u00fdmkoli energetick\u00fdm z\u00e1sahem je je\u0161t\u011b t\u0159eba prov\u00e9st diagnostika aurick\u00e9ho pole, viz.:<\/strong><\/p>\n\n\n\n<figure class=\"wp-block-embed is-type-wp-embed is-provider-martina-astragal wp-block-embed-martina-astragal\"><div class=\"wp-block-embed__wrapper\">\n<blockquote class=\"wp-embedded-content\" data-secret=\"GJLKt6gzVR\"><a href=\"https:\/\/astragal.cz\/index.php\/diagnosticka-kresba-zatezi-v-aurickem-poli\/\">Diagnostick\u00e1 kresba z\u00e1t\u011b\u017e\u00ed v aurick\u00e9m poli<\/a><\/blockquote><iframe loading=\"lazy\" class=\"wp-embedded-content\" sandbox=\"allow-scripts\" security=\"restricted\" style=\"position: absolute; visibility: hidden;\" title=\"&#8222;Diagnostick\u00e1 kresba z\u00e1t\u011b\u017e\u00ed v aurick\u00e9m poli&#8220; &#8212; Martina  ASTRAGAL\" src=\"https:\/\/astragal.cz\/index.php\/diagnosticka-kresba-zatezi-v-aurickem-poli\/embed\/#?secret=LSFndtjC9Q#?secret=GJLKt6gzVR\" data-secret=\"GJLKt6gzVR\" width=\"600\" height=\"338\" frameborder=\"0\" marginwidth=\"0\" marginheight=\"0\" scrolling=\"no\"><\/iframe>\n<\/div><\/figure>\n\n\n\n<p class=\"has-blue-color has-text-color\"><strong>OSOBN\u00cd SEZEN\u00cd<\/strong> <\/p>\n\n\n\n<p>Standardn\u00ed \u00fakon se skl\u00e1d\u00e1 z diagnostick\u00e9 kresby, n\u00e1sledn\u00e9ho rozboru zji\u0161t\u011bn\u00e9ho stavu a energetick\u00e9ho z\u00e1sahu, kter\u00fd nastartuje samoozdravn\u00fd proces t\u011bla. <\/p>\n\n\n\n<p class=\"has-blue-color has-text-color\">Je t\u0159eba si uv\u011bdomit, \u017ee tento samotn\u00fd z\u00e1sah k \u00fapln\u00e9mu uzdraven\u00ed nesta\u010d\u00ed (jedn\u00e1 se o jednor\u00e1zov\u00fd podp\u016frn\u00fd p\u0159enos energie, kter\u00fd otev\u0159e cestu k mo\u017enosti se uzdravit &#8211; za p\u0159edpokladu, \u017ee na sob\u011b budete n\u00e1sledn\u011b d\u00e1le pracovat). Aby se poda\u0159ilo v\u0161echny neduhy, kter\u00e9 v\u00e1s tr\u00e1p\u00ed, \u00fasp\u011b\u0161n\u011b vy\u0159e\u0161it, je t\u0159eba bu\u010f zah\u00e1jit energetickou l\u00e9\u010dbu nebo jin\u00fdm zp\u016fsobem d\u00e1l pracovat na sv\u00e9m uzdraven\u00ed.<\/p>\n\n\n\n<p>V p\u0159\u00edpad\u011b, \u017ee chcete, aby bylo na sezen\u00ed pomo\u017eeno jin\u00e9mu \u010dlov\u011bku, mus\u00edte m\u00edt jeho souhlas, fotografii a k\u0159estn\u00ed jm\u00e9no.<\/p>\n\n\n\n<p><strong>Objednat se m\u016f\u017eete na:<\/strong><\/p>\n\n\n\n<ul class=\"wp-block-list\">\n<li><strong>Celkov\u00e1 zdravotn\u00ed diagnostika v\u010detn\u011b astr\u00e1ln\u00edho obrazu a z\u00e1sahu<\/strong><\/li>\n\n\n\n<li><strong>Zdravotn\u00ed diagnostika vybran\u00fdch org\u00e1n\u016f \u010di procesu v t\u011ble v\u010detn\u011b astr\u00e1ln\u00edho obrazu a z\u00e1sahu <\/strong><\/li>\n\n\n\n<li><strong>Kontroln\u00ed diagnostika zdravotn\u00edho a astr\u00e1ln\u00edho obrazu<\/strong> <\/li>\n<\/ul>\n\n\n\n<p class=\"has-blue-color has-text-color\"><strong>Z\u00c1SAH NA D\u00c1LKU<\/strong> <\/p>\n\n\n\n<p class=\"has-blue-color has-text-color has-link-color wp-elements-56483f1f07066a1aa3b762fd30453166\"><strong>Diagnostiku je mo\u017en\u00e9 prov\u00e1d\u011bt i na d\u00e1lku. Z hlediska efektu je v\u00fdsledek podobn\u00fd jako u osobn\u00edho sezen\u00ed &#8211; ale je t\u0159eba \u0159\u00edct, \u017ee osobn\u00ed z\u00e1sahy jsou v\u017edy intenzivn\u011bj\u0161\u00ed, maj\u00ed rychlej\u0161\u00ed v\u00fdsledky a celkov\u011b komplexn\u011bj\u0161\u00ed rozm\u011br.<\/strong><\/p>\n\n\n\n<p>Energii nez\u00e1le\u017e\u00ed na tom, zda stoj\u00edte 2 metry od zdroje jej\u00edho p\u016fsoben\u00ed nebo se nach\u00e1z\u00edte 1000 km daleko. Energie nezn\u00e1 hmotn\u00e9 p\u0159ek\u00e1\u017eky zd\u00ed, prostoru ani \u010dasu (jeliko\u017e \u010das, jak jej zn\u00e1me, v podstat\u011b neexistuje a v\u0161e se odehr\u00e1v\u00e1 ve stejn\u00fd okam\u017eik = minulost, p\u0159\u00edtomnost i budoucnost). Proto je mo\u017en\u00e9 m\u011bnit zane\u0161en\u00e9 \u010di zablokovan\u00e9 energie z dob d\u00e1vno minul\u00fdch nebo prov\u00e1d\u011bt diagnostiku sou\u010dasn\u00e9ho, minul\u00e9ho \u010di budouc\u00edho stavu. <\/p>\n\n\n\n<p><strong>Postup z\u00e1sahu je stejn\u00fd jako u osobn\u00edho setk\u00e1n\u00ed.<\/strong><\/p>\n\n\n\n<p class=\"has-blue-color has-text-color\">V tomto p\u0159\u00edpad\u011b je pot\u0159eba zav\u010das p\u0159ed dan\u00fdm term\u00ednem zaslat na email:&nbsp;<a href=\"mailto:astragal@email.cz\"><em>astragal@email.cz<\/em><\/a>&nbsp; fotografii l\u00e9\u010den\u00e9ho spolu s uveden\u00edm jeho k\u0159estn\u00edho jm\u00e9na. Pokud fotografii nem\u00e1te potom za\u0161lete jeho jm\u00e9no a p\u0159\u00edjmen\u00ed, v\u010detn\u011b data a roku narozen\u00ed. Zpr\u00e1vu m\u016f\u017eete p\u0159\u00edpadn\u011b doplnit o informaci, na co se chcete v l\u00e9\u010db\u011b doty\u010dn\u00e9ho zam\u011b\u0159it. <\/p>\n\n\n\n<p><strong>Objednat se m\u016f\u017eete na:<\/strong><\/p>\n\n\n\n<ul class=\"wp-block-list\">\n<li><strong>Diagnostika jednoho zdrav. probl\u00e9mu<\/strong> <strong>bez energetick\u00e9ho z\u00e1sahu<\/strong>.<\/li>\n\n\n\n<li><strong>Diagnostika v\u00edce zdrav. probl\u00e9m\u016f s energetick\u00fdm z\u00e1sahem<\/strong>.<\/li>\n\n\n\n<li><strong>Kontroln\u00ed diagnostika zdravotn\u00edho a astr\u00e1ln\u00edho obrazu<\/strong>.<\/li>\n\n\n\n<li><strong>Diagnostika astr\u00e1ln\u00edho a zdravotn\u00edho obrazu<\/strong> <strong>(1 probl.)<\/strong> <strong>v\u010detn\u011b p\u0159\u00edpadn\u00e9ho z\u00e1sahu<\/strong>.<\/li>\n\n\n\n<li><strong>Diagnostika astr\u00e1ln\u00edho obrazu<\/strong> <strong>v\u010detn\u011b p\u0159\u00edpadn\u00e9ho z\u00e1sahu<\/strong>.<\/li>\n\n\n\n<li><strong>Akutn\u00ed diagnostika astr\u00e1ln\u00edho obrazu<\/strong> <strong>v\u010detn\u011b p\u0159\u00edpadn\u00e9ho z\u00e1sahu <\/strong>\u2013 \u00fakon prob\u00edh\u00e1 v\u011bt\u0161inou bez telefonick\u00e9ho spojen\u00ed.<\/li>\n<\/ul>\n\n\n\n<p><strong>Je mo\u017en\u00e9 vyu\u017e\u00edt aplikaci Viber, kde vol\u00e1te zdarma.<\/strong> <\/p>\n\n\n\n<p class=\"has-blue-color has-text-color\"><strong><u>Informace k vyrovn\u00e1n\u00ed se s Martinou:<\/u><\/strong><\/p>\n\n\n\n<p>Ocenit \u010das a energii, kter\u00e9 Martina vkl\u00e1d\u00e1 do ka\u017ed\u00e9ho proveden\u00e9ho \u00fakonu m\u016f\u017eete jak\u00fdmkoli darem. T\u00edmto podpo\u0159\u00edte jej\u00ed existenci a \u010dinnost.&nbsp;<\/p>\n\n\n\n<p>Ka\u017ed\u00e9ho Va\u0161eho p\u0159\u00edsp\u011bvku si velmi v\u00e1\u017e\u00ed a d\u011bkuje za n\u011bj.<\/p>\n\n\n\n<p><\/p>\n\n\n\n<p><\/p>\n","protected":false},"excerpt":{"rendered":"<p>Diagnostick\u00e1 kresba tohoto typu slou\u017e\u00ed k zobrazen\u00ed va\u0161eho aktu\u00e1ln\u00ed stavu jak ve va\u0161em fyzick\u00e9m t\u011ble, tedy v dan\u00fdch org\u00e1nech apod., ale i v astr\u00e1ln\u00edm poli, kter\u00e9 v\u00e1s obklopuje a kam se propisuj\u00ed ve\u0161ker\u00e1 traumata, neduhy i psychick\u00e9 bloky. Dal\u0161\u00edm krokem je pak nalezen\u00ed p\u0159\u00ed\u010din pot\u00ed\u017e\u00ed a nastaven\u00ed vhodn\u00e9 cesty k va\u0161emu uzdraven\u00ed. Ve fyzick\u00e9 rovin\u011b [&hellip;]<\/p>\n","protected":false},"author":1,"featured_media":0,"parent":0,"menu_order":0,"comment_status":"closed","ping_status":"closed","template":"","meta":{"_mc_calendar":[],"footnotes":""},"class_list":["post-2736","page","type-page","status-publish","hentry"],"_links":{"self":[{"href":"https:\/\/astragal.cz\/index.php\/wp-json\/wp\/v2\/pages\/2736","targetHints":{"allow":["GET"]}}],"collection":[{"href":"https:\/\/astragal.cz\/index.php\/wp-json\/wp\/v2\/pages"}],"about":[{"href":"https:\/\/astragal.cz\/index.php\/wp-json\/wp\/v2\/types\/page"}],"author":[{"embeddable":true,"href":"https:\/\/astragal.cz\/index.php\/wp-json\/wp\/v2\/users\/1"}],"replies":[{"embeddable":true,"href":"https:\/\/astragal.cz\/index.php\/wp-json\/wp\/v2\/comments?post=2736"}],"version-history":[{"count":169,"href":"https:\/\/astragal.cz\/index.php\/wp-json\/wp\/v2\/pages\/2736\/revisions"}],"predecessor-version":[{"id":10927,"href":"https:\/\/astragal.cz\/index.php\/wp-json\/wp\/v2\/pages\/2736\/revisions\/10927"}],"wp:attachment":[{"href":"https:\/\/astragal.cz\/index.php\/wp-json\/wp\/v2\/media?parent=2736"}],"curies":[{"name":"wp","href":"https:\/\/api.w.org\/{rel}","templated":true}]}}