{"id":2738,"date":"2021-06-17T17:17:32","date_gmt":"2021-06-17T16:17:32","guid":{"rendered":"http:\/\/astragal.cz\/?page_id=2738"},"modified":"2025-09-18T10:46:11","modified_gmt":"2025-09-18T09:46:11","slug":"diagnosticka-kresba-rodinnych-vazeb-a-jinych-vztahu","status":"publish","type":"page","link":"https:\/\/astragal.cz\/index.php\/diagnosticka-kresba-rodinnych-vazeb-a-jinych-vztahu\/","title":{"rendered":"Diagnostick\u00e1 kresba rodinn\u00fdch vazeb a jin\u00fdch vztah\u016f"},"content":{"rendered":"\n<p class=\"has-blue-color has-text-color\">Diagnostick\u00e1 kresba tohoto typu slou\u017e\u00ed k zobrazen\u00ed va\u0161ich aktu\u00e1ln\u00edch vazeb v rodinn\u00fdch, partnersk\u00fdch, p\u0159\u00e1telsk\u00fdch, sousedsk\u00fdch, pracovn\u00edch a jin\u00fdch vztaz\u00edch.  Zam\u011b\u0159ena je p\u0159edev\u0161\u00edm na to, jak\u00e9 pocity, z\u00e1m\u011bry, bloky a vazby ve va\u0161ich vztaz\u00edch dominuj\u00ed a jak\u00fdm zp\u016fsobem maj\u00ed tendenci se tyto vztahy vyv\u00edjet.<\/p>\n\n\n\n<p>D\u00e1le m\u016f\u017ee kresba odhalit skryt\u00e1 ubl\u00ed\u017een\u00ed, emoce a probl\u00e9my, d\u00edky jejich\u017e pochopen\u00ed m\u016f\u017eete sv\u00e9 vztahy op\u011bt vr\u00e1tit do harmonie a rovnov\u00e1hy nebo tam, kde to nen\u00ed mo\u017en\u00e9, je alespo\u0148 vylep\u0161it a dostat do p\u0159ijateln\u00e9 podoby.<\/p>\n\n\n\n<p>Je tak\u00e9 mo\u017en\u00e9 se na vztah pod\u00edvat zp\u011bt v \u010dase, do minulosti (nap\u0159. jak jsme my nebo na\u0161i bl\u00edzc\u00ed prob\u011bhl\u00fd konflikt vn\u00edmali, \u010di na m\u00edru energetick\u00e9ho odpojen\u00ed od vztah\u016f minul\u00fdch) nebo naopak na v\u00fdvoj vybran\u00e9ho vztahu do budoucna. <\/p>\n\n\n\n<p><strong>Na z\u00e1klad\u011b zji\u0161t\u011bn\u00ed z diagnostick\u00e9 kresby se dle pot\u0159eby pot\u00e9 provede \u00fakon \u010di\u0161t\u011bn\u00ed rodinn\u00fdch nebo jin\u00fdch vztah\u016f \u010di odpojen\u00ed negativn\u00edch vztahov\u00fdch vazeb v rodinn\u00fdch nebo jin\u00fdch vztaz\u00edch.<\/strong> <\/p>\n\n\n\n<p>V\u00edce o tomto t\u00e9matu si m\u016f\u017eete p\u0159e\u010d\u00edst zde:<\/p>\n\n\n\n<figure class=\"wp-block-embed is-type-wp-embed is-provider-martina-astragal wp-block-embed-martina-astragal\"><div class=\"wp-block-embed__wrapper\">\n<blockquote class=\"wp-embedded-content\" data-secret=\"aD3U595mIt\"><a href=\"https:\/\/astragal.cz\/index.php\/prace-s-energetickym-polem-cloveka\/\">Pr\u00e1ce s energetick\u00fdm polem \u010dlov\u011bka<\/a><\/blockquote><iframe loading=\"lazy\" class=\"wp-embedded-content\" sandbox=\"allow-scripts\" security=\"restricted\" style=\"position: absolute; clip: rect(1px, 1px, 1px, 1px);\" title=\"&#8222;Pr\u00e1ce s energetick\u00fdm polem \u010dlov\u011bka&#8220; &#8212; ASTRAGAL\" src=\"https:\/\/astragal.cz\/index.php\/prace-s-energetickym-polem-cloveka\/embed\/#?secret=QKkM8V3Bc4#?secret=aD3U595mIt\" data-secret=\"aD3U595mIt\" width=\"600\" height=\"338\" frameborder=\"0\" marginwidth=\"0\" marginheight=\"0\" scrolling=\"no\"><\/iframe>\n<\/div><\/figure>\n\n\n\n<p class=\"has-blue-color has-text-color\"><strong>OSOBN\u00cd SEZEN\u00cd<\/strong> <\/p>\n\n\n\n<p>Standardn\u00ed \u00fakon se skl\u00e1d\u00e1 z diagnostick\u00e9 kresby, n\u00e1sledn\u00e9ho rozboru zji\u0161t\u011bn\u00e9ho stavu a energetick\u00e9ho z\u00e1sahu, kter\u00fd (tam, kde je to mo\u017en\u00e9) vy\u010dist\u00ed zji\u0161t\u011bn\u00e9 bloky a otev\u0159e cesty vz\u00e1jemn\u00e9ho pochopen\u00ed, respektu a l\u00e1sky. <\/p>\n\n\n\n<p class=\"has-blue-color has-text-color\">Je t\u0159eba upozornit, \u017ee se z\u00e1sah nemus\u00ed poda\u0159it napoprv\u00e9 a je mo\u017en\u00e9, \u017ee bude muset b\u00fdt z n\u011bjak\u00e9ho d\u016fvodu opakov\u00e1n.&nbsp;Tato skute\u010dnost je p\u0159irozenou sou\u010d\u00e1st\u00ed \u010di\u0161t\u011bn\u00ed mezilidsk\u00fdch vazeb a je v souladu s faktem, \u017ee procesy zpracov\u00e1n\u00ed vztahov\u00fdch blok\u016f se nedaj\u00ed usp\u011bchat ani nijak na s\u00edlu otev\u0159\u00edt \u010di \u0159e\u0161it. V\u0161e se stane tak, jak to bude pro v\u00e1s i pro ty, se kter\u00fdmi budete vazby napravovat, v dan\u00fd \u010das nejlep\u0161\u00ed.<\/p>\n\n\n\n<p>V p\u0159\u00edpad\u011b, \u017ee chcete, aby bylo na sezen\u00ed pomo\u017eeno jin\u00e9mu \u010dlov\u011bku, mus\u00edte m\u00edt jeho souhlas a k\u0159estn\u00ed jm\u00e9no.<\/p>\n\n\n\n<p><strong>\u010cekac\u00ed doba<\/strong> se pohybuje okolo 2-3 m\u011bs\u00edc\u016f.  <\/p>\n\n\n\n<p class=\"has-blue-color has-text-color\"><strong>Z\u00c1SAH NA D\u00c1LKU<\/strong> <\/p>\n\n\n\n<p class=\"has-blue-color has-text-color has-link-color wp-elements-8c3792943f9c9fbae9fe73b258eb809b\"><strong><strong>Diagnostiku je mo\u017en\u00e9 prov\u00e1d\u011bt i na d\u00e1lku. Z hlediska efektu je v\u00fdsledek podobn\u00fd jako u osobn\u00edho sezen\u00ed &#8211; ale je t\u0159eba \u0159\u00edct, \u017ee osobn\u00ed z\u00e1sahy jsou v\u017edy intenzivn\u011bj\u0161\u00ed, maj\u00ed rychlej\u0161\u00ed v\u00fdsledky a celkov\u011b komplexn\u011bj\u0161\u00ed rozm\u011br.<\/strong><\/strong><\/p>\n\n\n\n<p>Energii nez\u00e1le\u017e\u00ed na tom, zda stoj\u00edte 2 metry od zdroje jej\u00edho p\u016fsoben\u00ed nebo se nach\u00e1z\u00edte 1000 km daleko. Energie nezn\u00e1 hmotn\u00e9 p\u0159ek\u00e1\u017eky zd\u00ed, prostoru ani \u010dasu (jeliko\u017e \u010das, jak jej zn\u00e1me, v podstat\u011b neexistuje a v\u0161e se odehr\u00e1v\u00e1 ve stejn\u00fd okam\u017eik = minulost, p\u0159\u00edtomnost i budoucnost). Proto je mo\u017en\u00e9 m\u011bnit zane\u0161en\u00e9 \u010di zablokovan\u00e9 energie z dob d\u00e1vno minul\u00fdch nebo prov\u00e1d\u011bt diagnostiku sou\u010dasn\u00e9ho, minul\u00e9ho \u010di budouc\u00edho stavu. <\/p>\n\n\n\n<p><strong>Postup z\u00e1sahu je stejn\u00fd jako u osobn\u00edho setk\u00e1n\u00ed.<\/strong><\/p>\n\n\n\n<p class=\"has-blue-color has-text-color\"><strong>Objednat se m\u016f\u017eete na:<\/strong><\/p>\n\n\n\n<ul class=\"wp-block-list\">\n<li><strong>Standardn\u00ed diagnostika vztahu mezi 2 &#8211; 4 lidmi v\u010detn\u011b z\u00e1sahu<\/strong><\/li>\n<\/ul>\n\n\n\n<p><strong>\u010cekac\u00ed doba<\/strong> se pohybuje okolo 2 m\u011bs\u00edc\u016f. <\/p>\n\n\n\n<ul class=\"wp-block-list\">\n<li><strong>Akutn\u00ed diagnostika<\/strong>\u00a0(se pou\u017e\u00edv\u00e1 v situaci, kdy se v\u00e1\u0161 vztah s druhou osobou n\u00e1hle naru\u0161\u00ed a vy se pot\u0159ebujete zorientovat v tom, co se mezi v\u00e1mi stalo)<\/li>\n<\/ul>\n\n\n\n<p><strong>\u010cekac\u00ed doba<\/strong>&nbsp;se pohybuje okolo 1 m\u011bs\u00edce. <strong>Tato nab\u00eddka se t\u00fdk\u00e1 se pouze klient\u016f, kter\u00e9 m\u00e1me ji\u017e v p\u00e9\u010di.&nbsp;<\/strong><\/p>\n\n\n\n<p><strong>Je mo\u017en\u00e9 vyu\u017e\u00edt aplikaci Viber, kde vol\u00e1te zdarma.<\/strong><\/p>\n\n\n\n<p class=\"has-blue-color has-text-color\"><strong><u>Informace k vyrovn\u00e1n\u00ed se s Martinou:<\/u><\/strong><\/p>\n\n\n\n<p>Ocenit \u010das a energii, kter\u00e9 Martina vkl\u00e1d\u00e1 do ka\u017ed\u00e9ho proveden\u00e9ho \u00fakonu m\u016f\u017eete jak\u00fdmkoli darem. T\u00edmto podpo\u0159\u00edte jej\u00ed existenci a \u010dinnost.&nbsp;<\/p>\n\n\n\n<p>Ka\u017ed\u00e9ho Va\u0161eho p\u0159\u00edsp\u011bvku si velmi v\u00e1\u017e\u00ed a d\u011bkuje za n\u011bj.&nbsp;<\/p>\n\n\n\n<p class=\"has-blue-color has-text-color\"><\/p>\n\n\n\n<p><\/p>\n","protected":false},"excerpt":{"rendered":"<p>Diagnostick\u00e1 kresba tohoto typu slou\u017e\u00ed k zobrazen\u00ed va\u0161ich aktu\u00e1ln\u00edch vazeb v rodinn\u00fdch, partnersk\u00fdch, p\u0159\u00e1telsk\u00fdch, sousedsk\u00fdch, pracovn\u00edch a jin\u00fdch vztaz\u00edch. Zam\u011b\u0159ena je p\u0159edev\u0161\u00edm na to, jak\u00e9 pocity, z\u00e1m\u011bry, bloky a vazby ve va\u0161ich vztaz\u00edch dominuj\u00ed a jak\u00fdm zp\u016fsobem maj\u00ed tendenci se tyto vztahy vyv\u00edjet. D\u00e1le m\u016f\u017ee kresba odhalit skryt\u00e1 ubl\u00ed\u017een\u00ed, emoce a probl\u00e9my, d\u00edky jejich\u017e pochopen\u00ed [&hellip;]<\/p>\n","protected":false},"author":1,"featured_media":0,"parent":0,"menu_order":0,"comment_status":"closed","ping_status":"closed","template":"","meta":{"_mc_calendar":[],"footnotes":""},"class_list":["post-2738","page","type-page","status-publish","hentry"],"_links":{"self":[{"href":"https:\/\/astragal.cz\/index.php\/wp-json\/wp\/v2\/pages\/2738","targetHints":{"allow":["GET"]}}],"collection":[{"href":"https:\/\/astragal.cz\/index.php\/wp-json\/wp\/v2\/pages"}],"about":[{"href":"https:\/\/astragal.cz\/index.php\/wp-json\/wp\/v2\/types\/page"}],"author":[{"embeddable":true,"href":"https:\/\/astragal.cz\/index.php\/wp-json\/wp\/v2\/users\/1"}],"replies":[{"embeddable":true,"href":"https:\/\/astragal.cz\/index.php\/wp-json\/wp\/v2\/comments?post=2738"}],"version-history":[{"count":99,"href":"https:\/\/astragal.cz\/index.php\/wp-json\/wp\/v2\/pages\/2738\/revisions"}],"predecessor-version":[{"id":10932,"href":"https:\/\/astragal.cz\/index.php\/wp-json\/wp\/v2\/pages\/2738\/revisions\/10932"}],"wp:attachment":[{"href":"https:\/\/astragal.cz\/index.php\/wp-json\/wp\/v2\/media?parent=2738"}],"curies":[{"name":"wp","href":"https:\/\/api.w.org\/{rel}","templated":true}]}}