{"id":285,"date":"2020-05-03T17:07:05","date_gmt":"2020-05-03T16:07:05","guid":{"rendered":"http:\/\/astragal.cz\/?page_id=285"},"modified":"2022-10-18T08:13:49","modified_gmt":"2022-10-18T07:13:49","slug":"leceni","status":"publish","type":"page","link":"https:\/\/astragal.cz\/index.php\/leceni\/","title":{"rendered":"L\u00e9\u010den\u00ed"},"content":{"rendered":"\n<p class=\"has-light-blue-color has-text-color\"><a href=\"https:\/\/astragal.cz\/index.php\/o-leceni-a-jeho-prubehu-pod-vedenim-pani-martiny\/\">O l\u00e9\u010den\u00ed a jeho pr\u016fb\u011bhu pod veden\u00edm pan\u00ed Martiny<\/a><\/p>\n\n\n\n<p class=\"has-light-blue-color has-text-color\"><a href=\"https:\/\/astragal.cz\/index.php\/na-cem-je-zalozen-uspech-biotronicke-lecby\/\">Na \u010dem je zalo\u017een \u00fasp\u011bch energetick\u00e9 l\u00e9\u010dby<\/a><\/p>\n\n\n\n<p class=\"has-light-blue-color has-text-color\"><a href=\"https:\/\/astragal.cz\/index.php\/leceni-beznych-chorob\/\">L\u00e9\u010den\u00ed b\u011b\u017en\u00fdch obt\u00ed\u017e\u00ed<\/a><\/p>\n\n\n\n<p class=\"has-light-blue-color has-text-color\"><a href=\"https:\/\/astragal.cz\/index.php\/leceni-chorob-na-zanetlivem-podkladu\/\">L\u00e9\u010den\u00ed chorob na z\u00e1n\u011btliv\u00e9m podkladu<\/a><\/p>\n\n\n\n<p class=\"has-light-blue-color has-text-color\"><a href=\"https:\/\/astragal.cz\/index.php\/leceni-onkologickych-onemocneni\/\">L\u00e9\u010den\u00ed onkologick\u00fdch onemocn\u011bn\u00ed<\/a><\/p>\n\n\n\n<p class=\"has-light-blue-color has-text-color\"><a href=\"https:\/\/astragal.cz\/index.php\/leceni-pacientu-na-jip-a-jinych-vaznych-stavu\/\">L\u00e9\u010den\u00ed pacient\u016f na JIP a jin\u00fdch v\u00e1\u017en\u00fdch stav\u016f<\/a><\/p>\n\n\n\n<p class=\"has-light-blue-color has-text-color\"><a href=\"https:\/\/astragal.cz\/index.php\/doprovazeni-umirajiciho\/\">Doprov\u00e1zen\u00ed um\u00edraj\u00edc\u00edho<\/a><\/p>\n\n\n\n<p class=\"has-light-blue-color has-text-color\"><a href=\"https:\/\/astragal.cz\/index.php\/leceni-informatiky\/\">L\u00e9\u010den\u00ed informatiky<\/a><\/p>\n\n\n\n<p class=\"has-light-blue-color has-text-color\"><a href=\"https:\/\/astragal.cz\/index.php\/regresni-terapie\/\">Regresn\u00ed terapie<\/a><\/p>\n\n\n\n<p class=\"has-light-blue-color has-text-color\"><a href=\"https:\/\/astragal.cz\/index.php\/poukaz-astragal\/\">Poukaz ASTRAGAL<\/a><\/p>\n","protected":false},"excerpt":{"rendered":"<p>O l\u00e9\u010den\u00ed a jeho pr\u016fb\u011bhu pod veden\u00edm pan\u00ed Martiny Na \u010dem je zalo\u017een \u00fasp\u011bch energetick\u00e9 l\u00e9\u010dby L\u00e9\u010den\u00ed b\u011b\u017en\u00fdch obt\u00ed\u017e\u00ed L\u00e9\u010den\u00ed chorob na z\u00e1n\u011btliv\u00e9m podkladu L\u00e9\u010den\u00ed onkologick\u00fdch onemocn\u011bn\u00ed L\u00e9\u010den\u00ed pacient\u016f na JIP a jin\u00fdch v\u00e1\u017en\u00fdch stav\u016f Doprov\u00e1zen\u00ed um\u00edraj\u00edc\u00edho L\u00e9\u010den\u00ed informatiky Regresn\u00ed terapie Poukaz ASTRAGAL<\/p>\n","protected":false},"author":1,"featured_media":0,"parent":0,"menu_order":0,"comment_status":"closed","ping_status":"closed","template":"","meta":{"_mc_calendar":[],"footnotes":""},"class_list":["post-285","page","type-page","status-publish","hentry"],"_links":{"self":[{"href":"https:\/\/astragal.cz\/index.php\/wp-json\/wp\/v2\/pages\/285","targetHints":{"allow":["GET"]}}],"collection":[{"href":"https:\/\/astragal.cz\/index.php\/wp-json\/wp\/v2\/pages"}],"about":[{"href":"https:\/\/astragal.cz\/index.php\/wp-json\/wp\/v2\/types\/page"}],"author":[{"embeddable":true,"href":"https:\/\/astragal.cz\/index.php\/wp-json\/wp\/v2\/users\/1"}],"replies":[{"embeddable":true,"href":"https:\/\/astragal.cz\/index.php\/wp-json\/wp\/v2\/comments?post=285"}],"version-history":[{"count":47,"href":"https:\/\/astragal.cz\/index.php\/wp-json\/wp\/v2\/pages\/285\/revisions"}],"predecessor-version":[{"id":7261,"href":"https:\/\/astragal.cz\/index.php\/wp-json\/wp\/v2\/pages\/285\/revisions\/7261"}],"wp:attachment":[{"href":"https:\/\/astragal.cz\/index.php\/wp-json\/wp\/v2\/media?parent=285"}],"curies":[{"name":"wp","href":"https:\/\/api.w.org\/{rel}","templated":true}]}}