{"id":306,"date":"2020-05-03T17:29:59","date_gmt":"2020-05-03T16:29:59","guid":{"rendered":"http:\/\/astragal.cz\/?page_id=306"},"modified":"2020-05-10T10:22:21","modified_gmt":"2020-05-10T09:22:21","slug":"boj-o-moc-a-energetickou-prevahu","status":"publish","type":"page","link":"https:\/\/astragal.cz\/index.php\/boj-o-moc-a-energetickou-prevahu\/","title":{"rendered":"Boj o moc a energetickou p\u0159evahu"},"content":{"rendered":"\n<p>Velk\u00e9 t\u00e9ma dne\u0161n\u00edch a n\u00e1sleduj\u00edc\u00edch dn\u00ed, p\u0159edev\u0161\u00edm v roce 2014 a 2015.<\/p>\n\n\n\n<p>Jedn\u00edm z nejt\u011b\u017e\u0161\u00edch boj\u016f, kter\u00e9 mimo boj\u016f s egem (s ni\u017e\u0161\u00edm j\u00e1) sv\u00e1d\u00edme, je boj o pozici, moc a energii.<\/p>\n\n\n\n<p>Mnohdy si to v\u016fbec neuv\u011bdomujeme, ale v 90% v\u0161ech na\u0161ich vztah\u016f (pracovn\u00edch, rodinn\u00fdch, p\u0159\u00e1telsk\u00fdch, sousedsk\u00fdch a jin\u00fdch) podprahov\u011b vyhled\u00e1v\u00e1me co nejv\u00fdhodn\u011bj\u0161\u00ed pozici, proto, abychom byli ocen\u011bni (tj. byla n\u00e1m d\u00e1na kladn\u00e1 energie obdivu nebo uzn\u00e1n\u00ed), pochv\u00e1leni, nebo aby si n\u00e1s okol\u00ed v\u0161imlo apod.<\/p>\n\n\n\n<p>Energie, kterou t\u00edmto z\u00edsk\u00e1v\u00e1me, b\u00fdv\u00e1 odeb\u00edr\u00e1na v\u011bt\u0161inou od t\u011bch, kte\u0159\u00ed n\u00e1m ji pochvalou, uzn\u00e1n\u00edm \u010di pohlazen\u00edm nev\u011bdom\u011b d\u00e1vaj\u00ed a sami se t\u00edmto vy\u010derp\u00e1vaj\u00ed (toto plat\u00ed i pro Va\u0161e dom\u00e1c\u00ed mazl\u00ed\u010dky).<\/p>\n\n\n\n<p>Jist\u011b jste ji\u017e n\u011bkdy za\u017eili situaci, \u017ee se V\u00e1m sv\u011b\u0159oval p\u0159\u00edtel \u010di p\u0159\u00edtelkyn\u011b, st\u00e1le si st\u011b\u017eoval\/a na v\u0161e, co se mu\/j\u00ed v \u017eivot\u011b d\u011bje (z po\u010d\u00e1tku byl\/a sklesl\u00fd\/\u00e1, ale postupem \u010dasu se c\u00edtil\/a st\u00e1le l\u00e9pe a l\u00e9pe) a Vy jste se c\u00edtili po chv\u00edli tohoto rozhovoru naprosto unaven\u00ed, bez n\u00e1lady a chuti do \u017eivota. <\/p>\n\n\n\n<p>\u010c\u00edm mysl\u00edte, \u017ee to bylo? Co mysl\u00edte, \u017ee se energeticky mezi v\u00e1mi b\u011bhem rozhovoru d\u011blo? V praxi to vypad\u00e1 asi takto:<\/p>\n\n\n\n<figure class=\"wp-block-gallery aligncenter columns-1 is-cropped wp-block-gallery-1 is-layout-flex wp-block-gallery-is-layout-flex\"><ul class=\"blocks-gallery-grid\"><li class=\"blocks-gallery-item\"><figure><img loading=\"lazy\" decoding=\"async\" width=\"300\" height=\"213\" src=\"https:\/\/astragal.cz\/wp-content\/uploads\/2020\/05\/e1.jpg\" alt=\"\" data-id=\"426\" class=\"wp-image-426\"\/><\/figure><\/li><\/ul><\/figure>\n\n\n\n<figure class=\"wp-block-gallery aligncenter columns-1 is-cropped wp-block-gallery-2 is-layout-flex wp-block-gallery-is-layout-flex\"><ul class=\"blocks-gallery-grid\"><li class=\"blocks-gallery-item\"><figure><img loading=\"lazy\" decoding=\"async\" width=\"300\" height=\"200\" src=\"https:\/\/astragal.cz\/wp-content\/uploads\/2020\/05\/e2.jpg\" alt=\"\" data-id=\"428\" class=\"wp-image-428\"\/><\/figure><\/li><\/ul><\/figure>\n\n\n\n<p>Ide\u00e1ln\u00ed model je ten, ve kter\u00e9m se energie neust\u00e1le p\u0159el\u00e9v\u00e1 a proud\u00ed voln\u011b (tj. nikde se neblokuje n\u00e1roky ega nebo negativn\u00edmi emocemi), ov\u0161em takov\u00fdchto p\u0159\u00edpad\u016f je velmi m\u00e1lo \u2013 nap\u0159. mni\u0161i ve vysoce posazen\u00fdch hor\u00e1ch.<\/p>\n\n\n\n<p>Poka\u017ed\u00e9, kdy\u017e nekontrolujeme sv\u00e9 ego (sv\u00e9 ni\u017e\u0161\u00ed energie cht\u011bn\u00ed, marnosti, z\u00e1vislosti, z\u00e1visti, odsuzov\u00e1n\u00ed, zlosti \u010di nep\u0159ej\u00edcnosti) n\u00e1s ego hned ovl\u00e1dne, t\u00edm se n\u00e1sledn\u011b sn\u00ed\u017e\u00ed na\u0161e vlastn\u00ed energie a my poc\u00edt\u00edme pot\u0159ebu se &#8222;dob\u00edt&#8220;.<\/p>\n\n\n\n<p>P\u0159\u00edkladem m\u016f\u017ee b\u00fdt roz\u010d\u00edlen\u00fd \u0161\u00e9f v pr\u00e1ci, kter\u00fd V\u00e1m vynad\u00e1 a hned na to je naprosto mil\u00fd (nebo\u0165 jeho energie byla vybita na V\u00e1s), zato Vy se c\u00edt\u00edte na omdlen\u00ed.<\/p>\n\n\n\n<p>Proto, je tak nesm\u00edrn\u011b d\u016fle\u017eit\u00e9 si toto uv\u011bdomovat a neust\u00e1le se zasazovat o to b\u00fdt v  pocitov\u00e9 i energetick\u00e9 rovnov\u00e1ze. Samoz\u0159ejm\u011b ne v\u017edy se vyhneme n\u00e1hl\u00e9mu v\u00fdbuchu vzteku, ale kdy\u017e si uv\u011bdomujeme, co t\u00edm druh\u00e9mu \u010dlov\u011bku i sami sob\u011b (vyslan\u00e9 negace se ot\u00e1\u010d\u00ed i proti n\u00e1m) zp\u016fsobujeme, je v\u011bt\u0161\u00ed pravd\u011bpodobnost, \u017ee se budeme sna\u017eit to nejhor\u0161\u00ed n\u011bjak eliminovat.<\/p>\n\n\n\n<p>Nen\u00ed chybou ukon\u010dit vztahy s lidmi, kte\u0159\u00ed V\u00e1s opakovan\u011b a po del\u0161\u00ed \u010das vy\u010derp\u00e1vaj\u00ed, je to Va\u0161e pr\u00e1vo a mnohdy nutnost k p\u0159e\u017eit\u00ed.<\/p>\n\n\n\n<p>Pokud to jde, sna\u017ete se obklopovat lidmi, kte\u0159\u00ed maj\u00ed ohled na druh\u00e9, jsou schopni empatie a koresponduj\u00ed s Va\u0161\u00edm vlastn\u00edm nastaven\u00edm a udr\u017eujete svoji mysl \u010distou a dob\u0159e nalad\u011bnou.<\/p>\n\n\n\n<p> Jak pracovat s negativn\u00edm my\u0161lenkami naleznete v tomto odkazu:  <\/p>\n\n\n\n<p class=\"has-text-color has-blue-color\"><a href=\"https:\/\/astragal.cz\/index.php\/o-pozitivnim-mysleni-afirmace-a-zmena-mysleni\/\">https:\/\/astragal.cz\/index.php\/o-pozitivnim-mysleni-afirmace-a-zmena-mysleni\/<\/a>.<\/p>\n","protected":false},"excerpt":{"rendered":"<p>Velk\u00e9 t\u00e9ma dne\u0161n\u00edch a n\u00e1sleduj\u00edc\u00edch dn\u00ed, p\u0159edev\u0161\u00edm v roce 2014 a 2015. Jedn\u00edm z nejt\u011b\u017e\u0161\u00edch boj\u016f, kter\u00e9 mimo boj\u016f s egem (s ni\u017e\u0161\u00edm j\u00e1) sv\u00e1d\u00edme, je boj o pozici, moc a energii. Mnohdy si to v\u016fbec neuv\u011bdomujeme, ale v 90% v\u0161ech na\u0161ich vztah\u016f (pracovn\u00edch, rodinn\u00fdch, p\u0159\u00e1telsk\u00fdch, sousedsk\u00fdch a jin\u00fdch) podprahov\u011b vyhled\u00e1v\u00e1me co nejv\u00fdhodn\u011bj\u0161\u00ed pozici, proto, [&hellip;]<\/p>\n","protected":false},"author":1,"featured_media":0,"parent":0,"menu_order":0,"comment_status":"closed","ping_status":"closed","template":"","meta":{"_mc_calendar":[],"footnotes":""},"class_list":["post-306","page","type-page","status-publish","hentry"],"_links":{"self":[{"href":"https:\/\/astragal.cz\/index.php\/wp-json\/wp\/v2\/pages\/306","targetHints":{"allow":["GET"]}}],"collection":[{"href":"https:\/\/astragal.cz\/index.php\/wp-json\/wp\/v2\/pages"}],"about":[{"href":"https:\/\/astragal.cz\/index.php\/wp-json\/wp\/v2\/types\/page"}],"author":[{"embeddable":true,"href":"https:\/\/astragal.cz\/index.php\/wp-json\/wp\/v2\/users\/1"}],"replies":[{"embeddable":true,"href":"https:\/\/astragal.cz\/index.php\/wp-json\/wp\/v2\/comments?post=306"}],"version-history":[{"count":10,"href":"https:\/\/astragal.cz\/index.php\/wp-json\/wp\/v2\/pages\/306\/revisions"}],"predecessor-version":[{"id":869,"href":"https:\/\/astragal.cz\/index.php\/wp-json\/wp\/v2\/pages\/306\/revisions\/869"}],"wp:attachment":[{"href":"https:\/\/astragal.cz\/index.php\/wp-json\/wp\/v2\/media?parent=306"}],"curies":[{"name":"wp","href":"https:\/\/api.w.org\/{rel}","templated":true}]}}