{"id":4313,"date":"2021-10-16T15:35:34","date_gmt":"2021-10-16T14:35:34","guid":{"rendered":"http:\/\/astragal.cz\/?page_id=4313"},"modified":"2023-07-07T21:53:41","modified_gmt":"2023-07-07T20:53:41","slug":"energie-predmetu-a-jejich-programovani","status":"publish","type":"page","link":"https:\/\/astragal.cz\/index.php\/energie-predmetu-a-jejich-programovani\/","title":{"rendered":"Energie p\u0159edm\u011bt\u016f a jejich programov\u00e1n\u00ed"},"content":{"rendered":"\n<p class=\"has-blue-color has-text-color\">Ka\u017ed\u00fd p\u0159edm\u011bt a\u0165 ji\u017e talisman (je orientov\u00e1n na to, \u017ee majiteli p\u0159in\u00e1\u0161\u00ed \u0161t\u011bst\u00ed) \u010di amulet (m\u00e1 chr\u00e1nit p\u0159ed n\u011b\u010d\u00edm), kter\u00fd pou\u017e\u00edv\u00e1te m\u016f\u017ee b\u00fdt bu\u010f velk\u00fdm pomocn\u00edkem nebo velk\u00fdm probl\u00e9mem.<\/p>\n\n\n\n<p>Z\u00e1le\u017e\u00ed na tom, jak\u00fdm zp\u016fsob jste dan\u00fd p\u0159edm\u011bt z\u00edskaly, co p\u0159edstavuje, \u010demu m\u00e1 slou\u017eit, jak\u00e9 \u00famysly do n\u011bj kdo vlo\u017eit a jak se s n\u00edm p\u0159edt\u00edm ne\u017e-li se dostal k v\u00e1m do ruky zach\u00e1zelo.<\/p>\n\n\n\n<p>Tak\u00e9 plat\u00ed to, \u017ee symboly (nap\u0159. pentagram apod.) v sob\u011b uchov\u00e1vaj\u00ed sv\u016fj vlastn\u00ed program a \u00fa\u010del pro kter\u00fd byly stvo\u0159eny a takto tak\u00e9 sami o sob\u011b (bez vlo\u017een\u00e9ho zvl\u00e1\u0161tn\u00edho programu) p\u016fsob\u00ed.<\/p>\n\n\n\n<p>Obecn\u011b v\u0161ak plat\u00ed, \u017ee ka\u017ed\u00fd takov\u00fdto p\u0159edm\u011bt nem\u00e1 s\u00edlu s\u00e1m o sob\u011b, ale je aktivov\u00e1n v\u00edrou nosiltele v n\u011bj. To je pro n\u00e1s velmi dobr\u00e1 zpr\u00e1va, zvl\u00e1\u0161t\u011b pokud se jedn\u00e1 o negativn\u00ed symboly, kter\u00fdmi by se n\u00e1m sna\u017eil n\u011bkdo ubl\u00ed\u017eit. A d\u016fle\u017eit\u00e1 zpr\u00e1va pro v\u0161echny v\u011b\u0159\u00edc\u00ed, kte\u0159\u00ed si mus\u00ed uv\u011bdomit, \u017ee sama sv\u011bcen\u00e1 voda, k\u0159\u00ed\u017e \u010di relikvie je neochr\u00e1n\u00ed, pokud nebudou skute\u010dn\u011b a hluboce v\u011b\u0159it v P\u00e1na Boha a jeho nekone\u010dnou moc.<\/p>\n\n\n\n<p><strong>Pokud si  tedy vyb\u00edr\u00e1te p\u0159edm\u011bt, kter\u00fd u sebe chcete trvale nosit, bu\u010fte obez\u0159etn\u00ed a v\u011bnujte pozornost jeho:<\/strong><\/p>\n\n\n\n<ul class=\"wp-block-list\"><li>tvaru a v\u00fdznamu<\/li><li>p\u016fvodn\u00ed jeho historii<\/li><li>\u00famyslu, pro kter\u00fd si jej chcete po\u0159\u00eddit nebo pro kter\u00fd v\u00e1m byl darov\u00e1n<\/li><li>zp\u016fsobu posv\u011bcen\u00ed nebo jin\u00e9ho naprogramov\u00e1n\u00ed, kter\u00fd u n\u011bj byl proveden<\/li><\/ul>\n\n\n\n<p><strong>U darovan\u00fdch p\u0159edm\u011bt\u016f<\/strong> se \u0159i\u010fte pocitem, pokud se V\u00e1m dan\u00e1 v\u011bc energeticky nel\u00edb\u00ed, nenoste ji. Pokud se ji p\u0159esto nechcete vzd\u00e1t, o\u010dist\u011bte ji a pak se znovu zam\u011b\u0159te nato, jak na V\u00e1s p\u016fsob\u00ed. Pokud nep\u0159\u00edjemn\u00fd pocit st\u00e1le trv\u00e1, rozhodn\u011b nedoporu\u010duji v\u011bc aktivovat (prost\u011b nebyla ur\u010dena pro V\u00e1s \u010di nyn\u00ed nen\u00ed vhodn\u00fd \u010das na to ji pou\u017e\u00edvat), ale s\u00a0l\u00e1skou bu\u010f zakopat do zem\u011b nebo ji p\u0159edat n\u011bkomu jin\u00e9mu, kter\u00e9mu mo\u017en\u00e1 bude pat\u0159it (p\u0159edt\u00edm ji v\u0161ak o\u010dist\u011bte \u010di necht\u011b posv\u011btit \u2013 a\u0165 m\u00e1te \u010dist\u00fd \u0161t\u00edt, \u017ee odevzd\u00e1v\u00e1te energeticky \u010distou v\u011bc). Pop\u0159\u00edpad\u011b ji n\u011bkam ulo\u017eit a po\u010dkat, zda se jej\u00ed energie nezm\u011bn\u00ed.<\/p>\n\n\n\n<p><strong>Pot\u00e9 je nezbytn\u00e9 p\u0159edm\u011bt o\u010distit od v\u0161ech negativn\u00edch energi\u00ed.<\/strong><\/p>\n\n\n\n<p>Bli\u017e\u0161\u00ed informace a p\u0159esn\u011b popsan\u00fd proces o\u010di\u0161t\u011bn\u00ed naleznete zde: <\/p>\n\n\n\n<p class=\"has-blue-color has-text-color\"><a href=\"https:\/\/astragal.cz\/index.php\/ocisteni-predmetu-od-negativnich-energii\/\">https:\/\/astragal.cz\/index.php\/ocisteni-predmetu-od-negativnich-energii\/<\/a>.<\/p>\n\n\n\n<p class=\"has-blue-color has-text-color\"><strong>Programov\u00e1n\u00ed p\u0159edm\u011btu<\/strong>:<\/p>\n\n\n\n<ol class=\"wp-block-list\"><li>Jedn\u00e1 se o vlo\u017een\u00ed \u00famyslu, ke kter\u00e9mu m\u00e1 p\u0159edm\u011bt slou\u017eit<\/li><li>Nej\u010dist\u011bj\u0161\u00edm zp\u016fsobem je nechat v\u011bc far\u00e1\u0159em posv\u011btit<\/li><li>Pokud tuto mo\u017enost z n\u011bjak\u00e9ho d\u016fvodu nem\u00e1te, m\u016f\u017eete p\u0159edm\u011bt po\u017eehnat sami:<\/li><\/ol>\n\n\n\n<ul class=\"wp-block-list\"><li>M\u011bjte zap\u00e1lenou sv\u00edci, je\u017e p\u0159edstavuje bo\u017e\u00ed sv\u011btlo (b\u00edl\u00e1 barva sv\u00edce). <\/li><li>Ujasn\u011bte si, k\u00a0\u010demu pot\u0159ebujete, aby dan\u00fd p\u0159edm\u011bt slou\u017eil (nap\u0159. ochrana p\u0159ed zl\u00fdmi silami, pro \u0161t\u011bst\u00ed, zdrav\u00ed, na l\u00e1sku apod.)<\/li><li>Vezm\u011bte p\u0159edm\u011bt do rukou, polo\u017ete si je do dlan\u011b a pokropte jej sv\u011bcenou vodou s modlitbou za p\u0159\u00edslu\u0161nou v\u011bc &#8211; nap\u0159. \u201ePane pros\u00edm T\u011b o po\u017eehn\u00e1n\u00ed tohoto p\u0159edm\u011btu, aby mne nebo toho komu jej budete d\u00e1vat ochra\u0148oval od v\u0161eho zl\u00e9ho, pomohl upevnit v\u00edru v T\u011bbe a Tvou nekone\u010dnou milost a veden\u00ed.Aby mi pom\u00e1hal rozeznat co je dobr\u00e9 a co \u0161patn\u00e9 apod.\u201c<\/li><\/ul>\n\n\n\n<p class=\"has-blue-color has-text-color\"><strong>P\u0159edm\u011bt nikdy nikomu nep\u016fj\u010dujte ani nenech\u00e1vejte nikoho, aby na n\u011bj sahal.<\/strong> <\/p>\n\n\n\n<p>Je to va\u0161e d\u016fv\u011brn\u00e1 osobn\u00ed v\u011bc, kter\u00e1 m\u00e1 \u010d\u00e1st va\u0161\u00ed energie a je tak lehce zneu\u017eiteln\u00fd proti V\u00e1m.<\/p>\n\n\n\n<p class=\"has-blue-color has-text-color\"><strong>P\u0159edm\u011bt \u010das od \u010dasu vy\u010dist\u011bte<\/strong> <strong>&#8211; znovu posv\u011b\u0165te.<\/strong><\/p>\n\n\n\n<p>Pro b\u011b\u017en\u00e9 (ne hloubkov\u00e9) o\u010di\u0161t\u011bn\u00ed zcela sta\u010d\u00ed, kdy\u017e jej spolu s p\u0159\u00edslu\u0161nou modlitbou kr\u00e1tce opl\u00e1chnout pod vla\u017enou tekouc\u00ed vodou,\u010di vykou\u0159\u00edte kadidlem. <\/p>\n","protected":false},"excerpt":{"rendered":"<p>Ka\u017ed\u00fd p\u0159edm\u011bt a\u0165 ji\u017e talisman (je orientov\u00e1n na to, \u017ee majiteli p\u0159in\u00e1\u0161\u00ed \u0161t\u011bst\u00ed) \u010di amulet (m\u00e1 chr\u00e1nit p\u0159ed n\u011b\u010d\u00edm), kter\u00fd pou\u017e\u00edv\u00e1te m\u016f\u017ee b\u00fdt bu\u010f velk\u00fdm pomocn\u00edkem nebo velk\u00fdm probl\u00e9mem. Z\u00e1le\u017e\u00ed na tom, jak\u00fdm zp\u016fsob jste dan\u00fd p\u0159edm\u011bt z\u00edskaly, co p\u0159edstavuje, \u010demu m\u00e1 slou\u017eit, jak\u00e9 \u00famysly do n\u011bj kdo vlo\u017eit a jak se s n\u00edm p\u0159edt\u00edm [&hellip;]<\/p>\n","protected":false},"author":1,"featured_media":0,"parent":0,"menu_order":0,"comment_status":"closed","ping_status":"closed","template":"","meta":{"_mc_calendar":[],"footnotes":""},"class_list":["post-4313","page","type-page","status-publish","hentry"],"_links":{"self":[{"href":"https:\/\/astragal.cz\/index.php\/wp-json\/wp\/v2\/pages\/4313","targetHints":{"allow":["GET"]}}],"collection":[{"href":"https:\/\/astragal.cz\/index.php\/wp-json\/wp\/v2\/pages"}],"about":[{"href":"https:\/\/astragal.cz\/index.php\/wp-json\/wp\/v2\/types\/page"}],"author":[{"embeddable":true,"href":"https:\/\/astragal.cz\/index.php\/wp-json\/wp\/v2\/users\/1"}],"replies":[{"embeddable":true,"href":"https:\/\/astragal.cz\/index.php\/wp-json\/wp\/v2\/comments?post=4313"}],"version-history":[{"count":9,"href":"https:\/\/astragal.cz\/index.php\/wp-json\/wp\/v2\/pages\/4313\/revisions"}],"predecessor-version":[{"id":8137,"href":"https:\/\/astragal.cz\/index.php\/wp-json\/wp\/v2\/pages\/4313\/revisions\/8137"}],"wp:attachment":[{"href":"https:\/\/astragal.cz\/index.php\/wp-json\/wp\/v2\/media?parent=4313"}],"curies":[{"name":"wp","href":"https:\/\/api.w.org\/{rel}","templated":true}]}}