{"id":6017,"date":"2022-04-20T07:00:05","date_gmt":"2022-04-20T06:00:05","guid":{"rendered":"https:\/\/astragal.cz\/?page_id=6017"},"modified":"2022-10-18T08:07:16","modified_gmt":"2022-10-18T07:07:16","slug":"na-cem-je-zalozen-uspech-biotronicke-lecby","status":"publish","type":"page","link":"https:\/\/astragal.cz\/index.php\/na-cem-je-zalozen-uspech-biotronicke-lecby\/","title":{"rendered":"Na \u010dem je zalo\u017een \u00fasp\u011bch energetick\u00e9 l\u00e9\u010dby"},"content":{"rendered":"\n<p>\u00dasp\u011b\u0161nost biotronick\u00e9 l\u00e9\u010dby z\u00e1vis\u00ed na n\u011bkolika faktorech, kter\u00e9 jsou spolu \u00fazce prov\u00e1z\u00e1ny a ovliv\u0148uj\u00ed se.<\/p>\n\n\n\n<p class=\"has-blue-color has-text-color\">Jedn\u00e1 se p\u0159edev\u0161\u00edm o tyto \u00farovn\u011b:<\/p>\n\n\n\n<p class=\"has-blue-color has-text-color\"><strong>Osobnost l\u00e9\u010ditele<\/strong><\/p>\n\n\n\n<ul class=\"wp-block-list\"><li>charakter osobnosti l\u00e9\u010ditele, m\u00edra jeho vnit\u0159n\u00ed \u010distoty, pokory a zp\u016fsob jeho \u017eivota<\/li><li>p\u0159ipravenost se do jist\u00e9 m\u00edry sebeob\u011btovat pro druh\u00e9 (nebo\u0165 l\u00e9\u010ditelstv\u00ed je &#8222;\u0159ehole&#8220;, kterou l\u00e9\u010ditel dobrovoln\u011b p\u0159ij\u00edm\u00e1 a na sebe nakl\u00e1d\u00e1 z l\u00e1sky k druh\u00e9mu)<\/li><li>schopnost l\u00e9\u010ditele disponovat dostate\u010dn\u00fdm mno\u017estv\u00edm univerz\u00e1ln\u00ed kosmick\u00e9 energie, kterou m\u016f\u017ee pro korigov\u00e1n\u00ed zdravotn\u00ed obt\u00ed\u017e\u00ed druh\u00fdch vyu\u017e\u00edt, ani\u017e by se ho to jakkoli dotklo a ovlivnilo to jeho \u017eivotn\u00ed energii<\/li><li>stupe\u0148 l\u00e9\u010ditelsk\u00e9 vysp\u011blosti (stupe\u0148, kter\u00e9ho l\u00e9\u010ditel ve sv\u00e9 schopnosti pr\u00e1ce s energi\u00ed dos\u00e1hl &#8211; ur\u010duje to, jak\u00e1 onemocn\u011bn\u00ed um\u00ed l\u00e9\u010ditel \u00fasp\u011b\u0161n\u011b l\u00e9\u010dit a na kter\u00e1 ji\u017e nedosahuje)<\/li><li>\u00farove\u0148 l\u00e9\u010ditelov\u00fdch odborn\u00fdch znalost\u00ed z oblasti anatomie t\u011bla, fytoterapie a jin\u00fdch obor\u016f<\/li><li>p\u0159edchoz\u00ed studium a odborn\u00fd dohled u renomovan\u00fdch l\u00e9\u010ditel\u016f <\/li><li>m\u00edra l\u00e9\u010ditelsk\u00e9 praxe a zku\u0161enost\u00ed <\/li><li>z\u00e1jem o pacienta, schopnost empatie a nac\u00edt\u011bn\u00ed se do klienta<\/li><li>vnit\u0159n\u00ed pot\u0159eba neust\u00e1le se vzd\u011bl\u00e1vat a posouvat se ve sv\u00e9m v\u011bd\u011bn\u00ed<\/li><\/ul>\n\n\n\n<p class=\"has-blue-color has-text-color\"><strong>Osobnost l\u00e9\u010den\u00e9ho<\/strong><\/p>\n\n\n\n<ul class=\"wp-block-list\"><li>p\u0159ipravenost zm\u011bnit n\u011bkter\u00e9 sv\u00e9 postoje, kter\u00e9 vedly k nemoci a ji\u017e doty\u010dn\u00e9mu neslou\u017e\u00ed<\/li><li>ur\u010dit\u00e1 pokora v\u016f\u010di procesu l\u00e9\u010dby a uzdravov\u00e1n\u00ed<\/li><li>v\u00edra ve sv\u00e9 uzdraven\u00ed<\/li><li>ochota dodr\u017eovat doporu\u010den\u00e9 postupy a ubrat si n\u011bco ze sv\u00e9ho pohodl\u00ed, aby mohly b\u00fdt dodr\u017eov\u00e1ny<\/li><li>d\u016fv\u011bra v l\u00e9\u010ditele, kter\u00e9ho si jedinec jako sv\u00e9 pr\u016fvodce zvolil a v jeho postupy<\/li><li>odhodl\u00e1n\u00ed zm\u011bnit se a uzdravit se<\/li><\/ul>\n\n\n\n<p class=\"has-blue-color has-text-color\"><strong>Vnit\u0159n\u00ed okolnosti<\/strong><\/p>\n\n\n\n<ul class=\"wp-block-list\"><li>m\u00edra d\u011bdi\u010dn\u00e9 z\u00e1t\u011b\u017ee l\u00e9\u010den\u00e9ho<\/li><li>m\u00edra karmick\u00e9ho zat\u00ed\u017een\u00ed jedince, rodu: <a href=\"https:\/\/astragal.cz\/index.php\/diagnostika-karmickeho-zatizeni-osoby-nebo-majetku\/\" data-type=\"URL\" data-id=\"https:\/\/astragal.cz\/index.php\/diagnostika-karmickeho-zatizeni-osoby-nebo-majetku\/\">https:\/\/astragal.cz\/index.php\/diagnostika-karmickeho-zatizeni-osoby-nebo-majetku\/<\/a><\/li><li>schopnost ment\u00e1ln\u011b pracovat s vnit\u0159n\u00edmi postoji a jejich zm\u011bnou<\/li><li>aktu\u00e1ln\u00ed psychick\u00fd a fyzick\u00fd stav l\u00e9\u010den\u00e9ho<\/li><li>p\u0159edchoz\u00ed zku\u0161enosti v r\u00e1mci prod\u011blan\u00e9 l\u00e9\u010dby (ne\u00fasp\u011bchy, negativn\u00ed zku\u0161enosti aj.)<\/li><\/ul>\n\n\n\n<p class=\"has-blue-color has-text-color\"><strong>Vn\u011bj\u0161\u00ed okolnosti<\/strong><\/p>\n\n\n\n<ul class=\"wp-block-list\"><li>zda je dovoleno pr\u00e1v\u011b v tento \u010das nemoc z nemocn\u00e9ho sejmout, zda je tzv. spr\u00e1vn\u00fd \u010das na uzdraven\u00ed (nebo zda pot\u0159ebuje jedinec z\u00edskat je\u0161t\u011b dal\u0161\u00ed lekce a nemoc proto mus\u00ed d\u00e1le trvat)<\/li><li>rozsah, ve kter\u00e9m je dovoleno smazat karmick\u00e9 zat\u00ed\u017een\u00ed l\u00e9\u010den\u00e9ho<\/li><li>zda je l\u00e9\u010diteli dovoleno s l\u00e9\u010den\u00fdm pracovat (doty\u010dn\u00e9ho l\u00e9\u010dit)<\/li><li>dal\u0161\u00ed \u017eivotn\u00ed okolnosti a ud\u00e1losti v dob\u011b l\u00e9\u010dby l\u00e9\u010den\u00e9ho (st\u011bhov\u00e1n\u00ed, rozchod, \u00famrt\u00ed osob bl\u00edzk\u00fdch apod.)<\/li><\/ul>\n\n\n\n<p class=\"has-blue-color has-text-color\">Proto n\u011bkdy usp\u011bjeme v l\u00e9\u010db\u011b na 100%, jindy t\u0159eba na 60% a n\u011bkdy se bohu\u017eel stane, \u017ee je \u00fasp\u011bch nevaln\u00fd. V\u017edy to z\u00e1vis\u00ed na kombinaci v\u00fd\u0161e jmenovan\u00fdch faktor\u016f a na tom, jak  se u l\u00e9\u010den\u00e9ho jedince a l\u00e9\u010ditele poskl\u00e1daj\u00ed.<\/p>\n\n\n\n<p class=\"has-blue-color has-text-color\">P\u0159esto, \u017ee v\u017edy nem\u016f\u017eeme zaru\u010dit jednozna\u010dn\u00fd \u00fasp\u011bch, v\u011b\u0159\u00edm, \u017ee jak\u00e1koli snaha o uzdraven\u00ed se je cenn\u00e1 a m\u00e1 smysl.<\/p>\n","protected":false},"excerpt":{"rendered":"<p>\u00dasp\u011b\u0161nost biotronick\u00e9 l\u00e9\u010dby z\u00e1vis\u00ed na n\u011bkolika faktorech, kter\u00e9 jsou spolu \u00fazce prov\u00e1z\u00e1ny a ovliv\u0148uj\u00ed se. Jedn\u00e1 se p\u0159edev\u0161\u00edm o tyto \u00farovn\u011b: Osobnost l\u00e9\u010ditele charakter osobnosti l\u00e9\u010ditele, m\u00edra jeho vnit\u0159n\u00ed \u010distoty, pokory a zp\u016fsob jeho \u017eivota p\u0159ipravenost se do jist\u00e9 m\u00edry sebeob\u011btovat pro druh\u00e9 (nebo\u0165 l\u00e9\u010ditelstv\u00ed je &#8222;\u0159ehole&#8220;, kterou l\u00e9\u010ditel dobrovoln\u011b p\u0159ij\u00edm\u00e1 a na sebe nakl\u00e1d\u00e1 [&hellip;]<\/p>\n","protected":false},"author":1,"featured_media":0,"parent":0,"menu_order":0,"comment_status":"closed","ping_status":"closed","template":"","meta":{"_mc_calendar":[],"footnotes":""},"class_list":["post-6017","page","type-page","status-publish","hentry"],"_links":{"self":[{"href":"https:\/\/astragal.cz\/index.php\/wp-json\/wp\/v2\/pages\/6017","targetHints":{"allow":["GET"]}}],"collection":[{"href":"https:\/\/astragal.cz\/index.php\/wp-json\/wp\/v2\/pages"}],"about":[{"href":"https:\/\/astragal.cz\/index.php\/wp-json\/wp\/v2\/types\/page"}],"author":[{"embeddable":true,"href":"https:\/\/astragal.cz\/index.php\/wp-json\/wp\/v2\/users\/1"}],"replies":[{"embeddable":true,"href":"https:\/\/astragal.cz\/index.php\/wp-json\/wp\/v2\/comments?post=6017"}],"version-history":[{"count":26,"href":"https:\/\/astragal.cz\/index.php\/wp-json\/wp\/v2\/pages\/6017\/revisions"}],"predecessor-version":[{"id":7258,"href":"https:\/\/astragal.cz\/index.php\/wp-json\/wp\/v2\/pages\/6017\/revisions\/7258"}],"wp:attachment":[{"href":"https:\/\/astragal.cz\/index.php\/wp-json\/wp\/v2\/media?parent=6017"}],"curies":[{"name":"wp","href":"https:\/\/api.w.org\/{rel}","templated":true}]}}