{"id":696,"date":"2020-05-09T16:24:28","date_gmt":"2020-05-09T15:24:28","guid":{"rendered":"http:\/\/astragal.cz\/?page_id=696"},"modified":"2021-10-20T11:47:30","modified_gmt":"2021-10-20T10:47:30","slug":"medium","status":"publish","type":"page","link":"https:\/\/astragal.cz\/index.php\/medium\/","title":{"rendered":"M\u00e9dium"},"content":{"rendered":"\n<p class=\"has-blue-color has-text-color\"><strong>M\u00e9dium<\/strong> <strong>jak ho vid\u00edm j\u00e1<\/strong><\/p>\n\n\n\n<p>B\u00fdt m\u00e9diem si \u010dlov\u011bk nevyb\u00edr\u00e1, s touto schopnost\u00ed se rod\u00ed nebo je mu nap\u0159.\npo n\u011bjak\u00e9m traumatu (nehod\u011b) n\u00e1hle otev\u0159ena.<\/p>\n\n\n\n<p>U mne tato schopnost byla p\u0159\u00edtomna ji\u017e od narozen\u00ed. Zhruba od 3 let si\npamatuji sv\u00e9 prvn\u00ed uv\u011bdom\u011bn\u00ed, \u017ee mne kontaktuj\u00ed du\u0161e zem\u0159el\u00fdch, tyto du\u0161e\nnevypadali mnohdy jako zem\u0159el\u00ed \u2013ale p\u016fsobili zcela \u017eiv\u00fdm dojmem (jasn\u011b jsem je\nvid\u011bla a&nbsp;sly\u0161ela, tak jako vid\u00edte kohokoli jin\u00e9ho). <\/p>\n\n\n\n<p>Nejednalo se jen o b\u00edl\u00fd nebo \u010dern\u00fd p\u0159\u00edznak, ale o \u201ebarevn\u00e9\u201c obrazy \u017eij\u00edc\u00edch\nlid\u00ed. Vid\u011bla jsem obrazy (jak dobr\u00e9 \u2013 d\u011bv\u010d\u00e1tko blond vlas\u016f v&nbsp;b\u00edl\u00fdch\n\u0161atech, tak \u0161patn\u00e9 \u2013 oho\u0159el\u00e9 tv\u00e1\u0159e lid\u00ed apod.), o kter\u00fdch jsem bezprost\u0159edn\u011b\nvypr\u00e1v\u011bla bl\u00edzk\u00fdm lidem a ti m\u011bli co d\u011blat, aby tyto informace ust\u00e1li ve zdrav\u00ed.<\/p>\n\n\n\n<p>Tehdy jsem naprosto nech\u00e1pala, o co se jedn\u00e1.Myslela jsem, \u017ee jsou re\u00e1ln\u00ed.\nNerozum\u011bla jsem tomu, \u017ee je druz\u00ed nevid\u00ed, nesly\u0161\u00ed. Byl pro mne \u0161ok, \u017ee tomu\nnev\u011b\u0159\u00ed a nemaj\u00ed d\u016fvod v\u011b\u0159it ani m\u011b.&nbsp;<\/p>\n\n\n\n<p>Po \u010dase jsem byla vyd\u011b\u0161en\u00e1 a zoufal\u00e1 z&nbsp;toho, co vid\u00edm, sly\u0161\u00edm nebo ze\nz\u00edskan\u00fdch informac\u00ed, kter\u00e9 m\u00e1m p\u0159edat d\u00e1l. V\u010detn\u011b toho, \u017ee druz\u00ed nic nevid\u00ed,\nnerozum\u00ed a nesd\u00edl\u00ed m\u00e9 pocity zodpov\u011bdnosti v\u016f\u010di du\u0161\u00edm, kter\u00e9 pot\u0159ebuj\u00ed pomoc.<\/p>\n\n\n\n<p>Dlouhou dobu mi nikdo nedok\u00e1zal pomoci a co je hor\u0161\u00ed, z&nbsp;t\u011bch co mohli,\nani pomoci necht\u011bl \u2013 esoterici se b\u00e1li, aby na n\u011b nevstoupila negativn\u00ed\nenergie, v&nbsp;kostele mne rovnou odm\u00edtli \u2013 p\u0159esto m\u00e1m hlubokou v\u00edru\nv&nbsp;boha a na kostely jsem nezanev\u0159ela, v\u017edy je to jen o lidech a tehdy mi\nprost\u011b pan far\u00e1\u0159 nem\u011bl z&nbsp;ur\u010dit\u00e9ho d\u016fvodu pomoci.<\/p>\n\n\n\n<p>St\u00e1le jsem ale c\u00edtila silnou nal\u00e9havost, kterou nebylo mo\u017en\u00e9\nneuposlechnout. V\u011bd\u011bla jsem, \u017ee kdybych sv\u016fj dar (tehdy jsem to brala jako\nz\u00e1vazek mo\u017en\u00e1 z&nbsp;minula) potla\u010dila, vracel by se tak dlouho zp\u011bt, dokud\nbych neuposlechla pln\u011bn\u00ed sv\u00e9ho posl\u00e1n\u00ed.<\/p>\n\n\n\n<p>Nem\u011bla jsem jinou mo\u017enost, ne\u017e nevzd\u00e1vat se a hledat dal\u0161\u00ed a dal\u0161\u00ed zp\u016fsoby\npomoci (podstoupila jsem spoustu konzultac\u00ed u \u201eodborn\u00edk\u016f\u201c, regresi a x jin\u00fdch\ntechnik, kter\u00fdmi jsem doufala, \u017ee to p\u0159estane \u2013 dokonce jsem se pokou\u0161ela sv\u00e9ho\n\u201edaru\u201c vzd\u00e1t\u201c, tj. vr\u00e1tit jej zp\u011bt vesm\u00edru s&nbsp;t\u00edm, \u017ee na to nem\u00e1m a \u017ee si\nvybral \u0161patnou osobu).<\/p>\n\n\n\n<p>N\u00e1sledn\u011b jsem na\u0161la. Byli to \u201eti\u201c, je\u017e mi tento dar dali (jak ironick\u00e9) a\nkte\u0159\u00ed mne celou dobu vedli. Pomohli mi zorientovat se a naj\u00edt zp\u016fsoby, jak\nkomunikovat s&nbsp;du\u0161emi zem\u0159el\u00fdch, jak se neb\u00e1t a jak jim porozum\u011bt.<\/p>\n\n\n\n<p>Trvalo mnoho let, ne\u017e jsem se nau\u010dila s&nbsp;t\u00edmto darem pracovat (ne\u017e jsem\nse s&nbsp;n\u00edm v\u016fbec dok\u00e1zala ztoto\u017enit a p\u0159ijmout ho) a byla jsem schopna podat\nnezvratn\u00e9 d\u016fkazy o tom, co vid\u00edm a sly\u0161\u00edm.<\/p>\n\n\n\n<p>A povedlo se &#8211; n\u00e1hodn\u011b bylo potvrzeno m\u00e9 um\u011bn\u00ed zaznamenat zpr\u00e1vy\nz&nbsp;jin\u00e9 dimenze a nezvratn\u011b byly prok\u00e1z\u00e1na fakta, o kter\u00fdch v\u011bd\u011bli jen ti,\nkte\u0159\u00ed ji\u017e nejsou mezi \u017eiv\u00fdmi, stejn\u011b tak jako ti, je\u017e \u017eij\u00ed a nev\u011b\u0159ili.<\/p>\n\n\n\n<p>Tito se n\u00e1sledn\u011b museli zastavit, zamyslet a uznat, \u017ee existuje tento druh\nkontaktu.<\/p>\n\n\n\n<p>Ov\u0161em nekontaktuj\u00ed n\u00e1s jen du\u0161e hledaj\u00edc\u00edch, ale tak\u00e9 existuj\u00ed du\u0161e, kter\u00e9\nmaj\u00ed pot\u0159ebu n\u00e1s d\u011bsit a pomysln\u011b n\u00e1m ubli\u017eovat \u2013 p\u0159i napad\u00e1n\u00ed \u0161krcen\u00edm apod.,\no tom v\u00ed nejv\u00edce sv\u00e9 exorcist\u00e9, kter\u00fdch v&nbsp;sou\u010dasn\u00e9 dob\u011b ji\u017e je bohu\u017eel jen\nposkrovnu.<\/p>\n\n\n\n<p>B\u00fdt m\u00e9diem nen\u00ed z\u00e1bavn\u00e9, ani \u201ecool\u201c, ale jedn\u00e1 se o hlubok\u00e9 posl\u00e1n\u00ed pom\u00e1hat\nzbloudil\u00fdm du\u0161\u00edm, kter\u00e9mu doty\u010dn\u00fd zasv\u011bcuje sv\u016fj \u017eivot.<\/p>\n\n\n\n<p class=\"has-blue-color has-text-color\">PODLE M\u00c9HO N\u00c1ZORU PRAV\u00c9 M\u00c9DIUM ROZHODN\u011a NEKONTAKTUJE\nZEM\u0158EL\u00c9 NA ZAK\u00c1ZKU KLIENTA &#8211; TEDY V\u00c1S&nbsp;(m\u00e1m na mysli r\u016fzn\u00e9 typy seanc\u00ed apod.)&nbsp;BEZ NEZBYTN\u00ddCH VY\u0160ET\u0158EN\u00cd&nbsp;(diagnostika\nstavu, nutnost spojen\u00ed aj.)!&nbsp;<\/p>\n\n\n\n<p>Reaguje na Va\u0161i v\u00fdzvu k pomoci v p\u0159\u00edpad\u011b, kdy\u017e, se zem\u0159el\u00fd nerozlou\u010dil nebo\njste to nestihli Vy sami, pokud je zem\u0159el\u00fd z\u00e1visl\u00fd na majetku, osob\u011b&nbsp;\u010di\nv\u011bci&nbsp;nebo pokud vyc\u00edt\u00ed, \u017ee doty\u010dn\u00fd zem\u0159el\u00fd se pohybuje ve Va\u0161\u00ed bl\u00edzkosti a\nje to ku prosp\u011bchu obou stran.<\/p>\n\n\n\n<p class=\"has-blue-color has-text-color\">DOMN\u00cdV\u00c1M SE, \u017dE BEZ D\u016eVODU TR\u00c1PIT UV\u011aZN\u011aNOU LIDSKOU DU\u0160I dotazy na na\u0161i budoucnost \u010di podobn\u00fdmi JE\u00a0PROTI\u00a0P\u0158ESV\u011aD\u010cEN\u00cd KA\u017dD\u00c9HO PRAV\u00c9HO M\u00c9DIA. <\/p>\n\n\n\n<p>Je t\u0159eba m\u00edt na mysli, \u017ee du\u0161e\u00a0jedince, kter\u00fd nem\u011bl to \u0161t\u011bst\u00ed a neode\u0161el do sv\u011btla \u2013 nerozplynul svoji existenci, si zachov\u00e1v\u00e1 lidskou podstatu a zaslou\u017e\u00ed si \u00factu.<\/p>\n\n\n\n<p>Proto, pokud c\u00edt\u00edte nutnou pot\u0159ebu se s&nbsp;n\u011bk\u00fdm spojit, ov\u011b\u0159te si, \u017ee\nji\u017e neode\u0161el do sv\u011btla (tj. nec\u00edt\u00edte ho vedle sebe, nezd\u00e1 se V\u00e1m o n\u011bm, nec\u00edt\u00edte\njeho v\u016fni, nem\u00e1te pocit jeho st\u00ednu nebo p\u0159\u00edtomnosti v&nbsp;m\u00edstnosti apod.).<\/p>\n\n\n\n<p>Dob\u0159e a s&nbsp;rozmyslem vyb\u00edrejte osobu, na kterou se p\u0159i nutnosti spojen\u00ed\nse zesnul\u00fdm obr\u00e1t\u00edte.<\/p>\n\n\n\n<p>P\u0159eji V\u00e1m klid a m\u00edr.<\/p>\n\n\n\n<p>&nbsp;&nbsp;&nbsp;&nbsp;&nbsp;&nbsp;&nbsp;&nbsp;&nbsp;&nbsp;&nbsp;&nbsp;&nbsp;&nbsp;&nbsp;&nbsp;&nbsp;&nbsp;&nbsp;&nbsp;&nbsp;&nbsp;&nbsp;&nbsp;&nbsp;&nbsp;&nbsp;&nbsp; Martina&nbsp;&nbsp;&nbsp; <\/p>\n","protected":false},"excerpt":{"rendered":"<p>M\u00e9dium jak ho vid\u00edm j\u00e1 B\u00fdt m\u00e9diem si \u010dlov\u011bk nevyb\u00edr\u00e1, s touto schopnost\u00ed se rod\u00ed nebo je mu nap\u0159. po n\u011bjak\u00e9m traumatu (nehod\u011b) n\u00e1hle otev\u0159ena. U mne tato schopnost byla p\u0159\u00edtomna ji\u017e od narozen\u00ed. Zhruba od 3 let si pamatuji sv\u00e9 prvn\u00ed uv\u011bdom\u011bn\u00ed, \u017ee mne kontaktuj\u00ed du\u0161e zem\u0159el\u00fdch, tyto du\u0161e nevypadali mnohdy jako zem\u0159el\u00ed \u2013ale [&hellip;]<\/p>\n","protected":false},"author":1,"featured_media":0,"parent":0,"menu_order":0,"comment_status":"closed","ping_status":"closed","template":"","meta":{"_mc_calendar":[],"footnotes":""},"class_list":["post-696","page","type-page","status-publish","hentry"],"_links":{"self":[{"href":"https:\/\/astragal.cz\/index.php\/wp-json\/wp\/v2\/pages\/696","targetHints":{"allow":["GET"]}}],"collection":[{"href":"https:\/\/astragal.cz\/index.php\/wp-json\/wp\/v2\/pages"}],"about":[{"href":"https:\/\/astragal.cz\/index.php\/wp-json\/wp\/v2\/types\/page"}],"author":[{"embeddable":true,"href":"https:\/\/astragal.cz\/index.php\/wp-json\/wp\/v2\/users\/1"}],"replies":[{"embeddable":true,"href":"https:\/\/astragal.cz\/index.php\/wp-json\/wp\/v2\/comments?post=696"}],"version-history":[{"count":3,"href":"https:\/\/astragal.cz\/index.php\/wp-json\/wp\/v2\/pages\/696\/revisions"}],"predecessor-version":[{"id":4579,"href":"https:\/\/astragal.cz\/index.php\/wp-json\/wp\/v2\/pages\/696\/revisions\/4579"}],"wp:attachment":[{"href":"https:\/\/astragal.cz\/index.php\/wp-json\/wp\/v2\/media?parent=696"}],"curies":[{"name":"wp","href":"https:\/\/api.w.org\/{rel}","templated":true}]}}

Médium

<p class="has-blue-color has-text-color"><strong>Médium</strong> <strong>jak ho vidím já</strong></p>



<p>Být médiem si člověk nevybírá, s touto schopností se rodí nebo je mu např.
po nějakém traumatu (nehodě) náhle otevřena.</p>



<p>U mne tato schopnost byla přítomna již od narození. Zhruba od 3 let si
pamatuji své první uvědomění, že mne kontaktují duše zemřelých, tyto duše
nevypadali mnohdy jako zemřelí –ale působili zcela živým dojmem (jasně jsem je
viděla a&nbsp;slyšela, tak jako vidíte kohokoli jiného). </p>



<p>Nejednalo se jen o bílý nebo černý příznak, ale o „barevné“ obrazy žijících
lidí. Viděla jsem obrazy (jak dobré – děvčátko blond vlasů v&nbsp;bílých
šatech, tak špatné – ohořelé tváře lidí apod.), o kterých jsem bezprostředně
vyprávěla blízkým lidem a ti měli co dělat, aby tyto informace ustáli ve zdraví.</p>



<p>Tehdy jsem naprosto nechápala, o co se jedná.Myslela jsem, že jsou reální.
Nerozuměla jsem tomu, že je druzí nevidí, neslyší. Byl pro mne šok, že tomu
nevěří a nemají důvod věřit ani mě.&nbsp;</p>



<p>Po čase jsem byla vyděšená a zoufalá z&nbsp;toho, co vidím, slyším nebo ze
získaných informací, které mám předat dál. Včetně toho, že druzí nic nevidí,
nerozumí a nesdílí mé pocity zodpovědnosti vůči duším, které potřebují pomoc.</p>



<p>Dlouhou dobu mi nikdo nedokázal pomoci a co je horší, z&nbsp;těch co mohli,
ani pomoci nechtěl – esoterici se báli, aby na ně nevstoupila negativní
energie, v&nbsp;kostele mne rovnou odmítli – přesto mám hlubokou víru
v&nbsp;boha a na kostely jsem nezanevřela, vždy je to jen o lidech a tehdy mi
prostě pan farář neměl z&nbsp;určitého důvodu pomoci.</p>



<p>Stále jsem ale cítila silnou naléhavost, kterou nebylo možné
neuposlechnout. Věděla jsem, že kdybych svůj dar (tehdy jsem to brala jako
závazek možná z&nbsp;minula) potlačila, vracel by se tak dlouho zpět, dokud
bych neuposlechla plnění svého poslání.</p>



<p>Neměla jsem jinou možnost, než nevzdávat se a hledat další a další způsoby
pomoci (podstoupila jsem spoustu konzultací u „odborníků“, regresi a x jiných
technik, kterými jsem doufala, že to přestane – dokonce jsem se pokoušela svého
„daru“ vzdát“, tj. vrátit jej zpět vesmíru s&nbsp;tím, že na to nemám a že si
vybral špatnou osobu).</p>



<p>Následně jsem našla. Byli to „ti“, jež mi tento dar dali (jak ironické) a
kteří mne celou dobu vedli. Pomohli mi zorientovat se a najít způsoby, jak
komunikovat s&nbsp;dušemi zemřelých, jak se nebát a jak jim porozumět.</p>



<p>Trvalo mnoho let, než jsem se naučila s&nbsp;tímto darem pracovat (než jsem
se s&nbsp;ním vůbec dokázala ztotožnit a přijmout ho) a byla jsem schopna podat
nezvratné důkazy o tom, co vidím a slyším.</p>



<p>A povedlo se &#8211; náhodně bylo potvrzeno mé umění zaznamenat zprávy
z&nbsp;jiné dimenze a nezvratně byly prokázána fakta, o kterých věděli jen ti,
kteří již nejsou mezi živými, stejně tak jako ti, jež žijí a nevěřili.</p>



<p>Tito se následně museli zastavit, zamyslet a uznat, že existuje tento druh
kontaktu.</p>



<p>Ovšem nekontaktují nás jen duše hledajících, ale také existují duše, které
mají potřebu nás děsit a pomyslně nám ubližovat – při napadání škrcením apod.,
o tom ví nejvíce své exorcisté, kterých v&nbsp;současné době již je bohužel jen
poskrovnu.</p>



<p>Být médiem není zábavné, ani „cool“, ale jedná se o hluboké poslání pomáhat
zbloudilým duším, kterému dotyčný zasvěcuje svůj život.</p>



<p class="has-blue-color has-text-color">PODLE MÉHO NÁZORU PRAVÉ MÉDIUM ROZHODNĚ NEKONTAKTUJE
ZEMŘELÉ NA ZAKÁZKU KLIENTA &#8211; TEDY VÁS&nbsp;(mám na mysli různé typy seancí apod.)&nbsp;BEZ NEZBYTNÝCH VYŠETŘENÍ&nbsp;(diagnostika
stavu, nutnost spojení aj.)!&nbsp;</p>



<p>Reaguje na Vaši výzvu k pomoci v případě, když, se zemřelý nerozloučil nebo
jste to nestihli Vy sami, pokud je zemřelý závislý na majetku, osobě&nbsp;či
věci&nbsp;nebo pokud vycítí, že dotyčný zemřelý se pohybuje ve Vaší blízkosti a
je to ku prospěchu obou stran.</p>



<p class="has-blue-color has-text-color">DOMNÍVÁM SE, ŽE BEZ DŮVODU TRÁPIT UVĚZNĚNOU LIDSKOU DUŠI dotazy na naši budoucnost či podobnými JE PROTI PŘESVĚDČENÍ KAŽDÉHO PRAVÉHO MÉDIA. </p>



<p>Je třeba mít na mysli, že duše jedince, který neměl to štěstí a neodešel do světla – nerozplynul svoji existenci, si zachovává lidskou podstatu a zaslouží si úctu.</p>



<p>Proto, pokud cítíte nutnou potřebu se s&nbsp;někým spojit, ověřte si, že
již neodešel do světla (tj. necítíte ho vedle sebe, nezdá se Vám o něm, necítíte
jeho vůni, nemáte pocit jeho stínu nebo přítomnosti v&nbsp;místnosti apod.).</p>



<p>Dobře a s&nbsp;rozmyslem vybírejte osobu, na kterou se při nutnosti spojení
se zesnulým obrátíte.</p>



<p>Přeji Vám klid a mír.</p>



<p>&nbsp;&nbsp;&nbsp;&nbsp;&nbsp;&nbsp;&nbsp;&nbsp;&nbsp;&nbsp;&nbsp;&nbsp;&nbsp;&nbsp;&nbsp;&nbsp;&nbsp;&nbsp;&nbsp;&nbsp;&nbsp;&nbsp;&nbsp;&nbsp;&nbsp;&nbsp;&nbsp;&nbsp; Martina&nbsp;&nbsp;&nbsp; </p>

<p>Médium jak ho vidím já Být médiem si člověk nevybírá, s touto schopností se rodí nebo je mu např. po nějakém traumatu (nehodě) náhle otevřena. U mne tato schopnost byla přítomna již od narození. Zhruba od 3 let si pamatuji své první uvědomění, že mne kontaktují duše zemřelých, tyto duše nevypadali mnohdy jako zemřelí –ale [&hellip;]</p>
