{"id":731,"date":"2020-05-09T16:38:49","date_gmt":"2020-05-09T15:38:49","guid":{"rendered":"http:\/\/astragal.cz\/?page_id=731"},"modified":"2021-10-20T11:55:51","modified_gmt":"2021-10-20T10:55:51","slug":"metody-duchovni-prace","status":"publish","type":"page","link":"https:\/\/astragal.cz\/index.php\/metody-duchovni-prace\/","title":{"rendered":"Metody duchovn\u00ed pr\u00e1ce"},"content":{"rendered":"\n<div class=\"wp-block-image\"><figure class=\"aligncenter size-large\"><img loading=\"lazy\" decoding=\"async\" width=\"698\" height=\"505\" src=\"https:\/\/astragal.cz\/wp-content\/uploads\/2021\/09\/kosmoenergetika-otzivi-i-metodi-raboti_3.jpg\" alt=\"\" class=\"wp-image-3536\" srcset=\"https:\/\/astragal.cz\/wp-content\/uploads\/2021\/09\/kosmoenergetika-otzivi-i-metodi-raboti_3.jpg 698w, https:\/\/astragal.cz\/wp-content\/uploads\/2021\/09\/kosmoenergetika-otzivi-i-metodi-raboti_3-300x217.jpg 300w\" sizes=\"auto, (max-width: 698px) 100vw, 698px\" \/><\/figure><\/div>\n\n\n\n<p class=\"has-text-align-center has-blue-color has-text-color has-small-font-size\"><a href=\"https:\/\/cs.ellas-cookies.com\/duhovnoe-razvitie\/page\/288\/\">https:\/\/cs.ellas-cookies.com\/duhovnoe-razvitie\/page\/288\/<\/a><\/p>\n\n\n\n<p>V tomto \u010dl\u00e1nku se chci v\u011bnovat zp\u016fsob\u016fm duchovn\u00ed pr\u00e1ce ve smyslu spr\u00e1vn\u00e9ho vybr\u00e1n\u00ed a aplikov\u00e1n\u00ed metod\/metody p\u0159i duchovn\u00edch \u010dinnostech.M\u00fdm c\u00edlem jetak\u00e9 upozornit V\u00e1s na mo\u017en\u00e1 \u00faskal\u00ed p\u0159i jejich pou\u017e\u00edv\u00e1n\u00ed. <\/p>\n\n\n\n<p>V\u00fd\u010det metod jako takov\u00fdch&nbsp;podle m\u00e9ho n\u00e1zoru nem\u00e1 smysl zde nijak uv\u00e1d\u011bt,\nv\u011bt\u0161ina z V\u00e1s ji\u017e sv\u016fj sm\u011br duchovn\u00ed pr\u00e1ce na\u0161la nebo m\u00e1 pov\u011bdom\u00ed&nbsp;o tom,\n\u010demu by se cht\u011bla do budoucna v\u011bnovat. Podle sv\u00e9ho zam\u011b\u0159en\u00ed individu\u00e1ln\u011b\njednotliv\u00e9 techniky studujete, proto se na n\u011b zde z&nbsp;hlediska jejich obsahu\nnezam\u011b\u0159\u00edm. V&nbsp;dne\u0161n\u00ed dob\u011b ji\u017e tak\u00e9 nen\u00ed probl\u00e9m naj\u00edt si dob\u0159e zpracovan\u00e9\ninformace z t\u011bchto&nbsp;oblast\u00ed.<\/p>\n\n\n\n<p>Pro zd\u00e1rnou pr\u00e1ci v&nbsp;oblasti pou\u017e\u00edv\u00e1n\u00ed metod duchovn\u00ed pr\u00e1ce pova\u017euji p\u0159edev\u0161\u00edm\ndobrou znalost metody, kterouchcete vyu\u017e\u00edvat. Nap\u0159. pokud se chyst\u00e1me odv\u00e1d\u011bt\ndu\u0161i zem\u0159el\u00e9ho, nen\u00ed dostate\u010dn\u00e9 m\u00edt o tomto t\u00e9matu pouze na\u010dteno (z knih,\ninternetu), ale je nutn\u00e9 absolvovat tuto \u010dinnost nejd\u0159\u00edve n\u011bkolikr\u00e1t pod\ndozorem zku\u0161en\u011bj\u0161\u00ed osoby a pak teprve se do n\u011b\u010deho takov\u00e9ho pou\u0161t\u011bt sami.<\/p>\n\n\n\n<p class=\"has-blue-color has-text-color\"><strong>Je d\u016fle\u017eit\u00e9 si\nuv\u011bdomit, \u017ee Va\u0161e \u010dinnost nem\u016f\u017ee b\u00fdt efektivn\u00ed a kvalitn\u011b odveden\u00e1, pokud:<\/strong><strong><\/strong><\/p>\n\n\n\n<ul class=\"wp-block-list\"><li>na vybran\u00fd \u00fakol&nbsp;(zdravotn\u00ed probl\u00e9m, \u010di\u0161t\u011bn\u00ed\nprostoru, v\u00fdklad karet apod.)&nbsp;nezvol\u00edte tu spr\u00e1vnou metodu&nbsp;&#8211;\nnav\u00edc to m\u016f\u017ee b\u00fdt velmi nebezpe\u010dn\u00e9 (!). P\u0159edstavte si, \u017ee chcete o\u010distit\nprostor od negativn\u00ed energie (nezjist\u00edte, \u017ee se na m\u00edst\u011b pohybuj\u00ed neodveden\u00e9\ndu\u0161e), za\u010dnete pracovat a zp\u016fsob\u00edte vlnu odporu zm\u00edn\u011bn\u00fdch sil, nedok\u00e1\u017eete si v\nt\u00e9 chv\u00edli poradit a v z\u00e1v\u011bru nad\u011bl\u00e1te v\u00edc \u0161kody ne\u017e u\u017eitku \u010di nedej bo\u017ee\nnecht\u011bn\u011b po\u0161kod\u00edte fyzick\u00e9 \u010di psychick\u00e9 zdrav\u00ed klienta<\/li><\/ul>\n\n\n\n<ul class=\"wp-block-list\"><li>dob\u0159e zvolenou metodu neum\u00edte vyu\u017e\u00edt v praxi,&nbsp;tzn. vyberete\nspr\u00e1vn\u00fd zp\u016fsob, ale nem\u00e1te s jeho pou\u017eit\u00edm dostate\u010dnou zku\u0161enost, nebo nejste\nobezn\u00e1meni s mo\u017en\u00fdmi riziky jeho aplikace a nejste za\u0161t\u00edt\u011bni pod odborn\u00fdm\nveden\u00edm (alespo\u0148 po dobu nezbytn\u011b nutnou);&nbsp;<\/li><\/ul>\n\n\n\n<ul class=\"wp-block-list\"><li>poka\u017ed\u00e9 vol\u00edte na stejn\u00fd \u00fakon jinou metodu&nbsp;(rozhodn\u011b\nnedoporu\u010duji &#8211; pak \u010dlov\u011bk neum\u00ed ani jednu z&nbsp;technik spr\u00e1vn\u011b a nav\u00edc nem\u016f\u017ee\nsi zp\u011btn\u011b ov\u011b\u0159it efektivnost tohoto p\u0159\u00edstupu vzhledem k&nbsp;l\u00e9\u010db\u011b \u010di jin\u00fdm\nz\u00e1sah\u016fm, kter\u00e9 prost\u0159ednictv\u00ed j\u00ed prov\u00e1d\u00ed);&nbsp;<\/li><\/ul>\n\n\n\n<ul class=\"wp-block-list\"><li>jste nev\u011bnovali dostatek \u010dasu sezn\u00e1men\u00ed se s r\u016fzn\u00fdmi\nmetodami duchovn\u00ed pr\u00e1ce a sami si jimi nepro\u0161li&nbsp;&#8211; tedy nez\u00edskali\njste dostate\u010dn\u00fd p\u0159ehled o typech metod a mo\u017enostech, vhodnosti&nbsp;jejich\nvyu\u017eit\u00ed, nem\u00e1te p\u0159edstavu o tom, jak se bude c\u00edtit V\u00e1s klient b\u011bhem Va\u0161eho\nz\u00e1sahu, ani co budete p\u0159i veden\u00ed \u00fakonu pro\u017e\u00edvat Vy sami.<\/li><\/ul>\n\n\n\n<p>Metod duchovn\u00ed pr\u00e1ce je mnoho a rozhoduj\u00edc\u00ed je pro v\u00fdkon a p\u016fsoben\u00ed v\nur\u010dit\u00e9 oblasti duchovn\u00ed&nbsp;\u010dinnosti&nbsp;to, pro co se ka\u017ed\u00fd z obdarovan\u00fdch\njedinc\u016f &#8222;narodil&#8220;. N\u011bkdo je rozen\u00fd kart\u00e1\u0159, jin\u00fd l\u00e9\u010ditel atd. Toto je\ndobr\u00e9 p\u0159i v\u00fdb\u011bru oblasti Va\u0161eho budouc\u00edho p\u016fsoben\u00ed respektovat. Usnadn\u00ed V\u00e1m to\ncestu, nebo\u0165 m\u00e1te ji\u017e p\u0159irozen\u00fd talent a schopnost pro danou v\u011bc a pokud jdete\nv&nbsp;souladu v&nbsp;energetickou sm\u011b\u0159ov\u00e1n\u00ed vesm\u00edrn\u00fdch sil, v\u011bci jsou sami od\nsebe a nepot\u0159ebuj\u00ed \u017e\u00e1dn\u00fd velk\u00fd tlak a d\u0159inu. <\/p>\n\n\n\n<p>Studium p\u0159\u00edstup\u016f v&nbsp;duchovn\u00ed oblasti a n\u00e1sledn\u00e1 pr\u00e1ce s&nbsp;klienty je\nvelmi n\u00e1ro\u010dn\u00e1, ale pokud jdete v&nbsp;souladu s&nbsp;b\u011bhem \u017eivota, jedn\u00e1 se o\nkr\u00e1sn\u00e9 a napl\u0148uj\u00edc\u00ed posl\u00e1n\u00ed.<\/p>\n\n\n\n<p>D\u016fle\u017eit\u00e9 je tak\u00e9 to, aby se \u010dlov\u011bk, kter\u00fd m\u00e1 schopnosti pro dobr\u00fd v\u00fdkon\njedn\u00e9 v\u011bci, nesna\u017eil pou\u0161t\u011bt se do jin\u00fdch, kter\u00fdm nerozum\u00ed, nebo na n\u011b zkr\u00e1tka\nnem\u00e1 &#8211; to m\u016f\u017ee opravdu v\u00e9st a\u017e ke katastrof\u00e1ln\u00edm n\u00e1sledk\u016fm, kdy ti, jim\u017e m\u011blo\nb\u00fdt p\u016fvodn\u011b pomo\u017eeno, mus\u00ed sh\u00e1n\u011bt n\u011bkoho, kdo odstran\u00ed zk\u00e1zu po p\u016fvodn\u00edm\n&#8222;odborn\u00edkovi&#8220;, a kolikr\u00e1t je to na velmi dlouho, s fyziologick\u00fdmi a\nenergetick\u00fdmi&nbsp;n\u00e1sledky.<\/p>\n\n\n\n<p>Ve sv\u00e9 praxi jsem byla opravdu mnohokr\u00e1t sv\u011bdkem toho, jak lehkov\u00e1\u017en\u011b a\nnezodpov\u011bdn\u011b p\u0159istupuj\u00ed mnoz\u00ed z&nbsp;kart\u00e1\u0159\u016f, l\u00e9\u010ditel\u016f, terapeut\u016f k \u010dinnosti,\nkterou provozuj\u00ed a co h\u016f\u0159 &#8211; mnoho z&nbsp;nich v&nbsp;t\u00e9to sf\u00e9\u0159e nem\u011bla ani co\nd\u011blat. Jednalo se o du\u0161e, kter\u00e9 je\u0161t\u011b nedos\u00e1hly takov\u00e9ho stupn\u011b v\u011bdom\u00ed, aby\nporozum\u011bli tomu, co jejich jedn\u00e1n\u00ed m\u016f\u017ee nap\u00e1chat jak na nich sam\u00fdch, tak na\nlidech, kte\u0159\u00ed se jim s&nbsp;d\u016fv\u011brou sv\u011b\u0159uj\u00ed. <\/p>\n\n\n\n<p>Zvl\u00e1\u0161tn\u00ed kapitolou jsou lid\u00e9, kte\u0159\u00ed v\u00ed, \u017ee \u017e\u00e1dn\u00e9 zvl\u00e1\u0161tn\u00ed schopnosti\nnemaj\u00ed, ale vzhledem k&nbsp;tomu, \u017ee je to modern\u00ed a d\u00e1 se na tom dob\u0159e\nvyd\u011blat, tak si otev\u00edraj\u00ed sv\u00e9 praxe a jsou pro laika mnohdy velmi\ntraumatizuj\u00edc\u00ed zku\u0161enost\u00ed. Nutno podotknout, \u017ee tito jedinci si svoji\nnebezpe\u010dnost pro klienta \u010dasto v\u016fbec neuv\u011bdomuj\u00ed a absolutn\u011b netu\u0161\u00ed, co v\u0161echno\nmohou neodborn\u00fdm z\u00e1sahem v&nbsp;klientovi spustit nebo jak moc mu mohou\nubl\u00ed\u017eit. <\/p>\n\n\n\n<p>Jeden p\u0159\u00edklad za v\u0161echny: Volala mi pan\u00ed, kter\u00e1 byla na doporu\u010den\u00ed sv\u00e9\nzn\u00e1m\u00e9 u kart\u00e1\u0159ky. Ta j\u00ed ozn\u00e1mila, \u017ee pan\u00ed v&nbsp;nejbli\u017e\u0161\u00ed dob\u011b sraz\u00ed tramvaj.\nTo je v\u0161e. \u017d\u00e1dn\u00fd n\u00e1vod, jak se t\u00e9to situaci m\u016f\u017ee klientka vyhnout \u010di d\u016fvod,\npro\u010d by se to m\u011blo st\u00e1t. Pan\u00ed odch\u00e1zela od kart\u00e1\u0159ky v&nbsp;naprosto kritick\u00e9m\nstavu, n\u011bkolik dn\u00ed z&nbsp;toho nemohla sp\u00e1t, onu trag\u00e9dii o\u010dek\u00e1vala za ka\u017ed\u00fdm\nrohem, ob\u00e1vala se vyj\u00edt z&nbsp;domu. <\/p>\n\n\n\n<p>Nakonec byla ze sv\u00e9ho stavu tak\nvy\u010derpan\u00e1, \u017ee bych se ani nedivila, kdyby ji tramvaj opravdu srazila. Nakonec\nse tak d\u00edky bohu nestalo, ale mohlo se st\u00e1t mnoho jin\u00e9ho (trval\u00e9 psychick\u00e9\nn\u00e1sledky, \u017ealude\u010dn\u00ed v\u0159edy apod.).<\/p>\n\n\n\n<p>Cel\u00e1 tato situace n\u00e1sledn\u011b vede k&nbsp;tomu, \u017ee lid\u00e9, kte\u0159\u00ed jsou opravdu\nnemocn\u00ed nebo maj\u00ed jin\u00fd v\u00e1\u017en\u00fd probl\u00e9m, ztr\u00e1c\u00ed d\u016fv\u011bru v&nbsp;alternativn\u00ed zp\u016fsoby\nuzdraven\u00ed (l\u00e9\u010dby) \u010di v&nbsp;duchovn\u00ed pr\u00e1ci jako takovou.<\/p>\n\n\n\n<p>Jestli\u017ee se v\u011bnujete studiu V\u00e1mi vybran\u00e9ho p\u0159\u00edstupu dlouho a spolupracujete\ns&nbsp;pr\u016fvodcem, kter\u00fd m\u00e1 za sebou \u0159adu let praxe, rozv\u00edj\u00edte se a st\u00e1v\u00e1te se\nskute\u010dn\u00fdm pomocn\u00edkem pro mnoho ne\u0161\u0165astn\u00fdch a ztracen\u00fdch lidsk\u00fdch du\u0161\u00ed. \u010casem zjist\u00edte,\n\u017ee se pole Va\u0161eho p\u016fsoben\u00ed a schopnost\u00ed postupn\u011b roz\u0161i\u0159uje a pou\u017e\u00edv\u00e1te kvalitn\u011b\nv\u00edce technik, kter\u00e9 perfektn\u011b ovl\u00e1d\u00e1te, ale to je proces, kter\u00fd se tvo\u0159\u00ed roky.<\/p>\n\n\n\n<p>P\u0159esto v\u0161ak stoj\u00ed za to, j\u00edt cestou kvalitn\u00edho a hlubok\u00e9ho pozn\u00e1n\u00ed, cestou p\u00edle a pokory v\u016f\u010di pr\u00e1ci s&nbsp;energi\u00ed i v\u016f\u010di \u017eivotu.<\/p>\n","protected":false},"excerpt":{"rendered":"<p>https:\/\/cs.ellas-cookies.com\/duhovnoe-razvitie\/page\/288\/ V tomto \u010dl\u00e1nku se chci v\u011bnovat zp\u016fsob\u016fm duchovn\u00ed pr\u00e1ce ve smyslu spr\u00e1vn\u00e9ho vybr\u00e1n\u00ed a aplikov\u00e1n\u00ed metod\/metody p\u0159i duchovn\u00edch \u010dinnostech.M\u00fdm c\u00edlem jetak\u00e9 upozornit V\u00e1s na mo\u017en\u00e1 \u00faskal\u00ed p\u0159i jejich pou\u017e\u00edv\u00e1n\u00ed. V\u00fd\u010det metod jako takov\u00fdch&nbsp;podle m\u00e9ho n\u00e1zoru nem\u00e1 smysl zde nijak uv\u00e1d\u011bt, v\u011bt\u0161ina z V\u00e1s ji\u017e sv\u016fj sm\u011br duchovn\u00ed pr\u00e1ce na\u0161la nebo m\u00e1 pov\u011bdom\u00ed&nbsp;o tom, \u010demu [&hellip;]<\/p>\n","protected":false},"author":1,"featured_media":0,"parent":0,"menu_order":0,"comment_status":"closed","ping_status":"closed","template":"","meta":{"_mc_calendar":[],"footnotes":""},"class_list":["post-731","page","type-page","status-publish","hentry"],"_links":{"self":[{"href":"https:\/\/astragal.cz\/index.php\/wp-json\/wp\/v2\/pages\/731","targetHints":{"allow":["GET"]}}],"collection":[{"href":"https:\/\/astragal.cz\/index.php\/wp-json\/wp\/v2\/pages"}],"about":[{"href":"https:\/\/astragal.cz\/index.php\/wp-json\/wp\/v2\/types\/page"}],"author":[{"embeddable":true,"href":"https:\/\/astragal.cz\/index.php\/wp-json\/wp\/v2\/users\/1"}],"replies":[{"embeddable":true,"href":"https:\/\/astragal.cz\/index.php\/wp-json\/wp\/v2\/comments?post=731"}],"version-history":[{"count":4,"href":"https:\/\/astragal.cz\/index.php\/wp-json\/wp\/v2\/pages\/731\/revisions"}],"predecessor-version":[{"id":4592,"href":"https:\/\/astragal.cz\/index.php\/wp-json\/wp\/v2\/pages\/731\/revisions\/4592"}],"wp:attachment":[{"href":"https:\/\/astragal.cz\/index.php\/wp-json\/wp\/v2\/media?parent=731"}],"curies":[{"name":"wp","href":"https:\/\/api.w.org\/{rel}","templated":true}]}}