{"id":741,"date":"2020-05-09T16:40:25","date_gmt":"2020-05-09T15:40:25","guid":{"rendered":"http:\/\/astragal.cz\/?page_id=741"},"modified":"2021-09-12T14:52:07","modified_gmt":"2021-09-12T13:52:07","slug":"uzemneni-tela-a-duse","status":"publish","type":"page","link":"https:\/\/astragal.cz\/index.php\/uzemneni-tela-a-duse\/","title":{"rendered":"Uzemn\u011bn\u00ed t\u011bla a du\u0161e"},"content":{"rendered":"\n<div class=\"wp-block-image\"><figure class=\"aligncenter size-large\"><img loading=\"lazy\" decoding=\"async\" width=\"250\" height=\"374\" src=\"https:\/\/astragal.cz\/wp-content\/uploads\/2021\/09\/cakry_linie_hara.jpg\" alt=\"\" class=\"wp-image-3554\" srcset=\"https:\/\/astragal.cz\/wp-content\/uploads\/2021\/09\/cakry_linie_hara.jpg 250w, https:\/\/astragal.cz\/wp-content\/uploads\/2021\/09\/cakry_linie_hara-201x300.jpg 201w\" sizes=\"auto, (max-width: 250px) 100vw, 250px\" \/><\/figure><\/div>\n\n\n\n<p class=\"has-text-color has-text-align-center has-small-font-size has-blue-color\"><a href=\"http:\/\/www.lastura.cz\/duchovno\/esotericky_slovnicek\/subtilni_energeticky_system\/cakry\/cakry_linie_hara.html\">http:\/\/www.lastura.cz\/duchovno\/esotericky_slovnicek\/subtilni_energeticky_system\/cakry\/cakry_linie_hara.html<\/a><\/p>\n\n\n\n<p>Uzemn\u011bn\u00ed pro \u010dlov\u011bka p\u0159edstavuje energetick\u00e9 zakotven\u00ed t\u011bla pomoc\u00ed vyu\u017eit\u00ed sil zem\u011b. Souvis\u00ed s\u00a0n\u00edm takzvan\u00e1 zemsk\u00e1 \u010dakra, kter\u00e1 se nach\u00e1z\u00ed pod \u00farovn\u00ed Va\u0161ich nohou. <\/p>\n\n\n\n<div class=\"wp-block-image\"><figure class=\"aligncenter\"><img loading=\"lazy\" decoding=\"async\" width=\"216\" height=\"304\" src=\"https:\/\/astragal.cz\/wp-content\/uploads\/2020\/05\/nov\u00fd-1.jpg\" alt=\"\" class=\"wp-image-902\" srcset=\"https:\/\/astragal.cz\/wp-content\/uploads\/2020\/05\/nov\u00fd-1.jpg 216w, https:\/\/astragal.cz\/wp-content\/uploads\/2020\/05\/nov\u00fd-1-213x300.jpg 213w\" sizes=\"auto, (max-width: 216px) 100vw, 216px\" \/><\/figure><\/div>\n\n\n\n<p>Proto je dobr\u00e9 v\u011bnovat \u010das pr\u00e1ci s&nbsp;n\u00ed\na jej\u00edmu pro\u010di\u0161\u0165ov\u00e1n\u00ed a posilov\u00e1n\u00ed. Barva tohoto energetick\u00e9ho centra je hn\u011bd\u00e1.<\/p>\n\n\n\n<p><strong>Svoji energii m\u016f\u017eete uzemnit n\u00e1sleduj\u00edc\u00edmi zp\u016fsoby:&nbsp;&nbsp; <\/strong><\/p>\n\n\n\n<ul class=\"wp-block-list\"><li>Proch\u00e1zen\u00ed se tr\u00e1vou, p\u00edskem, hl\u00ednou, list\u00edm<\/li><li>Pr\u00e1ce s&nbsp;hl\u00ednou<\/li><li>Mnut\u00ed d\u0159ev\u011bn\u00e9ho valounku v&nbsp;ruce<\/li><li>No\u0161en\u00ed d\u0159ev\u011bn\u00e9ho n\u00e1hrdeln\u00edku \u010di n\u00e1ramku<\/li><li>No\u0161en\u00edm hn\u011bd\u00e9 barvy<\/li><li>Meditac\u00ed s&nbsp;hn\u011bdou barvou<\/li><li>Poslouch\u00e1n\u00edm hudby zem\u011b (hu\u010den\u00ed vody, prask\u00e1n\u00ed ohn\u011b, fouk\u00e1n\u00ed v\u011btru,\nbubnov\u00e1n\u00ed de\u0161t\u011b apod.)<\/li><li>Pr\u00e1ce s&nbsp;kameny<\/li><li>Sledov\u00e1n\u00ed ohn\u011b atd.<\/li><\/ul>\n\n\n\n<p>Probl\u00e9m s&nbsp;uzemn\u011bn\u00edm vznik\u00e1 na z\u00e1klad\u011b\np\u0159\u00edtomnosti energetick\u00e9 nerovnov\u00e1hy, kter\u00e1 m\u016f\u017ee b\u00fdt zp\u016fsobena:<\/p>\n\n\n\n<ul class=\"wp-block-list\"><li>Vy\u010derp\u00e1n\u00edm<\/li><li>Nemoc\u00ed<\/li><li>Z\u00e1sahem jin\u00e9 osoby do na\u0161eho energetick\u00e9ho syst\u00e9mu (mas\u00e1\u017e, objet\u00ed od\nenergetick\u00e9ho up\u00edra, odb\u011brem krve apod.)<\/li><li>Nekvalitn\u011b proveden\u00fdm z\u00e1sahem p\u0159i duchovn\u00ed pr\u00e1ci, kter\u00fd jsme provedli my\nsami<\/li><li>Bolest\u00ed v&nbsp;t\u011ble<\/li><li>Porodem<\/li><li>Ztr\u00e1tou \u010d\u00e1st\u00ed t\u011bla<\/li><li>Aktu\u00e1ln\u011b pro\u017e\u00edvanou stresovou situac\u00ed (rozchod, smrt bl\u00edzk\u00e9 osoby apod.)<\/li><li>Psychickou poruchou<\/li><li>Rychlou ztr\u00e1tou hmotnosti (kdy\u017e \u010dlov\u011bk zhubne b\u011bhem velmi kr\u00e1tk\u00e9 doby nap\u0159.\n10 a v\u00edce kilo)<\/li><li>P\u0159\u00edtomnost\u00ed p\u0159ivt\u011blen\u00e9 bytosti<\/li><li>Nedokon\u010den\u00fdm n\u00e1vratem do t\u011bla po astr\u00e1ln\u00edm cestov\u00e1n\u00ed <\/li><li>P\u0159i n\u00edzk\u00e9m krevn\u00edm tlaku<\/li><\/ul>\n\n\n\n<p>P\u0159i duchovn\u00ed pr\u00e1ci a r\u016fstu se n\u00e1m (hlavn\u011b\nv&nbsp;prvn\u00edch f\u00e1z\u00edch)&nbsp;n\u011bkdy st\u00e1v\u00e1, \u017ee pon\u011bkud \u010dasto \u201eul\u00edt\u00e1v\u00e1me\u201c. Pro\ntento stav je typick\u00e9, \u017ee t\u00e9m\u011b\u0159 nec\u00edt\u00edme t\u011blo. Tento pocit je velmi nep\u0159\u00edjemn\u00fd,\nnejsme nap\u0159\u00edklad schopni ovl\u00e1dat sami sebe tak, jak jsme b\u011b\u017en\u011b zvykl\u00ed &#8211; mozek\nd\u00e1 p\u0159\u00edkaz t\u011blu vsta\u0148 a jdi, ale t\u011blo toho nen\u00ed schopn\u00e9. \u010casto tak\u00e9 m\u016f\u017eeme\nztr\u00e1cet kontakt s&nbsp;realitou, m\u016f\u017eeme poci\u0165ovat, \u017ee&nbsp;se na n\u00e1s napojuj\u00ed\nr\u016fzn\u00e9 ni\u017e\u0161\u00ed energie \u010di bytosti apod.<\/p>\n\n\n\n<p>Stejn\u011b tak se tomu d\u011bje ve vy\u0161\u0161\u00edch\nstupn\u00edch duchovn\u00edho r\u016fstu a ve vy\u0161\u0161\u00edch vibra\u010dn\u00edch frekvenc\u00edch, kdy se b\u011bhem\nstav\u016f zm\u011bn\u011bn\u00e9ho v\u011bdom\u00ed m\u016f\u017ee st\u00e1t, \u017ee se doty\u010dn\u00fd najednou nedok\u00e1\u017ee vr\u00e1tit zp\u011bt\ndo reality a to i p\u0159esto, \u017ee se energeticky zajistil, ne\u017e s&nbsp;postupem do\nvy\u0161\u0161\u00edch sf\u00e9r za\u010dal.Tyto stavy jsou rozhodn\u011b nep\u0159\u00edjemn\u00e9 nejen pro n\u00e1s, ale\nmnohdy i pro na\u0161e okol\u00ed. Av\u0161ak daj\u00ed se \u0159e\u0161it.<\/p>\n\n\n\n<p><strong>Pokud jste jedn\u00edm z&nbsp;t\u011bch, kte\u0159\u00ed se zrovna pot\u00fdkaj\u00ed s&nbsp;t\u00edmto\nprobl\u00e9mem, a V\u00e1\u0161 aktu\u00e1ln\u00ed stav nen\u00ed intenzivn\u011b kritick\u00fd, doporu\u010duji:<\/strong><strong><\/strong><\/p>\n\n\n\n<p>&#8211;&nbsp;&nbsp;&nbsp;&nbsp;&nbsp;&nbsp;&nbsp;&nbsp;&nbsp;&nbsp;Aktivov\u00e1n\u00ed, vy\u010di\u0161t\u011bn\u00ed a\npos\u00edlen\u00ed zemsk\u00e9 \u010dakry<\/p>\n\n\n\n<p>&#8211;&nbsp;&nbsp;&nbsp;&nbsp;&nbsp;&nbsp;&nbsp;&nbsp;&nbsp;&nbsp;No\u0161en\u00ed \u0161perk\u016f ze d\u0159eva,\nhl\u00edny a drah\u00e9ho kovu (doporu\u010duji pouze st\u0159\u00edbro a zlato. Jsou nejsiln\u011bj\u0161\u00edmi a\nv&nbsp;duchovn\u00ed praxi oded\u00e1vna pou\u017e\u00edvan\u00fdmi a prov\u011b\u0159en\u00fdmi vodi\u010di)<\/p>\n\n\n\n<p>&#8211;&nbsp;&nbsp;&nbsp;&nbsp;&nbsp;&nbsp;&nbsp;&nbsp;&nbsp;&nbsp;Chozen\u00ed bos\u00fdma nohama nap\u0159.\npo parket\u00e1ch, zemi, tr\u00e1v\u011b, kam\u00ednc\u00edch<\/p>\n\n\n\n<p>&#8211;&nbsp;&nbsp;&nbsp;&nbsp;&nbsp;&nbsp;&nbsp;&nbsp;&nbsp;&nbsp;Dot\u00fdk\u00e1n\u00ed se k\u016fry strom\u016f\nnebo jej\u00ed no\u0161en\u00ed u sebe<\/p>\n\n\n\n<p>&#8211;&nbsp;&nbsp;&nbsp;&nbsp;&nbsp;&nbsp;&nbsp;&nbsp;&nbsp;&nbsp;Pokud duchovn\u011b pracujete\na zkou\u0161\u00edte n\u011bjak\u00e9 techniky, m\u011bjte v\u017edy u sebe osobu, kter\u00e1 V\u00e1s v&nbsp;krizov\u00e9m\np\u0159\u00edpad\u011b m\u016f\u017ee chytit za ruce a p\u0159iv\u00e9st zp\u011bt, pop\u0159\u00edpad\u011b jinak uzemnit<\/p>\n\n\n\n<p>&#8211;&nbsp;&nbsp;&nbsp;&nbsp;&nbsp;&nbsp;&nbsp;&nbsp;&nbsp;&nbsp;Pokud ul\u00edtnete a jste\nsami, po\u017e\u00e1dejte vesm\u00edrn\u00e9 s\u00edly o navr\u00e1cen\u00ed do Va\u0161\u00ed p\u0159irozen\u00e9 vibra\u010dn\u00ed \u00farovn\u011b <\/p>\n\n\n\n<p>&#8211;&nbsp;&nbsp;&nbsp;&nbsp;&nbsp;&nbsp;&nbsp;&nbsp;&nbsp;&nbsp;Poslouchejte skladby,\nkde je sly\u0161et dusot kon\u00ed, bubnov\u00e1n\u00ed, praskaj\u00edc\u00ed ohe\u0148 (nebo u n\u011bj jen se\u010fte)<\/p>\n\n\n\n<p>&#8211;&nbsp;&nbsp;&nbsp;&nbsp;&nbsp;&nbsp;&nbsp;&nbsp;&nbsp;&nbsp;Pozorujte plamen sv\u00ed\u010dky\na spojujte se s&nbsp;energi\u00ed ohn\u011b<\/p>\n\n\n\n<p>&#8211;&nbsp;&nbsp;&nbsp;&nbsp;&nbsp;&nbsp;&nbsp;&nbsp;&nbsp;&nbsp;Pracujte s&nbsp;hl\u00ednou\n(s\u00e1zejte kytky, je\u010fte na zahradu, vyjd\u011bte do lesa, zabo\u0159te ruce do hl\u00edny\/p\u00edsku,\nposb\u00edrejte mech nebo vyrobte hrn\u00ed\u010dek na hrn\u010d\u00ed\u0159sk\u00e9m kruhu)<\/p>\n\n\n\n<p>&#8211;&nbsp;&nbsp;&nbsp;&nbsp;&nbsp;&nbsp;&nbsp;&nbsp;&nbsp;&nbsp;V&nbsp;dob\u011b, kdy tento\nprobl\u00e9m zaznamen\u00e1te, p\u0159esta\u0148te na chv\u00edli s&nbsp;duchovn\u00ed &nbsp;pr\u00e1ci, je\npot\u0159eba abyste z\u00edskali zp\u011bt rozhozenou rovnov\u00e1hu, jak\u00e9koli dal\u0161\u00ed pokra\u010dov\u00e1n\u00ed by\nmohlo b\u00fdt i nebezpe\u010dn\u00e9 (pamatujte v\u0161echno m\u00e1 sv\u00e9 z\u00e1konitosti a to je jedna z\nnich)<\/p>\n\n\n\n<p>Pozor na vodu, ta m\u00e1 naopak\nvlastnost uzemn\u011bn\u00ed sni\u017eovat!<\/p>\n\n\n\n<p><strong>Pokud je V\u00e1\u0161 stav z\u00e1va\u017en\u00fd a intenzivn\u00ed, ur\u010dit\u011b nev\u00e1hejte\nkontaktovat odborn\u00edka, kter\u00fd provede z\u00e1kladn\u00ed stabilizuj\u00edc\u00ed z\u00e1sah a n\u00e1sledn\u011b V\u00e1m\npom\u016f\u017ee v&nbsp;praktick\u00e9m n\u00e1cviku, jak t\u011bmto stav\u016fm p\u0159edch\u00e1zet.<\/strong><\/p>\n\n\n\n<p>Duchovn\u00ed r\u016fst a pr\u00e1ce je mo\u017en\u00fd jen za p\u0159edpokladu, \u017ee stoj\u00edme nohama pevn\u011b na zemi. Je pot\u0159eba m\u00edt siln\u00e9 spojen\u00ed se zem\u00ed, abychom se&nbsp;m\u011bli po dlouh\u00fdch pout\u00edch kam vracet a&nbsp;c\u00edtili jistotu a podporu, kter\u00e1 n\u00e1s i p\u0159i vysok\u00fdch vibrac\u00edch udr\u017e\u00ed (d\u016fle\u017eitost kvalitn\u00edho uzemn\u011bn\u00ed se t\u00fdk\u00e1 tak\u00e9&nbsp;situac\u00ed, kdy se n\u00e1m stane, \u017ee p\u0159ecen\u00edme sv\u00e9 s\u00edly, pust\u00edme se do duchovn\u00ed pr\u00e1ce a najednou zjist\u00edme, \u017ee to nezvl\u00e1d\u00e1me a \u017ee p\u0159est\u00e1v\u00e1me &#8222;b\u00fdt zde&#8220;). <\/p>\n","protected":false},"excerpt":{"rendered":"<p>http:\/\/www.lastura.cz\/duchovno\/esotericky_slovnicek\/subtilni_energeticky_system\/cakry\/cakry_linie_hara.html Uzemn\u011bn\u00ed pro \u010dlov\u011bka p\u0159edstavuje energetick\u00e9 zakotven\u00ed t\u011bla pomoc\u00ed vyu\u017eit\u00ed sil zem\u011b. Souvis\u00ed s\u00a0n\u00edm takzvan\u00e1 zemsk\u00e1 \u010dakra, kter\u00e1 se nach\u00e1z\u00ed pod \u00farovn\u00ed Va\u0161ich nohou. Proto je dobr\u00e9 v\u011bnovat \u010das pr\u00e1ci s&nbsp;n\u00ed a jej\u00edmu pro\u010di\u0161\u0165ov\u00e1n\u00ed a posilov\u00e1n\u00ed. Barva tohoto energetick\u00e9ho centra je hn\u011bd\u00e1. Svoji energii m\u016f\u017eete uzemnit n\u00e1sleduj\u00edc\u00edmi zp\u016fsoby:&nbsp;&nbsp; Proch\u00e1zen\u00ed se tr\u00e1vou, p\u00edskem, hl\u00ednou, list\u00edm Pr\u00e1ce [&hellip;]<\/p>\n","protected":false},"author":1,"featured_media":0,"parent":0,"menu_order":0,"comment_status":"closed","ping_status":"closed","template":"","meta":{"_mc_calendar":[],"footnotes":""},"class_list":["post-741","page","type-page","status-publish","hentry"],"_links":{"self":[{"href":"https:\/\/astragal.cz\/index.php\/wp-json\/wp\/v2\/pages\/741","targetHints":{"allow":["GET"]}}],"collection":[{"href":"https:\/\/astragal.cz\/index.php\/wp-json\/wp\/v2\/pages"}],"about":[{"href":"https:\/\/astragal.cz\/index.php\/wp-json\/wp\/v2\/types\/page"}],"author":[{"embeddable":true,"href":"https:\/\/astragal.cz\/index.php\/wp-json\/wp\/v2\/users\/1"}],"replies":[{"embeddable":true,"href":"https:\/\/astragal.cz\/index.php\/wp-json\/wp\/v2\/comments?post=741"}],"version-history":[{"count":7,"href":"https:\/\/astragal.cz\/index.php\/wp-json\/wp\/v2\/pages\/741\/revisions"}],"predecessor-version":[{"id":3556,"href":"https:\/\/astragal.cz\/index.php\/wp-json\/wp\/v2\/pages\/741\/revisions\/3556"}],"wp:attachment":[{"href":"https:\/\/astragal.cz\/index.php\/wp-json\/wp\/v2\/media?parent=741"}],"curies":[{"name":"wp","href":"https:\/\/api.w.org\/{rel}","templated":true}]}}