{"id":8175,"date":"2023-09-01T11:22:33","date_gmt":"2023-09-01T10:22:33","guid":{"rendered":"https:\/\/astragal.cz\/?page_id=8175"},"modified":"2023-12-20T12:53:07","modified_gmt":"2023-12-20T11:53:07","slug":"prehled-poselstvi-2023","status":"publish","type":"page","link":"https:\/\/astragal.cz\/index.php\/prehled-poselstvi-2023\/","title":{"rendered":"P\u0159ehled poselstv\u00ed roku 2023"},"content":{"rendered":"\n<p class=\"has-light-blue-color has-text-color\"><a href=\"https:\/\/astragal.cz\/index.php\/poselstvi-pro-tento-rok\/\">Poselstv\u00ed pro tento rok<\/a><\/p>\n\n\n\n<p class=\"has-light-blue-color has-text-color\"><a href=\"https:\/\/astragal.cz\/index.php\/souhrn-zasadnich-poselstvi-2023\/\">Souhrn z\u00e1sadn\u00edch poselstv\u00ed 2023<\/a><\/p>\n","protected":false},"excerpt":{"rendered":"<p>Poselstv\u00ed pro tento rok Souhrn z\u00e1sadn\u00edch poselstv\u00ed 2023<\/p>\n","protected":false},"author":1,"featured_media":0,"parent":0,"menu_order":0,"comment_status":"closed","ping_status":"closed","template":"","meta":{"_mc_calendar":[],"footnotes":""},"class_list":["post-8175","page","type-page","status-publish","hentry"],"_links":{"self":[{"href":"https:\/\/astragal.cz\/index.php\/wp-json\/wp\/v2\/pages\/8175","targetHints":{"allow":["GET"]}}],"collection":[{"href":"https:\/\/astragal.cz\/index.php\/wp-json\/wp\/v2\/pages"}],"about":[{"href":"https:\/\/astragal.cz\/index.php\/wp-json\/wp\/v2\/types\/page"}],"author":[{"embeddable":true,"href":"https:\/\/astragal.cz\/index.php\/wp-json\/wp\/v2\/users\/1"}],"replies":[{"embeddable":true,"href":"https:\/\/astragal.cz\/index.php\/wp-json\/wp\/v2\/comments?post=8175"}],"version-history":[{"count":9,"href":"https:\/\/astragal.cz\/index.php\/wp-json\/wp\/v2\/pages\/8175\/revisions"}],"predecessor-version":[{"id":8586,"href":"https:\/\/astragal.cz\/index.php\/wp-json\/wp\/v2\/pages\/8175\/revisions\/8586"}],"wp:attachment":[{"href":"https:\/\/astragal.cz\/index.php\/wp-json\/wp\/v2\/media?parent=8175"}],"curies":[{"name":"wp","href":"https:\/\/api.w.org\/{rel}","templated":true}]}}