{"id":8558,"date":"2023-12-20T11:59:18","date_gmt":"2023-12-20T10:59:18","guid":{"rendered":"https:\/\/astragal.cz\/?page_id=8558"},"modified":"2026-01-31T19:49:18","modified_gmt":"2026-01-31T18:49:18","slug":"clanky-rozhovory","status":"publish","type":"page","link":"https:\/\/astragal.cz\/index.php\/clanky-rozhovory\/","title":{"rendered":"\u010cl\u00e1nky, hovory s M."},"content":{"rendered":"<div class=\"wp-block-image\">\n<figure class=\"aligncenter size-large is-resized\"><img loading=\"lazy\" decoding=\"async\" width=\"1024\" height=\"1024\" src=\"https:\/\/astragal.cz\/wp-content\/uploads\/2026\/01\/ai-generated-8682953_1280-1024x1024.png\" alt=\"\" class=\"wp-image-11430\" style=\"width:469px;height:auto\" srcset=\"https:\/\/astragal.cz\/wp-content\/uploads\/2026\/01\/ai-generated-8682953_1280-1024x1024.png 1024w, https:\/\/astragal.cz\/wp-content\/uploads\/2026\/01\/ai-generated-8682953_1280-300x300.png 300w, https:\/\/astragal.cz\/wp-content\/uploads\/2026\/01\/ai-generated-8682953_1280-150x150.png 150w, https:\/\/astragal.cz\/wp-content\/uploads\/2026\/01\/ai-generated-8682953_1280-768x768.png 768w, https:\/\/astragal.cz\/wp-content\/uploads\/2026\/01\/ai-generated-8682953_1280.png 1280w\" sizes=\"auto, (max-width: 1024px) 100vw, 1024px\" \/><\/figure><\/div>\n\n\n<p class=\"has-blue-color has-text-color\"><a href=\"https:\/\/astragal.cz\/index.php\/kategorie-clanku\/\">Kategorie \u010dl\u00e1nk\u016f<\/a><\/p>\n\n\n\n<p class=\"has-blue-color has-text-color\"><a href=\"https:\/\/astragal.cz\/index.php\/hovory-s-martinou\/\">Hovory s Martinou<\/a><\/p>\n\n\n\n<p class=\"has-blue-color has-text-color\"><a href=\"https:\/\/astragal.cz\/index.php\/pro-radost-a-povzbuzeni\/\">Pro radost a povzbuzen\u00ed<\/a><\/p>\n\n\n\n<p><\/p>\n","protected":false},"excerpt":{"rendered":"<p>Kategorie \u010dl\u00e1nk\u016f Hovory s Martinou Pro radost a povzbuzen\u00ed<\/p>\n","protected":false},"author":1,"featured_media":0,"parent":0,"menu_order":0,"comment_status":"closed","ping_status":"closed","template":"","meta":{"_mc_calendar":[],"footnotes":""},"class_list":["post-8558","page","type-page","status-publish","hentry"],"_links":{"self":[{"href":"https:\/\/astragal.cz\/index.php\/wp-json\/wp\/v2\/pages\/8558","targetHints":{"allow":["GET"]}}],"collection":[{"href":"https:\/\/astragal.cz\/index.php\/wp-json\/wp\/v2\/pages"}],"about":[{"href":"https:\/\/astragal.cz\/index.php\/wp-json\/wp\/v2\/types\/page"}],"author":[{"embeddable":true,"href":"https:\/\/astragal.cz\/index.php\/wp-json\/wp\/v2\/users\/1"}],"replies":[{"embeddable":true,"href":"https:\/\/astragal.cz\/index.php\/wp-json\/wp\/v2\/comments?post=8558"}],"version-history":[{"count":17,"href":"https:\/\/astragal.cz\/index.php\/wp-json\/wp\/v2\/pages\/8558\/revisions"}],"predecessor-version":[{"id":11442,"href":"https:\/\/astragal.cz\/index.php\/wp-json\/wp\/v2\/pages\/8558\/revisions\/11442"}],"wp:attachment":[{"href":"https:\/\/astragal.cz\/index.php\/wp-json\/wp\/v2\/media?parent=8558"}],"curies":[{"name":"wp","href":"https:\/\/api.w.org\/{rel}","templated":true}]}}