{"id":8565,"date":"2023-12-20T12:22:23","date_gmt":"2023-12-20T11:22:23","guid":{"rendered":"https:\/\/astragal.cz\/?page_id=8565"},"modified":"2026-01-31T19:02:58","modified_gmt":"2026-01-31T18:02:58","slug":"o-tymu-astragal","status":"publish","type":"page","link":"https:\/\/astragal.cz\/index.php\/o-tymu-astragal\/","title":{"rendered":"O t\u00fdmu ASTRAGAL"},"content":{"rendered":"<div class=\"wp-block-image\">\n<figure class=\"aligncenter size-full\"><img loading=\"lazy\" decoding=\"async\" width=\"370\" height=\"465\" src=\"https:\/\/astragal.cz\/wp-content\/uploads\/2026\/01\/istockphoto-1197096630-170667a-2.jpg\" alt=\"\" class=\"wp-image-11423\" srcset=\"https:\/\/astragal.cz\/wp-content\/uploads\/2026\/01\/istockphoto-1197096630-170667a-2.jpg 370w, https:\/\/astragal.cz\/wp-content\/uploads\/2026\/01\/istockphoto-1197096630-170667a-2-239x300.jpg 239w\" sizes=\"auto, (max-width: 370px) 100vw, 370px\" \/><\/figure><\/div>\n\n\n<p>V pr\u016fb\u011bhu t\u011bch 14 let, kdy ASTRAGAL existuje, se ve snaze pomoci druh\u00fdm v m\u00e9m t\u00fdmu vyskytla spousta lid\u00ed, kte\u0159\u00ed byli odhodl\u00e1ni pom\u00e1hat a zasv\u011btit sv\u016fj \u017eivot pomoci druh\u00fdm.<\/p>\n\n\n\n<p>O tom, jak moc je tato cesta t\u011b\u017ek\u00e1 a \u017ee je opravdu jen pro \u201evyvolen\u00e9\u201c sv\u011bd\u010d\u00ed fakt, \u017ee n\u011bkter\u00e9 hned, jin\u00e9 a\u017e postupem \u010dasu udol\u00e1 st\u0159et s realitou skute\u010dn\u00e9 pomoci, psychick\u00e1, fyzick\u00e1 i \u010dasov\u00e1 n\u00e1ro\u010dnost tohoto posl\u00e1n\u00ed a postupn\u011b ze sv\u00e9ho pl\u00e1nu pom\u00e1hat upust\u00ed.<\/p>\n\n\n\n<p>Pomoc druh\u00fdm je nikdy nekon\u010d\u00edc\u00ed sm\u011bna vy\u017eaduj\u00edc\u00ed 100% nasazen\u00ed a kondici.<\/p>\n\n\n\n<p>Pravdou je, \u017ee nezi\u0161tn\u011b pom\u00e1hat a pracovat s lidmi, kte\u0159\u00ed jsou na dn\u011b, b\u00fdt tu pro n\u011b v dob\u011b, i kdy\u017e se n\u00e1m to nehod\u00ed (jsou pr\u00e1zdniny, v\u00edkend apod.) nebo se n\u00e1m nechce (jsme sami unaven\u00ed \u010di m\u00e1me jin\u00e9 starosti), je velice t\u011b\u017ek\u00e9 a vy\u017eaduje to \u010distou bytost s velk\u00fdm srdcem,  schopnost\u00ed d\u00e1t sv\u011btu n\u011bco ze sebe, p\u0159esto\u017ee v\u00ed, \u017ee se to vr\u00e1tit nemus\u00ed a pevnou v\u00edrou v to, co d\u011bl\u00e1.<\/p>\n\n\n\n<p><strong>Dovoluji si v\u00e1m nyn\u00ed s velkou l\u00e1skou a vd\u011b\u010dnost\u00ed v srdci p\u0159edstavit ty, kte\u0159\u00ed to v\u0161echno zvl\u00e1dli, vytrvali a do\u0161li se mnou a\u017e sem:<\/strong><\/p>\n\n\n\n<p><strong>Pan\u00ed M\u00ed\u0161a<\/strong> \u2013 neskute\u010dn\u00e1 bytost, kter\u00e1 by d\u00fdchala za cel\u00fd sv\u011bt a do \u00famoru pracuje, kdykoli je to t\u0159eba. Nikdy si nest\u011b\u017euje a v\u017edy je tu, p\u0159ipraven\u00e1 konat. Hlubok\u00fd sklon p\u0159ed n\u00ed \u2013 je \u0161t\u011bst\u00ed ji m\u00edt ve sv\u00e9m \u017eivot\u011b. Bez n\u00ed bychom nemohli b\u00fdt.<\/p>\n\n\n\n<p><strong>Pan\u00ed Inka <\/strong>\u2013 zachr\u00e1nce Astragalu a skute\u010dn\u00fd p\u0159\u00edtel v jedn\u00e9 osob\u011b. Ob\u011btav\u011b pom\u00e1h\u00e1 a pracuje kdykoli je to mo\u017en\u00e9, ve\u010dery nevyj\u00edmaje.<\/p>\n\n\n\n<p><strong>Pan\u00ed Jarka <\/strong>\u2013 letit\u00fd patron Astragalu, kter\u00fd je tu v\u017edy, kdy je t\u0159eba. Pan\u00ed Jarka vede ne\u00fanavn\u011b s pln\u00fdm nasazen\u00edm modlitebn\u00ed skupinku Astragal a tvo\u0159\u00ed velkou podporu pro v\u0161echny pot\u0159ebn\u00e9.<\/p>\n\n\n\n<p><strong>Pan\u00ed Magda<\/strong> \u2013 dr\u017e\u00ed pevn\u00e1 velk\u00e1 ochrann\u00e1 k\u0159\u00eddla nad Astragalem a vede medita\u010dn\u00ed skupinku Astragal, kter\u00e1 pracuje na roz\u0161\u00ed\u0159en\u00ed v\u011bdom\u00ed lidstva a z\u00e1chranu planety.<\/p>\n\n\n\n<p><strong>Pan Zden\u011bk<\/strong> \u2013 nejsiln\u011bj\u0161\u00ed \u010dl\u00e1nek na\u0161eho t\u00fdmu, bez kter\u00e9ho by nebylo mo\u017en\u00e9 m\u00e9 posl\u00e1n\u00ed vykon\u00e1vat. Str\u00e1\u017ece, poradce a ochr\u00e1nce. Velk\u00e1 z\u00e1\u0161tita n\u00e1s v\u0161ech.<\/p>\n\n\n\n<p><strong>Pan\u00ed Jana<\/strong> \u2013 l\u00e9ta se intenzivn\u011b v\u011bnovala klient\u016fm Astragalu a nyn\u00ed je p\u0159ipravena n\u00e1razov\u011b akutn\u011b zas\u00e1hnout jako pevn\u00e1 z\u00e1loha, pokud by bylo t\u0159eba pomoci. P\u0159ejeme zaslou\u017een\u00fd klidn\u00fd d\u016fchodov\u00fd \u010das a pevn\u00e9 zdrav\u00ed.<\/p>\n\n\n\n<p>Z cel\u00e9ho sv\u00e9ho srdce a du\u0161e v\u00e1m d\u011bkuji za v\u0161echno, co pro m\u011b i pro lidi, kte\u0159\u00ed k n\u00e1m s \u017e\u00e1dost\u00ed o pomoc p\u0159ich\u00e1z\u00ed, d\u011bl\u00e1te.<\/p>\n\n\n\n<p>Va\u0161e nasazen\u00ed je neskute\u010dn\u00e9 a tempo vra\u017eedn\u00e9 :-). <\/p>\n\n\n\n<p>Jste skv\u011bl\u00ed! D\u011bkuji.<\/p>\n","protected":false},"excerpt":{"rendered":"<p>V pr\u016fb\u011bhu t\u011bch 14 let, kdy ASTRAGAL existuje, se ve snaze pomoci druh\u00fdm v m\u00e9m t\u00fdmu vyskytla spousta lid\u00ed, kte\u0159\u00ed byli odhodl\u00e1ni pom\u00e1hat a zasv\u011btit sv\u016fj \u017eivot pomoci druh\u00fdm. O tom, jak moc je tato cesta t\u011b\u017ek\u00e1 a \u017ee je opravdu jen pro \u201evyvolen\u00e9\u201c sv\u011bd\u010d\u00ed fakt, \u017ee n\u011bkter\u00e9 hned, jin\u00e9 a\u017e postupem \u010dasu udol\u00e1 st\u0159et [&hellip;]<\/p>\n","protected":false},"author":1,"featured_media":0,"parent":0,"menu_order":0,"comment_status":"closed","ping_status":"closed","template":"","meta":{"_mc_calendar":[],"footnotes":""},"class_list":["post-8565","page","type-page","status-publish","hentry"],"_links":{"self":[{"href":"https:\/\/astragal.cz\/index.php\/wp-json\/wp\/v2\/pages\/8565","targetHints":{"allow":["GET"]}}],"collection":[{"href":"https:\/\/astragal.cz\/index.php\/wp-json\/wp\/v2\/pages"}],"about":[{"href":"https:\/\/astragal.cz\/index.php\/wp-json\/wp\/v2\/types\/page"}],"author":[{"embeddable":true,"href":"https:\/\/astragal.cz\/index.php\/wp-json\/wp\/v2\/users\/1"}],"replies":[{"embeddable":true,"href":"https:\/\/astragal.cz\/index.php\/wp-json\/wp\/v2\/comments?post=8565"}],"version-history":[{"count":10,"href":"https:\/\/astragal.cz\/index.php\/wp-json\/wp\/v2\/pages\/8565\/revisions"}],"predecessor-version":[{"id":11424,"href":"https:\/\/astragal.cz\/index.php\/wp-json\/wp\/v2\/pages\/8565\/revisions\/11424"}],"wp:attachment":[{"href":"https:\/\/astragal.cz\/index.php\/wp-json\/wp\/v2\/media?parent=8565"}],"curies":[{"name":"wp","href":"https:\/\/api.w.org\/{rel}","templated":true}]}}