{"id":8614,"date":"2023-12-20T18:01:06","date_gmt":"2023-12-20T17:01:06","guid":{"rendered":"https:\/\/astragal.cz\/?page_id=8614"},"modified":"2025-09-18T11:12:02","modified_gmt":"2025-09-18T10:12:02","slug":"otevreni-se-procesu-uzdraveni","status":"publish","type":"page","link":"https:\/\/astragal.cz\/index.php\/otevreni-se-procesu-uzdraveni\/","title":{"rendered":"Otev\u0159en\u00ed se procesu uzdraven\u00ed"},"content":{"rendered":"\n<p>Z\u00e1kladn\u00edm p\u0159edpokladem k tomu, abychom se mohli za\u010d\u00edt uzdravovat na \u00farovni psychick\u00e9 a fyzick\u00e9, je schopnost uv\u00e9st do harmonie na\u0161i mysl, t\u011blo, emoce i ducha.<\/p>\n\n\n\n<p>Zpracovat v\u0161echna d\u00e1vno ulo\u017een\u00e1 traumata a k\u0159ivdy nejen v na\u0161\u00ed mysli a srdci, ale dok\u00e1zat aktivovat zm\u011bnu i ve v\u0161ech bu\u0148k\u00e1ch, ve kter\u00fdch jsou ne\u017e\u00e1douc\u00ed vzorce ulo\u017eeny a p\u0159es kter\u00e9  p\u016fsob\u00ed. Je t\u0159eba tak\u00e9 zm\u011bnit mnoh\u00e9 n\u00e1vyky a celkov\u011b upravit sv\u016fj zp\u016fsob my\u0161len\u00ed.<\/p>\n\n\n\n<p>Tento proces nep\u0159ich\u00e1z\u00ed s\u00e1m o sob\u011b, ale je t\u0159eba se mu celou svou bytost\u00ed otev\u0159\u00edt a v\u011bdom\u011b na t\u00e9to zm\u011bn\u011b pracovat. <\/p>\n\n\n\n<p class=\"has-blue-color has-text-color\">C\u00edlem otev\u0159en\u00ed se procesu uzdraven\u00ed je pomoci v\u00e1m na cest\u011b k uzdraven\u00ed a spole\u010dn\u011b dok\u00e1zat aktivovat a vy\u010distit v\u0161e pot\u0159ebn\u00e9. Podstatou je energeticky aktiva\u010dn\u00ed \u00fakon, kter\u00fd v\u00e1m pom\u016f\u017ee se zm\u011bn\u011b, pro kterou jste se rozhodli, otev\u0159\u00edt. N\u00e1sledn\u011b je dobr\u00e9 pracovat d\u00e1l na rozpu\u0161t\u011bn\u00ed a odstran\u011bn\u00ed problematick\u00fdch oblast\u00ed, traumat a blok\u016f.<\/p>\n\n\n\n<p class=\"has-blue-color has-text-color\"><strong>P\u016fsoben\u00ed je mo\u017eno prov\u00e9st formou:<\/strong><\/p>\n\n\n\n<p class=\"has-blue-color has-text-color\"><strong>OSOBN\u00cd SEZEN\u00cd<\/strong><\/p>\n\n\n\n<p><strong>\u010cekac\u00ed doba <\/strong>se pohybuje okolo 3 &#8211; 4 m\u011bs\u00edc\u016f.<\/p>\n\n\n\n<p class=\"has-blue-color has-text-color\"><strong>Z\u00c1SAH NA D\u00c1LKU<\/strong><\/p>\n\n\n\n<p class=\"has-blue-color has-text-color has-link-color wp-elements-483de8b0ab1f659dea948b09619ad099\"><strong><strong>Z\u00e1sah je mo\u017en\u00e9 prov\u00e1d\u011bt i na d\u00e1lku. Z hlediska efektu je v\u00fdsledek podobn\u00fd jako u osobn\u00edho sezen\u00ed \u2013 ale je t\u0159eba \u0159\u00edct, \u017ee osobn\u00ed z\u00e1sahy jsou v\u017edy intenzivn\u011bj\u0161\u00ed, maj\u00ed rychlej\u0161\u00ed v\u00fdsledky a celkov\u011b komplexn\u011bj\u0161\u00ed rozm\u011br.<\/strong><\/strong><\/p>\n\n\n\n<p>Energii nez\u00e1le\u017e\u00ed na tom, zda stoj\u00edte 2 metry od zdroje jej\u00edho p\u016fsoben\u00ed nebo se nach\u00e1z\u00edte 1000 km daleko. Energie nezn\u00e1 hmotn\u00e9 p\u0159ek\u00e1\u017eky zd\u00ed, prostoru ani \u010dasu (jeliko\u017e \u010das, jak jej zn\u00e1me, v podstat\u011b neexistuje a v\u0161e se odehr\u00e1v\u00e1 ve stejn\u00fd okam\u017eik = minulost, p\u0159\u00edtomnost i budoucnost. Proto je mo\u017en\u00e9 m\u011bnit zane\u0161en\u00e9 \u010di zablokovan\u00e9 energie z dob d\u00e1vno minul\u00fdch). V\u0161emi t\u011bmito p\u0159ek\u00e1\u017ekami dok\u00e1\u017ee energie hladce proch\u00e1zet p\u0159\u00edmo k sv\u00e9mu c\u00edli a pot\u00e9 na n\u011bj p\u016fsobit tak, jak je to pro dan\u00e9ho \u010dlov\u011bka nejlep\u0161\u00ed.<\/p>\n\n\n\n<p>V p\u0159\u00edpad\u011b telefonick\u00e9ho z\u00e1sahu je pot\u0159eba zav\u010das, p\u0159ed dan\u00fdm term\u00ednem, zaslat na email:&nbsp;<a href=\"mailto:astragal@email.cz\"><em>astragal@email.cz<\/em><\/a>&nbsp;&nbsp;va\u0161i fotografii spolu s uveden\u00edm jeho k\u0159estn\u00edho jm\u00e9na. Pokud fotografii nem\u00e1te potom za\u0161lete jeho jm\u00e9no a p\u0159\u00edjmen\u00ed, v\u010detn\u011b data a roku narozen\u00ed. Zpr\u00e1vu m\u016f\u017eete p\u0159\u00edpadn\u011b doplnit o informaci, na co se chcete v l\u00e9\u010db\u011b doty\u010dn\u00e9ho zam\u011b\u0159it.<\/p>\n\n\n\n<p><strong>\u010cekac\u00ed doba<\/strong>&nbsp;se pohybuje okolo 2 m\u011bs\u00edc\u016f.<\/p>\n\n\n\n<p><strong>Je mo\u017en\u00e9 vyu\u017e\u00edt aplikaci Viber, kde vol\u00e1te zdarma.<\/strong><\/p>\n\n\n\n<p class=\"has-blue-color has-text-color\"><strong><u>Informace k vyrovn\u00e1n\u00ed se s Martinou:<\/u><\/strong><\/p>\n\n\n\n<p>Ocenit \u010das a energii, kter\u00e9 Martina vkl\u00e1d\u00e1 do ka\u017ed\u00e9ho proveden\u00e9ho \u00fakonu m\u016f\u017eete jak\u00fdmkoli darem. T\u00edmto podpo\u0159\u00edte jej\u00ed existenci a \u010dinnost.&nbsp;<\/p>\n\n\n\n<p>Ka\u017ed\u00e9ho Va\u0161eho p\u0159\u00edsp\u011bvku si velmi v\u00e1\u017e\u00ed a d\u011bkuje za n\u011bj.&nbsp;<\/p>\n\n\n\n<p class=\"has-blue-color has-text-color\"><\/p>\n\n\n\n<p><\/p>\n","protected":false},"excerpt":{"rendered":"<p>Z\u00e1kladn\u00edm p\u0159edpokladem k tomu, abychom se mohli za\u010d\u00edt uzdravovat na \u00farovni psychick\u00e9 a fyzick\u00e9, je schopnost uv\u00e9st do harmonie na\u0161i mysl, t\u011blo, emoce i ducha. Zpracovat v\u0161echna d\u00e1vno ulo\u017een\u00e1 traumata a k\u0159ivdy nejen v na\u0161\u00ed mysli a srdci, ale dok\u00e1zat aktivovat zm\u011bnu i ve v\u0161ech bu\u0148k\u00e1ch, ve kter\u00fdch jsou ne\u017e\u00e1douc\u00ed vzorce ulo\u017eeny a p\u0159es kter\u00e9 [&hellip;]<\/p>\n","protected":false},"author":1,"featured_media":0,"parent":0,"menu_order":0,"comment_status":"closed","ping_status":"closed","template":"","meta":{"_mc_calendar":[],"footnotes":""},"class_list":["post-8614","page","type-page","status-publish","hentry"],"_links":{"self":[{"href":"https:\/\/astragal.cz\/index.php\/wp-json\/wp\/v2\/pages\/8614","targetHints":{"allow":["GET"]}}],"collection":[{"href":"https:\/\/astragal.cz\/index.php\/wp-json\/wp\/v2\/pages"}],"about":[{"href":"https:\/\/astragal.cz\/index.php\/wp-json\/wp\/v2\/types\/page"}],"author":[{"embeddable":true,"href":"https:\/\/astragal.cz\/index.php\/wp-json\/wp\/v2\/users\/1"}],"replies":[{"embeddable":true,"href":"https:\/\/astragal.cz\/index.php\/wp-json\/wp\/v2\/comments?post=8614"}],"version-history":[{"count":33,"href":"https:\/\/astragal.cz\/index.php\/wp-json\/wp\/v2\/pages\/8614\/revisions"}],"predecessor-version":[{"id":10961,"href":"https:\/\/astragal.cz\/index.php\/wp-json\/wp\/v2\/pages\/8614\/revisions\/10961"}],"wp:attachment":[{"href":"https:\/\/astragal.cz\/index.php\/wp-json\/wp\/v2\/media?parent=8614"}],"curies":[{"name":"wp","href":"https:\/\/api.w.org\/{rel}","templated":true}]}}