{"id":8858,"date":"2024-03-22T14:35:31","date_gmt":"2024-03-22T13:35:31","guid":{"rendered":"https:\/\/astragal.cz\/?page_id=8858"},"modified":"2024-03-22T18:17:11","modified_gmt":"2024-03-22T17:17:11","slug":"poselstvi-panny-marie-ze-zlatych-hor","status":"publish","type":"page","link":"https:\/\/astragal.cz\/index.php\/poselstvi-panny-marie-ze-zlatych-hor\/","title":{"rendered":"Poselstv\u00ed Panny Marie ze Zlat\u00fdch Hor"},"content":{"rendered":"\n<figure class=\"wp-block-image size-full\"><img loading=\"lazy\" decoding=\"async\" width=\"1000\" height=\"664\" src=\"https:\/\/astragal.cz\/wp-content\/uploads\/2024\/03\/1000_F_36079043_6aRIwIGRXcw1fyWeod5aTzk8O3UKspvo.jpg\" alt=\"\" class=\"wp-image-8887\" srcset=\"https:\/\/astragal.cz\/wp-content\/uploads\/2024\/03\/1000_F_36079043_6aRIwIGRXcw1fyWeod5aTzk8O3UKspvo.jpg 1000w, https:\/\/astragal.cz\/wp-content\/uploads\/2024\/03\/1000_F_36079043_6aRIwIGRXcw1fyWeod5aTzk8O3UKspvo-300x199.jpg 300w, https:\/\/astragal.cz\/wp-content\/uploads\/2024\/03\/1000_F_36079043_6aRIwIGRXcw1fyWeod5aTzk8O3UKspvo-768x510.jpg 768w\" sizes=\"auto, (max-width: 1000px) 100vw, 1000px\" \/><\/figure>\n\n\n\n<p class=\"has-text-align-center has-blue-color has-text-color\" style=\"font-size:8px\"><a href=\"https:\/\/stock.adobe.com\/cz\/images\/zlate-hory-farni-kostel-nanebevzeti-panny-marie\/36079043?as_campaign=ftmigration2&amp;as_channel=dpcft&amp;as_campclass=brand&amp;as_source=ft_web&amp;as_camptype=acquisition&amp;as_audience=users&amp;as_content=closure_asset-detail-page\">https:\/\/stock.adobe.com\/cz\/images\/zlate-hory-farni-kostel-nanebevzeti-panny-marie\/36079043?as_campaign=ftmigration2&amp;as_channel=dpcft&amp;as_campclass=brand&amp;as_source=ft_web&amp;as_camptype=acquisition&amp;as_audience=users&amp;as_content=closure_asset-detail-page<\/a><\/p>\n\n\n\n<p>Pod\u011bl\u00edm se s v\u00e1mi o hlubok\u00fd duchovn\u00ed z\u00e1\u017eitek a o poselstv\u00ed, kter\u00e9 jsem obdr\u017eela 17. 6. 2023 v kostele Svat\u00e9 Panny Marie Pomocn\u00e9 ve Zlat\u00fdch Hor\u00e1ch.<\/p>\n\n\n\n<p><strong>Je d\u016fle\u017eit\u00e9 v\u011bd\u011bt<\/strong>, \u017ee pokud se modl\u00edte \u2013 B\u016fh, and\u011bl\u00e9, Pana Marie i Je\u017e\u00ed\u0161 Kristus v\u00e1m v t\u00e9 chv\u00edli celou svou podstatou naslouchaj\u00ed. Nemohou k v\u00e1m hovo\u0159it v dob\u011b, kdy se aktivn\u011b modl\u00edte pr\u00e1v\u011b proto, \u017ee v\u0161echnu svou pozornost v\u011bnuj\u00ed naslouch\u00e1n\u00ed va\u0161ich tr\u00e1pen\u00ed a proseb. Promlouvaj\u00ed k v\u00e1m pozd\u011bji, kdy\u017e jste v tich\u00e9m spo\u010dinut\u00ed, bez my\u0161lenek, odevzd\u00e1ni \u2013 to je ten moment, kdy promlouvaj\u00ed k va\u0161emu srdci a du\u0161i, nebo\u0165 pr\u00e1v\u011b v t\u00e9to chv\u00edli je m\u016f\u017eete nejl\u00e9pe sly\u0161et a zaznamenat jejich p\u0159\u00edtomnost.<\/p>\n\n\n\n<p><strong>Byla jsem opakovan\u011b uji\u0161t\u011bna, \u017ee ka\u017ed\u00fd kdo up\u0159\u00edmn\u011b pros\u00ed, nalezne pomoc a milost bo\u017e\u00ed.&nbsp;<\/strong>Nejde o to, \u017ee mu bude pomo\u017eeno p\u0159esn\u011b tak, jak on chce nebo o\u010dek\u00e1v\u00e1, ale o to, \u017ee se mu dostane p\u0159esn\u011b takov\u00e9 pomoci, kterou v danou chv\u00edli opravdu pot\u0159ebuje. To plat\u00ed bez v\u00fdjimky.<\/p>\n\n\n\n<p><strong>Nez\u00e1le\u017e\u00ed na tom, co jste vykonali, jak jste se chovali nebo sm\u00fd\u0161leli d\u0159\u00edve \u2013 pokud opravdu up\u0159\u00edmn\u011b pros\u00edte, budete vysly\u0161eni a mohou se ve va\u0161em \u017eivot\u011b za\u010d\u00edt d\u00edt z\u00e1zraky.<\/strong><\/p>\n\n\n\n<p><strong>B\u016fh v\u00e1m nem\u016f\u017ee pomoci, pokud ho o to nepo\u017e\u00e1d\u00e1te.&nbsp;<\/strong>\u010cek\u00e1, a\u017e se k n\u011bmu s prosbou obr\u00e1t\u00edte. Pln\u011b respektuje va\u0161i svobodnou v\u016fli a proto v\u00e1m do \u017eivota sv\u00e9voln\u011b nezasahuje. Jen \u010dek\u00e1, a\u017e bude po\u017e\u00e1d\u00e1n.<\/p>\n\n\n\n<p>Prosit nen\u00ed t\u0159eba n\u011bjak \u201eofici\u00e1ln\u011b\u201c, danou modlitbou.&nbsp;<strong>Sta\u010d\u00ed pouze up\u0159\u00edmn\u00fd hlas va\u0161eho srdce<\/strong>, ten je pro proz\u0159etelnost v\u00edc ne\u017e-li cel\u00e9 hory modliteb, kter\u00e9 jsou bezdu\u0161e od\u0159\u00edk\u00e1v\u00e1ny st\u00e1le dokola. B\u016fh vid\u00ed do va\u0161eho srdce a pokud nenal\u00e9z\u00e1te slova, kter\u00fdmi byste vyj\u00e1d\u0159ili pot\u0159ebn\u00e9, sta\u010d\u00ed vyslat up\u0159\u00edmn\u00fd, hlubok\u00fd pocit (l\u00edtosti, prosby, pod\u011bkov\u00e1n\u00ed) a on si jej zcela p\u0159e\u010dte.<\/p>\n\n\n\n<p>Odevzdat situaci, se kterou si nev\u00edme rady Bohu znamen\u00e1, sm\u00ed\u0159it se s t\u00edm, \u017ee n\u011bkter\u00e9 v\u011bci p\u016fjdou jinak ne\u017e jsme si namysleli, ale v\u011bd\u011bt, \u017ee budou pro n\u00e1s lep\u0161\u00ed.<\/p>\n\n\n\n<p>D\u016fv\u011b\u0159ovat, \u017ee kdy\u017e dovol\u00edme proz\u0159etelnosti, aby v na\u0161em \u017eivot\u011b za\u010dala konat, \u017ee dojdeme klidu a m\u00edru v du\u0161i i v srdci. \u017de se st\u00e1v\u00e1me sou\u010d\u00e1st\u00ed bo\u017esk\u00e9ho byt\u00ed a vyma\u0148ujeme se ze sev\u0159en\u00ed temnoty.<\/p>\n\n\n\n<p><strong>Opakovan\u011b mi bylo sd\u011blov\u00e1no, \u017ee ten kdo pros\u00ed nebude odm\u00edtnut, ale je t\u0159eba vytrvat. Dok\u00e1zat svoji v\u00edru a pokoru<\/strong>. Neprosit jen tehdy, kdy\u017e se mi to hod\u00ed a n\u011bco pot\u0159ebuji, ale cht\u00edt se opravdu vnit\u0159n\u011b zm\u011bnit, osvobodit od v\u0161eho, co m\u011b ni\u010d\u00ed, zat\u011b\u017euje, \u010din\u00ed ne\u010dist\u00fdm.<\/p>\n\n\n\n<p><strong>Pomoc je zde p\u0159ipravena pro v\u0161echny, kte\u0159\u00ed jsou ochotni ji p\u0159ijmout.<\/strong>&nbsp;Nikdo nen\u00ed souzen, odm\u00edt\u00e1n nebo podmi\u0148ov\u00e1n n\u011b\u010d\u00edm.<\/p>\n\n\n\n<p><strong>K tomu, aby v\u00e1m B\u016fh pomohl sta\u010d\u00ed pouze va\u0161e up\u0159\u00edmn\u00e1 prosba, tak prost\u00e9 to je.<\/strong><\/p>\n","protected":false},"excerpt":{"rendered":"<p>https:\/\/stock.adobe.com\/cz\/images\/zlate-hory-farni-kostel-nanebevzeti-panny-marie\/36079043?as_campaign=ftmigration2&amp;as_channel=dpcft&amp;as_campclass=brand&amp;as_source=ft_web&amp;as_camptype=acquisition&amp;as_audience=users&amp;as_content=closure_asset-detail-page Pod\u011bl\u00edm se s v\u00e1mi o hlubok\u00fd duchovn\u00ed z\u00e1\u017eitek a o poselstv\u00ed, kter\u00e9 jsem obdr\u017eela 17. 6. 2023 v kostele Svat\u00e9 Panny Marie Pomocn\u00e9 ve Zlat\u00fdch Hor\u00e1ch. Je d\u016fle\u017eit\u00e9 v\u011bd\u011bt, \u017ee pokud se modl\u00edte \u2013 B\u016fh, and\u011bl\u00e9, Pana Marie i Je\u017e\u00ed\u0161 Kristus v\u00e1m v t\u00e9 chv\u00edli celou svou podstatou naslouchaj\u00ed. Nemohou k v\u00e1m hovo\u0159it v [&hellip;]<\/p>\n","protected":false},"author":1,"featured_media":0,"parent":0,"menu_order":0,"comment_status":"closed","ping_status":"closed","template":"","meta":{"_mc_calendar":[],"footnotes":""},"class_list":["post-8858","page","type-page","status-publish","hentry"],"_links":{"self":[{"href":"https:\/\/astragal.cz\/index.php\/wp-json\/wp\/v2\/pages\/8858","targetHints":{"allow":["GET"]}}],"collection":[{"href":"https:\/\/astragal.cz\/index.php\/wp-json\/wp\/v2\/pages"}],"about":[{"href":"https:\/\/astragal.cz\/index.php\/wp-json\/wp\/v2\/types\/page"}],"author":[{"embeddable":true,"href":"https:\/\/astragal.cz\/index.php\/wp-json\/wp\/v2\/users\/1"}],"replies":[{"embeddable":true,"href":"https:\/\/astragal.cz\/index.php\/wp-json\/wp\/v2\/comments?post=8858"}],"version-history":[{"count":11,"href":"https:\/\/astragal.cz\/index.php\/wp-json\/wp\/v2\/pages\/8858\/revisions"}],"predecessor-version":[{"id":8906,"href":"https:\/\/astragal.cz\/index.php\/wp-json\/wp\/v2\/pages\/8858\/revisions\/8906"}],"wp:attachment":[{"href":"https:\/\/astragal.cz\/index.php\/wp-json\/wp\/v2\/media?parent=8858"}],"curies":[{"name":"wp","href":"https:\/\/api.w.org\/{rel}","templated":true}]}}

Poselství Panny Marie ze Zlatých Hor

<figure class="wp-block-image size-full"><img loading="lazy" decoding="async" width="1000" height="664" src="https://astragal.cz/wp-content/uploads/2024/03/1000_F_36079043_6aRIwIGRXcw1fyWeod5aTzk8O3UKspvo.jpg" alt="" class="wp-image-8887" srcset="https://astragal.cz/wp-content/uploads/2024/03/1000_F_36079043_6aRIwIGRXcw1fyWeod5aTzk8O3UKspvo.jpg 1000w, https://astragal.cz/wp-content/uploads/2024/03/1000_F_36079043_6aRIwIGRXcw1fyWeod5aTzk8O3UKspvo-300x199.jpg 300w, https://astragal.cz/wp-content/uploads/2024/03/1000_F_36079043_6aRIwIGRXcw1fyWeod5aTzk8O3UKspvo-768x510.jpg 768w" sizes="auto, (max-width: 1000px) 100vw, 1000px" /></figure>



<p class="has-text-align-center has-blue-color has-text-color" style="font-size:8px"><a href="https://stock.adobe.com/cz/images/zlate-hory-farni-kostel-nanebevzeti-panny-marie/36079043?as_campaign=ftmigration2&amp;as_channel=dpcft&amp;as_campclass=brand&amp;as_source=ft_web&amp;as_camptype=acquisition&amp;as_audience=users&amp;as_content=closure_asset-detail-page">https://stock.adobe.com/cz/images/zlate-hory-farni-kostel-nanebevzeti-panny-marie/36079043?as_campaign=ftmigration2&amp;as_channel=dpcft&amp;as_campclass=brand&amp;as_source=ft_web&amp;as_camptype=acquisition&amp;as_audience=users&amp;as_content=closure_asset-detail-page</a></p>



<p>Podělím se s vámi o hluboký duchovní zážitek a o poselství, které jsem obdržela 17. 6. 2023 v kostele Svaté Panny Marie Pomocné ve Zlatých Horách.</p>



<p><strong>Je důležité vědět</strong>, že pokud se modlíte – Bůh, andělé, Pana Marie i Ježíš Kristus vám v té chvíli celou svou podstatou naslouchají. Nemohou k vám hovořit v době, kdy se aktivně modlíte právě proto, že všechnu svou pozornost věnují naslouchání vašich trápení a proseb. Promlouvají k vám později, když jste v tichém spočinutí, bez myšlenek, odevzdáni – to je ten moment, kdy promlouvají k vašemu srdci a duši, neboť právě v této chvíli je můžete nejlépe slyšet a zaznamenat jejich přítomnost.</p>



<p><strong>Byla jsem opakovaně ujištěna, že každý kdo upřímně prosí, nalezne pomoc a milost boží.&nbsp;</strong>Nejde o to, že mu bude pomoženo přesně tak, jak on chce nebo očekává, ale o to, že se mu dostane přesně takové pomoci, kterou v danou chvíli opravdu potřebuje. To platí bez výjimky.</p>



<p><strong>Nezáleží na tom, co jste vykonali, jak jste se chovali nebo smýšleli dříve – pokud opravdu upřímně prosíte, budete vyslyšeni a mohou se ve vašem životě začít dít zázraky.</strong></p>



<p><strong>Bůh vám nemůže pomoci, pokud ho o to nepožádáte.&nbsp;</strong>Čeká, až se k němu s prosbou obrátíte. Plně respektuje vaši svobodnou vůli a proto vám do života svévolně nezasahuje. Jen čeká, až bude požádán.</p>



<p>Prosit není třeba nějak „oficiálně“, danou modlitbou.&nbsp;<strong>Stačí pouze upřímný hlas vašeho srdce</strong>, ten je pro prozřetelnost víc než-li celé hory modliteb, které jsou bezduše odříkávány stále dokola. Bůh vidí do vašeho srdce a pokud nenalézáte slova, kterými byste vyjádřili potřebné, stačí vyslat upřímný, hluboký pocit (lítosti, prosby, poděkování) a on si jej zcela přečte.</p>



<p>Odevzdat situaci, se kterou si nevíme rady Bohu znamená, smířit se s tím, že některé věci půjdou jinak než jsme si namysleli, ale vědět, že budou pro nás lepší.</p>



<p>Důvěřovat, že když dovolíme prozřetelnosti, aby v našem životě začala konat, že dojdeme klidu a míru v duši i v srdci. Že se stáváme součástí božského bytí a vymaňujeme se ze sevření temnoty.</p>



<p><strong>Opakovaně mi bylo sdělováno, že ten kdo prosí nebude odmítnut, ale je třeba vytrvat. Dokázat svoji víru a pokoru</strong>. Neprosit jen tehdy, když se mi to hodí a něco potřebuji, ale chtít se opravdu vnitřně změnit, osvobodit od všeho, co mě ničí, zatěžuje, činí nečistým.</p>



<p><strong>Pomoc je zde připravena pro všechny, kteří jsou ochotni ji přijmout.</strong>&nbsp;Nikdo není souzen, odmítán nebo podmiňován něčím.</p>



<p><strong>K tomu, aby vám Bůh pomohl stačí pouze vaše upřímná prosba, tak prosté to je.</strong></p>

<p>https://stock.adobe.com/cz/images/zlate-hory-farni-kostel-nanebevzeti-panny-marie/36079043?as_campaign=ftmigration2&amp;as_channel=dpcft&amp;as_campclass=brand&amp;as_source=ft_web&amp;as_camptype=acquisition&amp;as_audience=users&amp;as_content=closure_asset-detail-page Podělím se s vámi o hluboký duchovní zážitek a o poselství, které jsem obdržela 17. 6. 2023 v kostele Svaté Panny Marie Pomocné ve Zlatých Horách. Je důležité vědět, že pokud se modlíte – Bůh, andělé, Pana Marie i Ježíš Kristus vám v té chvíli celou svou podstatou naslouchají. Nemohou k vám hovořit v [&hellip;]</p>
