{"id":8862,"date":"2024-03-22T14:36:55","date_gmt":"2024-03-22T13:36:55","guid":{"rendered":"https:\/\/astragal.cz\/?page_id=8862"},"modified":"2024-03-25T14:25:01","modified_gmt":"2024-03-25T13:25:01","slug":"krkonosske-poselstvi-panenky-marie","status":"publish","type":"page","link":"https:\/\/astragal.cz\/index.php\/krkonosske-poselstvi-panenky-marie\/","title":{"rendered":"Krkono\u0161sk\u00e9 poselstv\u00ed Panenky Marie"},"content":{"rendered":"\n<p>Dne 14. 3. 2024 se mi zjevila v Krkono\u0161\u00edch Panna Maria &#8211; byla cel\u00e1 od\u011bn\u00e1 do dlouh\u00e9ho b\u00edl\u00e9ho roucha a na hlav\u011b m\u011bla b\u00edl\u00fd z\u00e1voj, kter\u00fd ji spl\u00fdval na \u0161aty. L\u00e1tka \u0161atu i z\u00e1voje byla velmi jemn\u00e1 a jako by leskl\u00e1.<\/p>\n\n\n\n<p>Cel\u00e1 z\u00e1\u0159ila a v\u0161e z\u00e1\u0159ilo kolem n\u00ed &#8211; nebyla to v\u0161ak ta spaluj\u00edc\u00ed z\u00e1\u0159e, ale z\u00e1\u0159e p\u0159\u00edjemn\u00e1, pokojn\u00e1. Vzn\u00e1\u0161ela se nehybn\u011b na jednom m\u00edst\u011b v prostoru.<\/p>\n\n\n\n<p>Nemluvila, jen se na mne dlouze d\u00edvala a pak vyslala do m\u00e9ho srdce prosbu, abychom se za\u010dali modlit r\u016f\u017eenec &#8211; \u017ee je to velmi d\u016fle\u017eit\u00e9.<\/p>\n\n\n\n<p><strong>Zde je r\u016f\u017eenec, kter\u00fd jsem zvolila pro jeho pozitivitu, s\u00edlu textu a celkov\u00e9 nastaven\u00ed:<\/strong><\/p>\n\n\n\n<div data-wp-interactive=\"core\/file\" class=\"wp-block-file\"><object data-wp-bind--hidden=\"!state.hasPdfPreview\" hidden class=\"wp-block-file__embed\" data=\"https:\/\/astragal.cz\/wp-content\/uploads\/2024\/03\/slavny-ruzenec-2024.pdf\" type=\"application\/pdf\" style=\"width:100%;height:600px\" aria-label=\"Vlo\u017eit z Vlo\u017eit z slavny-ruzenec-2024..\"><\/object><a id=\"wp-block-file--media-0f67f0f6-2006-4b34-a8bb-a601b27533e6\" href=\"https:\/\/astragal.cz\/wp-content\/uploads\/2024\/03\/slavny-ruzenec-2024.pdf\">slavny-ruzenec-2024<\/a><a href=\"https:\/\/astragal.cz\/wp-content\/uploads\/2024\/03\/slavny-ruzenec-2024.pdf\" class=\"wp-block-file__button\" download aria-describedby=\"wp-block-file--media-0f67f0f6-2006-4b34-a8bb-a601b27533e6\">St\u00e1hnout<\/a><\/div>\n\n\n\n<p class=\"has-text-align-left has-blue-color has-text-color has-small-font-size\">Zdroj: https:\/\/www.abcsvatych.com\/menu\/slavny.htm<\/p>\n\n\n\n<p class=\"has-text-align-center has-blue-color has-text-color\"><strong>Poslechov\u00e1 verze Slavn\u00e9ho r\u016f\u017eence:<\/strong><\/p>\n\n\n\n<figure class=\"wp-block-embed is-type-video is-provider-youtube wp-block-embed-youtube wp-embed-aspect-16-9 wp-has-aspect-ratio\"><div class=\"wp-block-embed__wrapper\">\n<iframe loading=\"lazy\" title=\"R\u016f\u017eenec slavn\u00fd\" width=\"760\" height=\"428\" src=\"https:\/\/www.youtube.com\/embed\/1OpUvLVSgiQ?feature=oembed\" frameborder=\"0\" allow=\"accelerometer; autoplay; clipboard-write; encrypted-media; gyroscope; picture-in-picture; web-share\" allowfullscreen><\/iframe>\n<\/div><\/figure>\n\n\n\n<p class=\"has-text-align-left has-blue-color has-text-color has-small-font-size\">Zdroj: https:\/\/www.youtube.com\/watch?v=1OpUvLVSgiQ<\/p>\n\n\n\n<p class=\"has-blue-color has-text-color\"><strong>Tip:<\/strong><\/p>\n\n\n\n<p class=\"has-blue-color has-text-color\">P\u0159ed zapo\u010det\u00edm modlitby r\u016f\u017eence m\u016f\u017eete vyslovit sv\u016fj \u00famysl, kter\u00fd m\u00e1te na srdci a po\u017e\u00e1dat Pannu Marii o pomoc v dan\u00fdch z\u00e1le\u017eitostech.<\/p>\n\n\n\n<p>Od zjeven\u00ed panny Marie ub\u011bhlo p\u00e1r dn\u00ed. <\/p>\n\n\n\n<p>Pravideln\u011b se od t\u00e9 doby modl\u00edm r\u016f\u017eenec &#8211; jednoho ve\u010dera pr\u00e1v\u011b p\u0159i modlitb\u011b r\u016f\u017eence (kter\u00fd jsem poslouchala z t\u00e9to zvolen\u00e9 nahr\u00e1vky) mi uk\u00e1zala vizi, ve kter\u00e9 mi vysv\u011btlila, pro\u010d je modlitba r\u016f\u017eence tak z\u00e1sadn\u00ed, jak energeticky funguje a jak s n\u00ed m\u016f\u017eeme p\u0159emoci zlo.<\/p>\n\n\n\n<p class=\"has-blue-color has-text-color\">Ka\u017ed\u00fd, kdo se up\u0159\u00edmn\u011b a od srdce modl\u00ed r\u016f\u017eenec vys\u00edl\u00e1 Pann\u011b Marii s\u00edlu a zvy\u0161uje jej\u00ed moc p\u0159i boji nad zlem. Ka\u017ed\u00e1 up\u0159\u00edmn\u00e1 modlitba ji posiluje a ka\u017ed\u00e1 ur\u00e1\u017eka, kter\u00e1 je sm\u011b\u0159ov\u00e1na v\u016f\u010di ni ji ubli\u017euje a oslabuje jej\u00ed moc. Nebo\u0165 svat\u00ed mohou p\u016fsobit jen tam, kde je v\u00edra. Tam, kde jsou o to po\u017e\u00e1d\u00e1ni a podpo\u0159eni v tomto kon\u00e1n\u00ed.<\/p>\n\n\n\n<p><strong>Uk\u00e1zala mi ve vizi tento obraz, kter\u00fd ukazuje, jak p\u016fsob\u00ed na\u0161e modlitba r\u016f\u017eence:<\/strong><\/p>\n\n\n\n<figure class=\"wp-block-image size-full\"><img loading=\"lazy\" decoding=\"async\" width=\"703\" height=\"938\" src=\"https:\/\/astragal.cz\/wp-content\/uploads\/2024\/03\/stahovani.jpg\" alt=\"\" class=\"wp-image-8847\" srcset=\"https:\/\/astragal.cz\/wp-content\/uploads\/2024\/03\/stahovani.jpg 703w, https:\/\/astragal.cz\/wp-content\/uploads\/2024\/03\/stahovani-225x300.jpg 225w\" sizes=\"auto, (max-width: 703px) 100vw, 703px\" \/><\/figure>\n\n\n\n<p>D\u011bkuji za ka\u017edou va\u0161i up\u0159\u00edmnou modlitbu, kterou vy\u0161lete.<\/p>\n\n\n\n<p>Martina<\/p>\n","protected":false},"excerpt":{"rendered":"<p>Dne 14. 3. 2024 se mi zjevila v Krkono\u0161\u00edch Panna Maria &#8211; byla cel\u00e1 od\u011bn\u00e1 do dlouh\u00e9ho b\u00edl\u00e9ho roucha a na hlav\u011b m\u011bla b\u00edl\u00fd z\u00e1voj, kter\u00fd ji spl\u00fdval na \u0161aty. L\u00e1tka \u0161atu i z\u00e1voje byla velmi jemn\u00e1 a jako by leskl\u00e1. Cel\u00e1 z\u00e1\u0159ila a v\u0161e z\u00e1\u0159ilo kolem n\u00ed &#8211; nebyla to v\u0161ak ta spaluj\u00edc\u00ed z\u00e1\u0159e, [&hellip;]<\/p>\n","protected":false},"author":1,"featured_media":0,"parent":0,"menu_order":0,"comment_status":"closed","ping_status":"closed","template":"","meta":{"_mc_calendar":[],"footnotes":""},"class_list":["post-8862","page","type-page","status-publish","hentry"],"_links":{"self":[{"href":"https:\/\/astragal.cz\/index.php\/wp-json\/wp\/v2\/pages\/8862","targetHints":{"allow":["GET"]}}],"collection":[{"href":"https:\/\/astragal.cz\/index.php\/wp-json\/wp\/v2\/pages"}],"about":[{"href":"https:\/\/astragal.cz\/index.php\/wp-json\/wp\/v2\/types\/page"}],"author":[{"embeddable":true,"href":"https:\/\/astragal.cz\/index.php\/wp-json\/wp\/v2\/users\/1"}],"replies":[{"embeddable":true,"href":"https:\/\/astragal.cz\/index.php\/wp-json\/wp\/v2\/comments?post=8862"}],"version-history":[{"count":18,"href":"https:\/\/astragal.cz\/index.php\/wp-json\/wp\/v2\/pages\/8862\/revisions"}],"predecessor-version":[{"id":8927,"href":"https:\/\/astragal.cz\/index.php\/wp-json\/wp\/v2\/pages\/8862\/revisions\/8927"}],"wp:attachment":[{"href":"https:\/\/astragal.cz\/index.php\/wp-json\/wp\/v2\/media?parent=8862"}],"curies":[{"name":"wp","href":"https:\/\/api.w.org\/{rel}","templated":true}]}}

Krkonošské poselství Panenky Marie

<p>Dne 14. 3. 2024 se mi zjevila v Krkonoších Panna Maria &#8211; byla celá oděná do dlouhého bílého roucha a na hlavě měla bílý závoj, který ji splýval na šaty. Látka šatu i závoje byla velmi jemná a jako by lesklá.</p>



<p>Celá zářila a vše zářilo kolem ní &#8211; nebyla to však ta spalující záře, ale záře příjemná, pokojná. Vznášela se nehybně na jednom místě v prostoru.</p>



<p>Nemluvila, jen se na mne dlouze dívala a pak vyslala do mého srdce prosbu, abychom se začali modlit růženec &#8211; že je to velmi důležité.</p>



<p><strong>Zde je růženec, který jsem zvolila pro jeho pozitivitu, sílu textu a celkové nastavení:</strong></p>



<div data-wp-interactive="core/file" class="wp-block-file"><object data-wp-bind--hidden="!state.hasPdfPreview" hidden class="wp-block-file__embed" data="https://astragal.cz/wp-content/uploads/2024/03/slavny-ruzenec-2024.pdf" type="application/pdf" style="width:100%;height:600px" aria-label="Vložit z Vložit z slavny-ruzenec-2024.."></object><a id="wp-block-file--media-0f67f0f6-2006-4b34-a8bb-a601b27533e6" href="https://astragal.cz/wp-content/uploads/2024/03/slavny-ruzenec-2024.pdf">slavny-ruzenec-2024</a><a href="https://astragal.cz/wp-content/uploads/2024/03/slavny-ruzenec-2024.pdf" class="wp-block-file__button" download aria-describedby="wp-block-file--media-0f67f0f6-2006-4b34-a8bb-a601b27533e6">Stáhnout</a></div>



<p class="has-text-align-left has-blue-color has-text-color has-small-font-size">Zdroj: https://www.abcsvatych.com/menu/slavny.htm</p>



<p class="has-text-align-center has-blue-color has-text-color"><strong>Poslechová verze Slavného růžence:</strong></p>



<figure class="wp-block-embed is-type-video is-provider-youtube wp-block-embed-youtube wp-embed-aspect-16-9 wp-has-aspect-ratio"><div class="wp-block-embed__wrapper">
<iframe loading="lazy" title="Růženec slavný" width="760" height="428" src="https://www.youtube.com/embed/1OpUvLVSgiQ?feature=oembed" frameborder="0" allow="accelerometer; autoplay; clipboard-write; encrypted-media; gyroscope; picture-in-picture; web-share" allowfullscreen></iframe>
</div></figure>



<p class="has-text-align-left has-blue-color has-text-color has-small-font-size">Zdroj: https://www.youtube.com/watch?v=1OpUvLVSgiQ</p>



<p class="has-blue-color has-text-color"><strong>Tip:</strong></p>



<p class="has-blue-color has-text-color">Před započetím modlitby růžence můžete vyslovit svůj úmysl, který máte na srdci a požádat Pannu Marii o pomoc v daných záležitostech.</p>



<p>Od zjevení panny Marie uběhlo pár dní. </p>



<p>Pravidelně se od té doby modlím růženec &#8211; jednoho večera právě při modlitbě růžence (který jsem poslouchala z této zvolené nahrávky) mi ukázala vizi, ve které mi vysvětlila, proč je modlitba růžence tak zásadní, jak energeticky funguje a jak s ní můžeme přemoci zlo.</p>



<p class="has-blue-color has-text-color">Každý, kdo se upřímně a od srdce modlí růženec vysílá Panně Marii sílu a zvyšuje její moc při boji nad zlem. Každá upřímná modlitba ji posiluje a každá urážka, která je směřována vůči ni ji ubližuje a oslabuje její moc. Neboť svatí mohou působit jen tam, kde je víra. Tam, kde jsou o to požádáni a podpořeni v tomto konání.</p>



<p><strong>Ukázala mi ve vizi tento obraz, který ukazuje, jak působí naše modlitba růžence:</strong></p>



<figure class="wp-block-image size-full"><img loading="lazy" decoding="async" width="703" height="938" src="https://astragal.cz/wp-content/uploads/2024/03/stahovani.jpg" alt="" class="wp-image-8847" srcset="https://astragal.cz/wp-content/uploads/2024/03/stahovani.jpg 703w, https://astragal.cz/wp-content/uploads/2024/03/stahovani-225x300.jpg 225w" sizes="auto, (max-width: 703px) 100vw, 703px" /></figure>



<p>Děkuji za každou vaši upřímnou modlitbu, kterou vyšlete.</p>



<p>Martina</p>

<p>Dne 14. 3. 2024 se mi zjevila v Krkonoších Panna Maria &#8211; byla celá oděná do dlouhého bílého roucha a na hlavě měla bílý závoj, který ji splýval na šaty. Látka šatu i závoje byla velmi jemná a jako by lesklá. Celá zářila a vše zářilo kolem ní &#8211; nebyla to však ta spalující záře, [&hellip;]</p>
