{"id":8932,"date":"2024-04-12T11:53:17","date_gmt":"2024-04-12T10:53:17","guid":{"rendered":"https:\/\/astragal.cz\/?page_id=8932"},"modified":"2025-11-04T12:29:04","modified_gmt":"2025-11-04T11:29:04","slug":"o-projektu","status":"publish","type":"page","link":"https:\/\/astragal.cz\/index.php\/o-projektu\/","title":{"rendered":"O projektu"},"content":{"rendered":"\n<p class=\"has-text-align-center has-blue-color has-text-color\"><strong>PROJEKT STAVBY<\/strong> <strong>KAPLI\u010cKY SVAT\u00c9 PANNY MARIE FATIMSK\u00c9<\/strong> <strong> A OBNOVA 200 LET STAR\u00c9 ROUBENKY V LUBN\u00c9<\/strong><\/p>\n\n\n\n<p><\/p>\n\n\n\n<p class=\"has-text-align-center has-blue-color has-text-color\"><strong>Kapli\u010dka svat\u00e9 Panny Marie Fatimsk\u00e9<\/strong><\/p>\n\n\n<div class=\"wp-block-image\">\n<figure class=\"aligncenter size-full\"><img loading=\"lazy\" decoding=\"async\" width=\"620\" height=\"548\" src=\"https:\/\/astragal.cz\/wp-content\/uploads\/2024\/04\/panenka-marie-drevorezba-konec-19-stoleti-vyska-117-cm-179224704.jpeg\" alt=\"\" class=\"wp-image-9134\" srcset=\"https:\/\/astragal.cz\/wp-content\/uploads\/2024\/04\/panenka-marie-drevorezba-konec-19-stoleti-vyska-117-cm-179224704.jpeg 620w, https:\/\/astragal.cz\/wp-content\/uploads\/2024\/04\/panenka-marie-drevorezba-konec-19-stoleti-vyska-117-cm-179224704-300x265.jpeg 300w\" sizes=\"auto, (max-width: 620px) 100vw, 620px\" \/><\/figure><\/div>\n\n<div class=\"wp-block-image\">\n<figure class=\"aligncenter size-full is-resized\"><img loading=\"lazy\" decoding=\"async\" width=\"131\" height=\"535\" src=\"https:\/\/astragal.cz\/wp-content\/uploads\/2024\/04\/panenka-marie-drevorezba-konec-19-stoleti-vyska-117-cm-179224653-2.jpeg\" alt=\"\" class=\"wp-image-9132\" style=\"width:144px;height:auto\"\/><\/figure><\/div>\n\n\n<p>Jedn\u00e1 se o malou d\u0159ev\u011bnou stavbu, kter\u00e1 bude slou\u017eit v\u0161em, kte\u0159\u00ed ke m\u011b p\u0159ich\u00e1z\u00ed s prosbou o pomoc, aby zde mohli rozj\u00edmat a na\u010derpat s\u00edlu na jejich dal\u0161\u00ed cestu.<\/p>\n\n\n\n<p>P\u0159ed jej\u00edm otev\u0159en\u00edm bude vysv\u011bcena kn\u011bzem, tak jak to m\u00e1 u takov\u00e9ho posv\u00e1tn\u00e9ho m\u00edsta b\u00fdt.<\/p>\n\n\n\n<p>Kapli\u010dku budujeme vlastn\u00edmi silami. Financov\u00e1na je z na\u0161ich zdroj\u016f a za pomoci dar\u016f od v\u00e1s, kte\u0159\u00ed jste se ji\u017e rozhodli nebo se t\u0159eba rozhodnete na\u0161i my\u0161lenku podpo\u0159it. Bez va\u0161i \u00fa\u010dasti bychom jej\u00ed dokon\u010den\u00ed nikdy nebyli schopni zvl\u00e1dnout. <\/p>\n\n\n\n<p>Vznik kapli\u010dky je p\u0159\u00edmo prov\u00e1z\u00e1n s dal\u0161\u00ed \u010d\u00e1sti tohoto projektu a to s obnovou 200 let star\u00e9 roubenky, ve kter\u00e9 budu Astragal p\u016fsobit.<\/p>\n\n\n\n<p class=\"has-blue-color has-text-color\"><\/p>\n\n\n\n<p class=\"has-text-align-center has-blue-color has-text-color\"><strong>Obnova 200 let star\u00e9 roubenky budouc\u00edho p\u016fsobi\u0161t\u011b Astragalu<\/strong><\/p>\n\n\n\n<figure class=\"wp-block-image size-full\"><img loading=\"lazy\" decoding=\"async\" width=\"597\" height=\"672\" src=\"https:\/\/astragal.cz\/wp-content\/uploads\/2023\/06\/whn1024x1024wm1-25d0b-prodej-chalupa-m2-lubna-dsc07167-306e63bf9f-1.jpg\" alt=\"\" class=\"wp-image-7993\" srcset=\"https:\/\/astragal.cz\/wp-content\/uploads\/2023\/06\/whn1024x1024wm1-25d0b-prodej-chalupa-m2-lubna-dsc07167-306e63bf9f-1.jpg 597w, https:\/\/astragal.cz\/wp-content\/uploads\/2023\/06\/whn1024x1024wm1-25d0b-prodej-chalupa-m2-lubna-dsc07167-306e63bf9f-1-267x300.jpg 267w\" sizes=\"auto, (max-width: 597px) 100vw, 597px\" \/><\/figure>\n\n\n\n<p class=\"has-blue-color has-text-color\">C\u00edlem t\u00e9to \u010d\u00e1sti projektu je vybudovat klidn\u00e9 a bezpe\u010dn\u00e9 z\u00e1zem\u00ed, kde budeme poskytovat pomoc t\u011bm, kte\u0159\u00ed hledaj\u00ed akutn\u00ed i dlouhodobou p\u00e9\u010di v oblasti psychologick\u00e9, zdravotn\u00ed a terapeutick\u00e9. Pom\u00e1hat zde pl\u00e1nuji tak\u00e9 lidem, kte\u0159\u00ed se ocitli v krizov\u00e9 \u017eivotn\u00ed situaci nebo se ztratili na sv\u00e9 cest\u011b \u017eivotem a pot\u0159ebuj\u00ed nutn\u011b nal\u00e9zt nov\u00fd sm\u011br a pohled. <\/p>\n\n\n\n<p>D\u00edky dispozici stavby, kterou chceme vytvo\u0159it n\u00e1m bude umo\u017en\u011bno pracovat i s t\u011b\u017ece nemocn\u00fdmi klienty, nebo\u0165 prostor zde bude \u0159e\u0161en bezbari\u00e9rov\u011b. <\/p>\n\n\n\n<p>Parkov\u00e1n\u00ed pro v\u0161echny p\u0159\u00edchoz\u00ed je mo\u017en\u00e9 kousek od roubenky a v p\u0159\u00edpad\u011b imobiln\u00edch a t\u011b\u017ece nemocn\u00fdch klient\u016f, p\u0159\u00edmo u n\u00ed.<\/p>\n\n\n\n<p>Po\u010d\u00edt\u00e1me tak\u00e9 se z\u00e1zem\u00edm pro d\u011btsk\u00e9 klienty, aby pro n\u011b \u010dek\u00e1n\u00ed nebylo tak dlouh\u00e9.<\/p>\n\n\n\n<p><strong>Z hlediska rekonstrukce n\u00e1s \u010dek\u00e1:<\/strong><\/p>\n\n\n\n<p>&#8211; v\u00fdm\u011bna cel\u00e9 st\u0159echy nebo\u0165 nyn\u00ed do stavby zat\u00e9k\u00e1, <\/p>\n\n\n\n<p>&#8211; obnova \u0161t\u00edt\u016f a cel\u00e9ho d\u0159ev\u011bn\u00e9ho oblo\u017een\u00ed (kter\u00e9 je ji\u017e ztrouchniv\u011bl\u00e9),<\/p>\n\n\n\n<p>&#8211; v\u00fdm\u011bna oken a dve\u0159\u00ed, <\/p>\n\n\n\n<p>&#8211; vybudov\u00e1n\u00ed WC, <\/p>\n\n\n\n<p>&#8211; zaveden\u00ed odpad\u016f, <\/p>\n\n\n\n<p>&#8211; realizace topen\u00ed v cel\u00e9m objektu, <\/p>\n\n\n\n<p>&#8211; zpevn\u011bn\u00ed p\u0159\u00edstupov\u00e9 cesti\u010dky ke kapli\u010dce a \u010d\u00e1sti p\u0159\u00edjezdov\u00e9 cesty k roubence apod.<\/p>\n\n\n\n<p>Do budoucna bychom v podkrov\u00ed roubenky tak\u00e9 r\u00e1di vytvo\u0159ili m\u00edsto pro setk\u00e1v\u00e1n\u00ed skupinek, p\u0159edn\u00e1\u0161ky a semin\u00e1\u0159e.<\/p>\n\n\n\n<p><strong>Douf\u00e1me v\u0161ak, \u017ee cel\u00fd projekt bude s bo\u017e\u00ed pomoc\u00ed, trochou \u0161t\u011bst\u00ed a pomocn\u00e9 s\u00edly:-) zhmotn\u011bn ji\u017e v roce 2027.<\/strong><\/p>\n\n\n\n<p class=\"has-blue-color has-text-color\">Ze srdce d\u011bkujeme v\u0161em, kte\u0159\u00ed se rozhodnou n\u00e1s v na\u0161em projektu kapli\u010dky a obnovy historick\u00e9 roubenky podpo\u0159it. Pom\u016f\u017eete tak i t\u011bm, pro&nbsp;kter\u00e9 to v\u0161e tvo\u0159\u00edme.<\/p>\n\n\n\n<p class=\"has-blue-color has-text-color\"><strong>P\u0159isp\u011bt n\u00e1m m\u016f\u017eete na:<\/strong><\/p>\n\n\n\n<p class=\"has-blue-color has-text-color\"><strong>\u010c\u00edslo \u00fa\u010dtu:&nbsp;<\/strong>2800534384\/2010<\/p>\n\n\n\n<p class=\"has-blue-color has-text-color\"><strong>IBAN:&nbsp;<\/strong>CZ4020100000002800534384 (pro platby ze zahrani\u010d\u00ed)<\/p>\n\n\n\n<p class=\"has-blue-color has-text-color\"><strong>Swift k\u00f3d banky:&nbsp;<\/strong>FIOBCZPPXXX (pokud by byl pot\u0159eba)<\/p>\n\n\n\n<p class=\"has-blue-color has-text-color\">Do pozn\u00e1mky pros\u00edm napi\u0161te slovo \u201eDar na obnovu roubenky&#8220; nebo &#8222;Dar na kapli\u010dku\u201c. D\u011bkujeme.<\/p>\n","protected":false},"excerpt":{"rendered":"<p>PROJEKT STAVBY KAPLI\u010cKY SVAT\u00c9 PANNY MARIE FATIMSK\u00c9 A OBNOVA 200 LET STAR\u00c9 ROUBENKY V LUBN\u00c9 Kapli\u010dka svat\u00e9 Panny Marie Fatimsk\u00e9 Jedn\u00e1 se o malou d\u0159ev\u011bnou stavbu, kter\u00e1 bude slou\u017eit v\u0161em, kte\u0159\u00ed ke m\u011b p\u0159ich\u00e1z\u00ed s prosbou o pomoc, aby zde mohli rozj\u00edmat a na\u010derpat s\u00edlu na jejich dal\u0161\u00ed cestu. P\u0159ed jej\u00edm otev\u0159en\u00edm bude vysv\u011bcena kn\u011bzem, [&hellip;]<\/p>\n","protected":false},"author":1,"featured_media":0,"parent":0,"menu_order":0,"comment_status":"closed","ping_status":"closed","template":"","meta":{"_mc_calendar":[],"footnotes":""},"class_list":["post-8932","page","type-page","status-publish","hentry"],"_links":{"self":[{"href":"https:\/\/astragal.cz\/index.php\/wp-json\/wp\/v2\/pages\/8932","targetHints":{"allow":["GET"]}}],"collection":[{"href":"https:\/\/astragal.cz\/index.php\/wp-json\/wp\/v2\/pages"}],"about":[{"href":"https:\/\/astragal.cz\/index.php\/wp-json\/wp\/v2\/types\/page"}],"author":[{"embeddable":true,"href":"https:\/\/astragal.cz\/index.php\/wp-json\/wp\/v2\/users\/1"}],"replies":[{"embeddable":true,"href":"https:\/\/astragal.cz\/index.php\/wp-json\/wp\/v2\/comments?post=8932"}],"version-history":[{"count":19,"href":"https:\/\/astragal.cz\/index.php\/wp-json\/wp\/v2\/pages\/8932\/revisions"}],"predecessor-version":[{"id":11126,"href":"https:\/\/astragal.cz\/index.php\/wp-json\/wp\/v2\/pages\/8932\/revisions\/11126"}],"wp:attachment":[{"href":"https:\/\/astragal.cz\/index.php\/wp-json\/wp\/v2\/media?parent=8932"}],"curies":[{"name":"wp","href":"https:\/\/api.w.org\/{rel}","templated":true}]}}