{"id":8947,"date":"2024-04-12T12:12:25","date_gmt":"2024-04-12T11:12:25","guid":{"rendered":"https:\/\/astragal.cz\/?page_id=8947"},"modified":"2025-08-19T19:25:28","modified_gmt":"2025-08-19T18:25:28","slug":"podpora-slovem-nebo-vecnym-darem","status":"publish","type":"page","link":"https:\/\/astragal.cz\/index.php\/podpora-slovem-nebo-vecnym-darem\/","title":{"rendered":"Podpora slovem nebo v\u011bcn\u00fdm darem"},"content":{"rendered":"\n<p class=\"has-blue-color has-text-color\"><strong>Podpo\u0159it n\u00e1s m\u016f\u017eete milou zpr\u00e1vou na email Astragal:<\/strong><\/p>\n\n\n\n<p>Ve slovech je velk\u00e1 s\u00edla.<\/p>\n\n\n\n<p>Dobr\u00e9 slovo nebo pochvala na\u0161\u00ed pr\u00e1ce n\u00e1s v\u0161echny rozhodn\u011b pot\u011b\u0161\u00ed a podpo\u0159\u00ed n\u00e1s v na\u0161em dal\u0161\u00edm \u00fasil\u00ed.<\/p>\n\n\n\n<p class=\"has-blue-color has-text-color has-link-color wp-elements-20103a935d6571b6ce4cc5be789a5f45\"><strong>Pomoci n\u00e1m m\u016f\u017eete tak\u00e9 v\u011bcn\u00fdm darem:<\/strong><\/p>\n\n\n\n<p>Pokud byste se rozhodli, \u017ee n\u00e1s chcete podpo\u0159it konkr\u00e9tn\u00edm darem, pak nejv\u00edce ocen\u00edme v\u011bci, kter\u00e9 denn\u011b pou\u017e\u00edv\u00e1me pro pot\u0159eby klient\u016f, i na\u0161e.<\/p>\n\n\n\n<p class=\"has-blue-color has-text-color\">Mezi tyto v\u011bci pat\u0159\u00ed nap\u0159. &#8211;<\/p>\n\n\n\n<ul class=\"wp-block-list\">\n<li>b\u00edl\u00e9 v\u011bt\u0161\u00ed voskov\u00e9 sv\u00edce a \u010dajov\u00e9 sv\u00ed\u010dky.<\/li>\n\n\n\n<li>pap\u00edry do tisk\u00e1rny (form\u00e1t A4), pap\u00edrov\u00e9 bloky \u010di se\u0161ity (form\u00e1t A5, \u010dist\u00fd \u2013 nelinkovan\u00fd).<\/li>\n\n\n\n<li>esence od Nobilis Tilia: Aroma olej Migr\u00e9na, \u00c9terick\u00fd olej Tea tree extra (\u010dajovn\u00edk), \u00c9terick\u00fd olej bio Levandule, \u00c9terick\u00fd olej M\u00e1ta peprn\u00e1, \u00c9terick\u00fd olej M\u00e1ta lu\u010dn\u00ed.<\/li>\n\n\n\n<li>esence od Karla Hadka: \u00c9terick\u00fd olej EUKALYPTUS KOALA.<\/li>\n\n\n\n<li>Aura-soma: White pomander 25 ml <\/li>\n<\/ul>\n\n\n\n<p class=\"has-blue-color has-text-color\"><strong>V\u0161echny tyto v\u011bci budou d\u00e1le slou\u017eit nejen n\u00e1m, ale i v\u0161em pot\u0159ebn\u00fdm, kte\u0159\u00ed k n\u00e1m p\u0159ich\u00e1z\u00ed s \u017e\u00e1dost\u00ed o pomoc<\/strong>&nbsp;(tj. lidem, kte\u0159\u00ed se nach\u00e1z\u00ed ve stavu hmotn\u00e9 nouze nebo jsou v jin\u00e9 z\u00e1va\u017en\u00e9 situaci, kdy si nemohou pot\u0159ebn\u00e9 v\u011bci po\u0159\u00eddit sami. Pom\u00e1h\u00e1me tak\u00e9 lidem, kte\u0159\u00ed nemaj\u00ed mo\u017enost si pot\u0159ebn\u00e9 informace vytisknout).<\/p>\n","protected":false},"excerpt":{"rendered":"<p>Podpo\u0159it n\u00e1s m\u016f\u017eete milou zpr\u00e1vou na email Astragal: Ve slovech je velk\u00e1 s\u00edla. Dobr\u00e9 slovo nebo pochvala na\u0161\u00ed pr\u00e1ce n\u00e1s v\u0161echny rozhodn\u011b pot\u011b\u0161\u00ed a podpo\u0159\u00ed n\u00e1s v na\u0161em dal\u0161\u00edm \u00fasil\u00ed. Pomoci n\u00e1m m\u016f\u017eete tak\u00e9 v\u011bcn\u00fdm darem: Pokud byste se rozhodli, \u017ee n\u00e1s chcete podpo\u0159it konkr\u00e9tn\u00edm darem, pak nejv\u00edce ocen\u00edme v\u011bci, kter\u00e9 denn\u011b pou\u017e\u00edv\u00e1me pro pot\u0159eby [&hellip;]<\/p>\n","protected":false},"author":1,"featured_media":0,"parent":0,"menu_order":0,"comment_status":"closed","ping_status":"closed","template":"","meta":{"_mc_calendar":[],"footnotes":""},"class_list":["post-8947","page","type-page","status-publish","hentry"],"_links":{"self":[{"href":"https:\/\/astragal.cz\/index.php\/wp-json\/wp\/v2\/pages\/8947","targetHints":{"allow":["GET"]}}],"collection":[{"href":"https:\/\/astragal.cz\/index.php\/wp-json\/wp\/v2\/pages"}],"about":[{"href":"https:\/\/astragal.cz\/index.php\/wp-json\/wp\/v2\/types\/page"}],"author":[{"embeddable":true,"href":"https:\/\/astragal.cz\/index.php\/wp-json\/wp\/v2\/users\/1"}],"replies":[{"embeddable":true,"href":"https:\/\/astragal.cz\/index.php\/wp-json\/wp\/v2\/comments?post=8947"}],"version-history":[{"count":8,"href":"https:\/\/astragal.cz\/index.php\/wp-json\/wp\/v2\/pages\/8947\/revisions"}],"predecessor-version":[{"id":10779,"href":"https:\/\/astragal.cz\/index.php\/wp-json\/wp\/v2\/pages\/8947\/revisions\/10779"}],"wp:attachment":[{"href":"https:\/\/astragal.cz\/index.php\/wp-json\/wp\/v2\/media?parent=8947"}],"curies":[{"name":"wp","href":"https:\/\/api.w.org\/{rel}","templated":true}]}}