{"id":9011,"date":"2024-04-19T17:05:56","date_gmt":"2024-04-19T16:05:56","guid":{"rendered":"https:\/\/astragal.cz\/?page_id=9011"},"modified":"2024-04-19T17:11:46","modified_gmt":"2024-04-19T16:11:46","slug":"nabidka-poukazu","status":"publish","type":"page","link":"https:\/\/astragal.cz\/index.php\/nabidka-poukazu\/","title":{"rendered":"Nab\u00eddka poukazu"},"content":{"rendered":"\n<p><a href=\"https:\/\/astragal.cz\/index.php\/prehled-diagnostik\/\">Diagnostika<\/a><\/p>\n\n\n\n<p><a href=\"https:\/\/astragal.cz\/index.php\/leceni-dle-typu-onemocneni\/\">L\u00e9\u010den\u00ed<\/a><\/p>\n\n\n\n<p><a href=\"https:\/\/astragal.cz\/index.php\/prace-s-energetickym-polem-cloveka\/\">Pr\u00e1ce s energetick\u00fdm polem \u010dlov\u011bka<\/a><\/p>\n\n\n\n<p><a href=\"https:\/\/astragal.cz\/index.php\/nahled-do-linie-casu-a-jeho-vyklad\/\">N\u00e1hled do linie \u010dasu a jeho v\u00fdklad<\/a><\/p>\n\n\n\n<p><a href=\"https:\/\/astragal.cz\/index.php\/kombinace-ukonu-aneb-program-na-miru\/\">Kombinace \u00fakon\u016f aneb Program na m\u00edru<\/a><\/p>\n","protected":false},"excerpt":{"rendered":"<p>Diagnostika L\u00e9\u010den\u00ed Pr\u00e1ce s energetick\u00fdm polem \u010dlov\u011bka N\u00e1hled do linie \u010dasu a jeho v\u00fdklad Kombinace \u00fakon\u016f aneb Program na m\u00edru<\/p>\n","protected":false},"author":1,"featured_media":0,"parent":0,"menu_order":0,"comment_status":"closed","ping_status":"closed","template":"","meta":{"_mc_calendar":[],"footnotes":""},"class_list":["post-9011","page","type-page","status-publish","hentry"],"_links":{"self":[{"href":"https:\/\/astragal.cz\/index.php\/wp-json\/wp\/v2\/pages\/9011","targetHints":{"allow":["GET"]}}],"collection":[{"href":"https:\/\/astragal.cz\/index.php\/wp-json\/wp\/v2\/pages"}],"about":[{"href":"https:\/\/astragal.cz\/index.php\/wp-json\/wp\/v2\/types\/page"}],"author":[{"embeddable":true,"href":"https:\/\/astragal.cz\/index.php\/wp-json\/wp\/v2\/users\/1"}],"replies":[{"embeddable":true,"href":"https:\/\/astragal.cz\/index.php\/wp-json\/wp\/v2\/comments?post=9011"}],"version-history":[{"count":3,"href":"https:\/\/astragal.cz\/index.php\/wp-json\/wp\/v2\/pages\/9011\/revisions"}],"predecessor-version":[{"id":9021,"href":"https:\/\/astragal.cz\/index.php\/wp-json\/wp\/v2\/pages\/9011\/revisions\/9021"}],"wp:attachment":[{"href":"https:\/\/astragal.cz\/index.php\/wp-json\/wp\/v2\/media?parent=9011"}],"curies":[{"name":"wp","href":"https:\/\/api.w.org\/{rel}","templated":true}]}}